{"id":14987,"date":"2022-05-10T19:53:31","date_gmt":"2022-05-10T19:53:31","guid":{"rendered":"https:\/\/racenadequapro.wpengine.com\/que-hacemos\/"},"modified":"2023-06-04T00:18:31","modified_gmt":"2023-06-04T00:18:31","slug":"que-hacemos","status":"publish","type":"page","link":"https:\/\/raceandequality.org\/es\/que-hacemos\/","title":{"rendered":"Qu\u00e9 hacemos"},"content":{"rendered":"<div class=\"wpb-content-wrapper\"><p>[vc_row full_width=\u00bbstretch_row\u00bb enable_elevation_custom_background_color=\u00bbyes\u00bb el_class=\u00bbtext-only-block padding-vertical\u00bb][vc_column offset=\u00bbvc_col-lg-10 vc_col-md-11&#8243;][vc_column_text]<\/p>\n<h2>Qu\u00e9 hacemos<\/h2>\n<p>El Instituto Internacional sobre Raza, Igualdad y Derechos Humanos documenta y expone violaciones de derechos humanos y laborales relacionadas con la discriminaci\u00f3n racial o la discriminaci\u00f3n basada en la orientaci\u00f3n sexual y la identidad de g\u00e9nero; aboga por la reforma jur\u00eddica y pol\u00edtica a nivel nacional; utiliza el litigio estrat\u00e9gico a nivel regional e internacional; y hace participar a la comunidad internacional en cuestiones cr\u00edticas de derechos humanos, incluso en las Naciones Unidas y los \u00f3rganos regionales.[\/vc_column_text][\/vc_column][\/vc_row]<\/p>\n<\/div>","protected":false},"excerpt":{"rendered":"<p>[vc_row full_width=\u00bbstretch_row\u00bb enable_elevation_custom_background_color=\u00bbyes\u00bb el_class=\u00bbtext-only-block padding-vertical\u00bb][vc_column offset=\u00bbvc_col-lg-10 vc_col-md-11&#8243;][vc_column_text] Qu\u00e9 hacemos El Instituto Internacional sobre Raza, Igualdad y Derechos Humanos documenta y expone violaciones de derechos humanos y laborales relacionadas con la [&hellip;]<\/p>\n","protected":false},"author":2,"featured_media":0,"parent":0,"menu_order":0,"comment_status":"closed","ping_status":"closed","template":"page-templates\/no_padding.php","meta":{"_acf_changed":false,"_uf_show_specific_survey":0,"_uf_disable_surveys":false,"footnotes":""},"class_list":["post-14987","page","type-page","status-publish","hentry"],"acf":[],"aioseo_notices":[],"_links":{"self":[{"href":"https:\/\/raceandequality.org\/es\/wp-json\/wp\/v2\/pages\/14987","targetHints":{"allow":["GET"]}}],"collection":[{"href":"https:\/\/raceandequality.org\/es\/wp-json\/wp\/v2\/pages"}],"about":[{"href":"https:\/\/raceandequality.org\/es\/wp-json\/wp\/v2\/types\/page"}],"author":[{"embeddable":true,"href":"https:\/\/raceandequality.org\/es\/wp-json\/wp\/v2\/users\/2"}],"replies":[{"embeddable":true,"href":"https:\/\/raceandequality.org\/es\/wp-json\/wp\/v2\/comments?post=14987"}],"version-history":[{"count":0,"href":"https:\/\/raceandequality.org\/es\/wp-json\/wp\/v2\/pages\/14987\/revisions"}],"wp:attachment":[{"href":"https:\/\/raceandequality.org\/es\/wp-json\/wp\/v2\/media?parent=14987"}],"curies":[{"name":"wp","href":"https:\/\/api.w.org\/{rel}","templated":true}]}}

Qué hacemos

<div class="wpb-content-wrapper"><p>[vc_row full_width=»stretch_row» enable_elevation_custom_background_color=»yes» el_class=»text-only-block padding-vertical»][vc_column offset=»vc_col-lg-10 vc_col-md-11&#8243;][vc_column_text]</p>
<h2>Qué hacemos</h2>
<p>El Instituto Internacional sobre Raza, Igualdad y Derechos Humanos documenta y expone violaciones de derechos humanos y laborales relacionadas con la discriminación racial o la discriminación basada en la orientación sexual y la identidad de género; aboga por la reforma jurídica y política a nivel nacional; utiliza el litigio estratégico a nivel regional e internacional; y hace participar a la comunidad internacional en cuestiones críticas de derechos humanos, incluso en las Naciones Unidas y los órganos regionales.[/vc_column_text][/vc_column][/vc_row]</p>
</div>

<p>[vc_row full_width=»stretch_row» enable_elevation_custom_background_color=»yes» el_class=»text-only-block padding-vertical»][vc_column offset=»vc_col-lg-10 vc_col-md-11&#8243;][vc_column_text] Qué hacemos El Instituto Internacional sobre Raza, Igualdad y Derechos Humanos documenta y expone violaciones de derechos humanos y laborales relacionadas con la [&hellip;]</p>
