{"id":16587,"date":"2022-06-01T19:35:46","date_gmt":"2022-06-01T19:35:46","guid":{"rendered":"https:\/\/racenadequapro.wpengine.com\/?post_type=publication&#038;p=16587"},"modified":"2023-07-05T13:02:57","modified_gmt":"2023-07-05T13:02:57","slug":"pautas-para-la-determinacion-de-la-detencion-y-prision-por-motivos-politicos-aportes-desde-el-derecho-internacional-de-los-derechos-humanos","status":"publish","type":"publication","link":"https:\/\/raceandequality.org\/es\/publication\/pautas-para-la-determinacion-de-la-detencion-y-prision-por-motivos-politicos-aportes-desde-el-derecho-internacional-de-los-derechos-humanos\/","title":{"rendered":"Pautas para la determinaci\u00f3n de la detenci\u00f3n y prisi\u00f3n por motivos pol\u00edticos. Aportes desde el Derecho Internacional de los Derechos Humanos"},"content":{"rendered":"<p>Junio 2022<\/p>\n","protected":false},"excerpt":{"rendered":"<p>Junio 2022<\/p>\n","protected":false},"featured_media":16588,"template":"","publications_country":[1272,1278,1233,1282],"publications_topic":[1298,1243,1302,1292],"class_list":["post-16587","publication","type-publication","status-publish","has-post-thumbnail","hentry","publications_country-cuba-es","publications_country-nicaragua-es","publications_country-regional","publications_country-regional-es","publications_topic-analisis-legal","publications_topic-arbitrary-deprivation-of-liberty-for-political-reasons","publications_topic-personas-privadas-arbitrariamente-de-libertad-por-motivos-politicos","publications_topic-sistema-universal-de-derechos-humanos-de-la-onu"],"acf":[],"aioseo_notices":[],"_links":{"self":[{"href":"https:\/\/raceandequality.org\/es\/wp-json\/wp\/v2\/publication\/16587","targetHints":{"allow":["GET"]}}],"collection":[{"href":"https:\/\/raceandequality.org\/es\/wp-json\/wp\/v2\/publication"}],"about":[{"href":"https:\/\/raceandequality.org\/es\/wp-json\/wp\/v2\/types\/publication"}],"wp:featuredmedia":[{"embeddable":true,"href":"https:\/\/raceandequality.org\/es\/wp-json\/wp\/v2\/media\/16588"}],"wp:attachment":[{"href":"https:\/\/raceandequality.org\/es\/wp-json\/wp\/v2\/media?parent=16587"}],"wp:term":[{"taxonomy":"publications_country","embeddable":true,"href":"https:\/\/raceandequality.org\/es\/wp-json\/wp\/v2\/publications_country?post=16587"},{"taxonomy":"publications_topic","embeddable":true,"href":"https:\/\/raceandequality.org\/es\/wp-json\/wp\/v2\/publications_topic?post=16587"}],"curies":[{"name":"wp","href":"https:\/\/api.w.org\/{rel}","templated":true}]}}

Pautas para la determinación de la detención y prisión por motivos políticos. Aportes desde el Derecho Internacional de los Derechos Humanos
