{"id":16625,"date":"2021-06-01T13:21:39","date_gmt":"2021-06-01T13:21:39","guid":{"rendered":"https:\/\/racenadequapro.wpengine.com\/?post_type=publication&#038;p=16625"},"modified":"2024-02-06T15:38:16","modified_gmt":"2024-02-06T15:38:16","slug":"la-deuda-pendiente-con-la-poblacion-afro-lgbt-en-brasil-colombia-peru-y-republica-dominicana","status":"publish","type":"publication","link":"https:\/\/raceandequality.org\/es\/publication\/la-deuda-pendiente-con-la-poblacion-afro-lgbt-en-brasil-colombia-peru-y-republica-dominicana\/","title":{"rendered":"La deuda pendiente con la poblaci\u00f3n Afro-LGBT en Brasil, Colombia, Per\u00fa y Rep\u00fablica Dominicana"},"content":{"rendered":"<p>Junio 2021<\/p>\n","protected":false},"excerpt":{"rendered":"<p>Junio 2021<\/p>\n","protected":false},"featured_media":16626,"template":"","publications_country":[1268,1270,1280,1274],"publications_topic":[1284,1294,1286],"class_list":["post-16625","publication","type-publication","status-publish","has-post-thumbnail","hentry","publications_country-brasil-es","publications_country-colombia-es","publications_country-peru-es","publications_country-republica-dominicana-es","publications_topic-afrodescendiente","publications_topic-interseccionalidad","publications_topic-lgbti-es"],"acf":[],"aioseo_notices":[],"_links":{"self":[{"href":"https:\/\/raceandequality.org\/es\/wp-json\/wp\/v2\/publication\/16625","targetHints":{"allow":["GET"]}}],"collection":[{"href":"https:\/\/raceandequality.org\/es\/wp-json\/wp\/v2\/publication"}],"about":[{"href":"https:\/\/raceandequality.org\/es\/wp-json\/wp\/v2\/types\/publication"}],"wp:featuredmedia":[{"embeddable":true,"href":"https:\/\/raceandequality.org\/es\/wp-json\/wp\/v2\/media\/16626"}],"wp:attachment":[{"href":"https:\/\/raceandequality.org\/es\/wp-json\/wp\/v2\/media?parent=16625"}],"wp:term":[{"taxonomy":"publications_country","embeddable":true,"href":"https:\/\/raceandequality.org\/es\/wp-json\/wp\/v2\/publications_country?post=16625"},{"taxonomy":"publications_topic","embeddable":true,"href":"https:\/\/raceandequality.org\/es\/wp-json\/wp\/v2\/publications_topic?post=16625"}],"curies":[{"name":"wp","href":"https:\/\/api.w.org\/{rel}","templated":true}]}}

La deuda pendiente con la población Afro-LGBT en Brasil, Colombia, Perú y República Dominicana
