{"id":16685,"date":"2016-07-01T13:50:44","date_gmt":"2016-07-01T13:50:44","guid":{"rendered":"https:\/\/racenadequapro.wpengine.com\/?post_type=publication&#038;p=16685"},"modified":"2023-07-26T17:52:14","modified_gmt":"2023-07-26T17:52:14","slug":"convencion-interamericana-contra-el-racismo-la-discriminacion-racial-y-formas-conexas-de-intolerancia-analisis-de-los-elementos-normativos-para-motivar-e-impulsar-su-ratificacion-en-colombia","status":"publish","type":"publication","link":"https:\/\/raceandequality.org\/es\/publication\/convencion-interamericana-contra-el-racismo-la-discriminacion-racial-y-formas-conexas-de-intolerancia-analisis-de-los-elementos-normativos-para-motivar-e-impulsar-su-ratificacion-en-colombia\/","title":{"rendered":"Convenci\u00f3n Interamericana contra el Racismo, la Discriminaci\u00f3n Racial y Formas Conexas de Intolerancia: An\u00e1lisis de los elementos normativos para motivar e impulsar su ratificaci\u00f3n en Colombia"},"content":{"rendered":"<p>Julio 2016<\/p>\n","protected":false},"excerpt":{"rendered":"<p>Julio 2016<\/p>\n","protected":false},"featured_media":16686,"template":"","publications_country":[1270],"publications_topic":[1284,1290],"class_list":["post-16685","publication","type-publication","status-publish","has-post-thumbnail","hentry","publications_country-colombia-es","publications_topic-afrodescendiente","publications_topic-sistema-interamericano-de-ddhh"],"acf":[],"aioseo_notices":[],"_links":{"self":[{"href":"https:\/\/raceandequality.org\/es\/wp-json\/wp\/v2\/publication\/16685","targetHints":{"allow":["GET"]}}],"collection":[{"href":"https:\/\/raceandequality.org\/es\/wp-json\/wp\/v2\/publication"}],"about":[{"href":"https:\/\/raceandequality.org\/es\/wp-json\/wp\/v2\/types\/publication"}],"wp:featuredmedia":[{"embeddable":true,"href":"https:\/\/raceandequality.org\/es\/wp-json\/wp\/v2\/media\/16686"}],"wp:attachment":[{"href":"https:\/\/raceandequality.org\/es\/wp-json\/wp\/v2\/media?parent=16685"}],"wp:term":[{"taxonomy":"publications_country","embeddable":true,"href":"https:\/\/raceandequality.org\/es\/wp-json\/wp\/v2\/publications_country?post=16685"},{"taxonomy":"publications_topic","embeddable":true,"href":"https:\/\/raceandequality.org\/es\/wp-json\/wp\/v2\/publications_topic?post=16685"}],"curies":[{"name":"wp","href":"https:\/\/api.w.org\/{rel}","templated":true}]}}

Convención Interamericana contra el Racismo, la Discriminación Racial y Formas Conexas de Intolerancia: Análisis de los elementos normativos para motivar e impulsar su ratificación en Colombia
