{"id":16689,"date":"2017-07-01T02:54:14","date_gmt":"2017-07-01T02:54:14","guid":{"rendered":"https:\/\/racenadequapro.wpengine.com\/?post_type=publication&#038;p=16689"},"modified":"2023-07-26T17:50:57","modified_gmt":"2023-07-26T17:50:57","slug":"impacto-del-comite-de-las-naciones-unidas-para-la-eliminacion-de-la-discriminacion-racial-cerd","status":"publish","type":"publication","link":"https:\/\/raceandequality.org\/es\/publication\/impacto-del-comite-de-las-naciones-unidas-para-la-eliminacion-de-la-discriminacion-racial-cerd\/","title":{"rendered":"Impacto del Comit\u00e9 de las Naciones Unidas para la Eliminaci\u00f3n de la Discriminaci\u00f3n Racial (CERD)"},"content":{"rendered":"<p>Brasil, Colombia, Cuba, Rep\u00fablica Dominicana y Per\u00fa Informe del Instituto Internacional sobre Raza, Igualdad y Derechos Humanos<\/p>\n<p>Julio 2017<\/p>\n","protected":false},"excerpt":{"rendered":"<p>Brasil, Colombia, Cuba, Rep\u00fablica Dominicana y Per\u00fa Informe del Instituto Internacional sobre Raza, Igualdad y Derechos Humanos Julio 2017<\/p>\n","protected":false},"featured_media":16690,"template":"","publications_country":[1282],"publications_topic":[1284,1292],"class_list":["post-16689","publication","type-publication","status-publish","has-post-thumbnail","hentry","publications_country-regional-es","publications_topic-afrodescendiente","publications_topic-sistema-universal-de-derechos-humanos-de-la-onu"],"acf":[],"aioseo_notices":[],"_links":{"self":[{"href":"https:\/\/raceandequality.org\/es\/wp-json\/wp\/v2\/publication\/16689","targetHints":{"allow":["GET"]}}],"collection":[{"href":"https:\/\/raceandequality.org\/es\/wp-json\/wp\/v2\/publication"}],"about":[{"href":"https:\/\/raceandequality.org\/es\/wp-json\/wp\/v2\/types\/publication"}],"wp:featuredmedia":[{"embeddable":true,"href":"https:\/\/raceandequality.org\/es\/wp-json\/wp\/v2\/media\/16690"}],"wp:attachment":[{"href":"https:\/\/raceandequality.org\/es\/wp-json\/wp\/v2\/media?parent=16689"}],"wp:term":[{"taxonomy":"publications_country","embeddable":true,"href":"https:\/\/raceandequality.org\/es\/wp-json\/wp\/v2\/publications_country?post=16689"},{"taxonomy":"publications_topic","embeddable":true,"href":"https:\/\/raceandequality.org\/es\/wp-json\/wp\/v2\/publications_topic?post=16689"}],"curies":[{"name":"wp","href":"https:\/\/api.w.org\/{rel}","templated":true}]}}

Impacto del Comité de las Naciones Unidas para la Eliminación de la Discriminación Racial (CERD)

<p>Brasil, Colombia, Cuba, República Dominicana y Perú Informe del Instituto Internacional sobre Raza, Igualdad y Derechos Humanos</p>
<p>Julio 2017</p>

<p>Brasil, Colombia, Cuba, República Dominicana y Perú Informe del Instituto Internacional sobre Raza, Igualdad y Derechos Humanos Julio 2017</p>
