{"id":16693,"date":"2017-05-01T03:21:33","date_gmt":"2017-05-01T03:21:33","guid":{"rendered":"https:\/\/racenadequapro.wpengine.com\/?post_type=publication&#038;p=16693"},"modified":"2023-07-26T17:51:38","modified_gmt":"2023-07-26T17:51:38","slug":"primer-decenio-de-la-relatoria-sobre-los-derechos-de-las-personas-afrodescendientes-y-contra-la-discriminacion-racial","status":"publish","type":"publication","link":"https:\/\/raceandequality.org\/es\/publication\/primer-decenio-de-la-relatoria-sobre-los-derechos-de-las-personas-afrodescendientes-y-contra-la-discriminacion-racial\/","title":{"rendered":"Primer Decenio de la Relator\u00eda sobre los Derechos de las Personas Afrodescendientes y Contra la Discriminaci\u00f3n Racial"},"content":{"rendered":"<p>Comisi\u00f3n Interamericana de Derechos Humanos<\/p>\n<p>Mayo\u00a02017<\/p>\n","protected":false},"excerpt":{"rendered":"<p>Comisi\u00f3n Interamericana de Derechos Humanos Mayo\u00a02017<\/p>\n","protected":false},"featured_media":16694,"template":"","publications_country":[1282],"publications_topic":[1284,1290],"class_list":["post-16693","publication","type-publication","status-publish","has-post-thumbnail","hentry","publications_country-regional-es","publications_topic-afrodescendiente","publications_topic-sistema-interamericano-de-ddhh"],"acf":[],"aioseo_notices":[],"_links":{"self":[{"href":"https:\/\/raceandequality.org\/es\/wp-json\/wp\/v2\/publication\/16693","targetHints":{"allow":["GET"]}}],"collection":[{"href":"https:\/\/raceandequality.org\/es\/wp-json\/wp\/v2\/publication"}],"about":[{"href":"https:\/\/raceandequality.org\/es\/wp-json\/wp\/v2\/types\/publication"}],"wp:featuredmedia":[{"embeddable":true,"href":"https:\/\/raceandequality.org\/es\/wp-json\/wp\/v2\/media\/16694"}],"wp:attachment":[{"href":"https:\/\/raceandequality.org\/es\/wp-json\/wp\/v2\/media?parent=16693"}],"wp:term":[{"taxonomy":"publications_country","embeddable":true,"href":"https:\/\/raceandequality.org\/es\/wp-json\/wp\/v2\/publications_country?post=16693"},{"taxonomy":"publications_topic","embeddable":true,"href":"https:\/\/raceandequality.org\/es\/wp-json\/wp\/v2\/publications_topic?post=16693"}],"curies":[{"name":"wp","href":"https:\/\/api.w.org\/{rel}","templated":true}]}}

Primer Decenio de la Relatoría sobre los Derechos de las Personas Afrodescendientes y Contra la Discriminación Racial

<p>Comisión Interamericana de Derechos Humanos</p>
<p>Mayo 2017</p>

<p>Comisión Interamericana de Derechos Humanos Mayo 2017</p>
