{"id":17699,"date":"2023-10-25T13:39:10","date_gmt":"2023-10-25T13:39:10","guid":{"rendered":"https:\/\/raceandequality.org\/?post_type=publication&#038;p=17699"},"modified":"2023-10-25T13:39:10","modified_gmt":"2023-10-25T13:39:10","slug":"situacion-de-la-poblacion-afrovenezolana-en-contextos-migratorios-en-colombia-analisis-y-recomendaciones-para-la-aplicacion-del-enfoque-etnico-racial-e-interseccional-2","status":"publish","type":"publication","link":"https:\/\/raceandequality.org\/es\/publication\/situacion-de-la-poblacion-afrovenezolana-en-contextos-migratorios-en-colombia-analisis-y-recomendaciones-para-la-aplicacion-del-enfoque-etnico-racial-e-interseccional-2\/","title":{"rendered":"Situaci\u00f3n de la POBLACI\u00d3N AFROVENEZOLANA en contextos MIGRATORIOS en COLOMBIA An\u00e1lisis y recomendaciones para la aplicaci\u00f3n del enfoque \u00e9tnico-racial e interseccional"},"content":{"rendered":"","protected":false},"excerpt":{"rendered":"","protected":false},"featured_media":17700,"template":"","publications_country":[1270],"publications_topic":[1316],"class_list":["post-17699","publication","type-publication","status-publish","has-post-thumbnail","hentry","publications_country-colombia-es","publications_topic-poblacion-migrante"],"acf":[],"aioseo_notices":[],"_links":{"self":[{"href":"https:\/\/raceandequality.org\/es\/wp-json\/wp\/v2\/publication\/17699","targetHints":{"allow":["GET"]}}],"collection":[{"href":"https:\/\/raceandequality.org\/es\/wp-json\/wp\/v2\/publication"}],"about":[{"href":"https:\/\/raceandequality.org\/es\/wp-json\/wp\/v2\/types\/publication"}],"wp:featuredmedia":[{"embeddable":true,"href":"https:\/\/raceandequality.org\/es\/wp-json\/wp\/v2\/media\/17700"}],"wp:attachment":[{"href":"https:\/\/raceandequality.org\/es\/wp-json\/wp\/v2\/media?parent=17699"}],"wp:term":[{"taxonomy":"publications_country","embeddable":true,"href":"https:\/\/raceandequality.org\/es\/wp-json\/wp\/v2\/publications_country?post=17699"},{"taxonomy":"publications_topic","embeddable":true,"href":"https:\/\/raceandequality.org\/es\/wp-json\/wp\/v2\/publications_topic?post=17699"}],"curies":[{"name":"wp","href":"https:\/\/api.w.org\/{rel}","templated":true}]}}

Situación de la POBLACIÓN AFROVENEZOLANA en contextos MIGRATORIOS en COLOMBIA Análisis y recomendaciones para la aplicación del enfoque étnico-racial e interseccional
