{"id":20001,"date":"2025-08-05T20:34:01","date_gmt":"2025-08-05T20:34:01","guid":{"rendered":"https:\/\/raceandequality.org\/?post_type=publication&#038;p=20001"},"modified":"2025-08-05T20:41:40","modified_gmt":"2025-08-05T20:41:40","slug":"patrones-de-represion-y-persecucion-politica-en-nicaragua","status":"publish","type":"publication","link":"https:\/\/raceandequality.org\/es\/publication\/patrones-de-represion-y-persecucion-politica-en-nicaragua\/","title":{"rendered":"Patrones de represi\u00f3n y persecuci\u00f3n pol\u00edtica en Nicaragua: De la prisi\u00f3n a la libertad, tras la Operaci\u00f3n Guardabarranco"},"content":{"rendered":"<p>El objetivo de este informe es contribuir a lograr verdad, justicia, reparaci\u00f3n integral y solidaridad internacional para las personas arbitrariamente privadas de libertad por motivos pol\u00edticos, con especial consideraci\u00f3n hacia quienes actualmente se encuentran exiliadas y desnacionalizadas fuera de Nicaragua luego de haber sido desterradas forzadamente.<\/p>\n","protected":false},"excerpt":{"rendered":"<p>El objetivo de este informe es contribuir a lograr verdad, justicia, reparaci\u00f3n integral y solidaridad internacional para las personas arbitrariamente privadas de libertad por motivos pol\u00edticos, con especial consideraci\u00f3n hacia [&hellip;]<\/p>\n","protected":false},"featured_media":20002,"template":"","publications_country":[1278],"publications_topic":[1302],"class_list":["post-20001","publication","type-publication","status-publish","has-post-thumbnail","hentry","publications_country-nicaragua-es","publications_topic-personas-privadas-arbitrariamente-de-libertad-por-motivos-politicos"],"acf":[],"aioseo_notices":[],"_links":{"self":[{"href":"https:\/\/raceandequality.org\/es\/wp-json\/wp\/v2\/publication\/20001","targetHints":{"allow":["GET"]}}],"collection":[{"href":"https:\/\/raceandequality.org\/es\/wp-json\/wp\/v2\/publication"}],"about":[{"href":"https:\/\/raceandequality.org\/es\/wp-json\/wp\/v2\/types\/publication"}],"wp:featuredmedia":[{"embeddable":true,"href":"https:\/\/raceandequality.org\/es\/wp-json\/wp\/v2\/media\/20002"}],"wp:attachment":[{"href":"https:\/\/raceandequality.org\/es\/wp-json\/wp\/v2\/media?parent=20001"}],"wp:term":[{"taxonomy":"publications_country","embeddable":true,"href":"https:\/\/raceandequality.org\/es\/wp-json\/wp\/v2\/publications_country?post=20001"},{"taxonomy":"publications_topic","embeddable":true,"href":"https:\/\/raceandequality.org\/es\/wp-json\/wp\/v2\/publications_topic?post=20001"}],"curies":[{"name":"wp","href":"https:\/\/api.w.org\/{rel}","templated":true}]}}

Patrones de represión y persecución política en Nicaragua: De la prisión a la libertad, tras la Operación Guardabarranco

<p>El objetivo de este informe es contribuir a lograr verdad, justicia, reparación integral y solidaridad internacional para las personas arbitrariamente privadas de libertad por motivos políticos, con especial consideración hacia quienes actualmente se encuentran exiliadas y desnacionalizadas fuera de Nicaragua luego de haber sido desterradas forzadamente.</p>

<p>El objetivo de este informe es contribuir a lograr verdad, justicia, reparación integral y solidaridad internacional para las personas arbitrariamente privadas de libertad por motivos políticos, con especial consideración hacia [&hellip;]</p>
