{"id":11269,"date":"2016-03-23T17:44:47","date_gmt":"2016-03-23T17:44:47","guid":{"rendered":"http:\/\/race01.wp\/resources\/comision-etnica-para-la-paz-y-la-defensa-de-los-derechos-territoriales-visita-a-washington-d-c\/"},"modified":"2023-05-15T04:24:13","modified_gmt":"2023-05-15T04:24:13","slug":"comision-etnica-para-la-paz-y-la-defensa-de-los-derechos-territoriales-visita-a-washington-d-c","status":"publish","type":"resources","link":"https:\/\/raceandequality.org\/es\/resources\/comision-etnica-para-la-paz-y-la-defensa-de-los-derechos-territoriales-visita-a-washington-d-c\/","title":{"rendered":"Comisi\u00f3n \u00c9tnica para la Paz y la Defensa de los Derechos Territoriales Visita a Washington, D.C."},"content":{"rendered":"<p>Representantes de la reci\u00e9n formada Comisi\u00f3n \u00c9tnica para la Paz y la Defensa de los Derechos Territoriales de Colombia visitaron a Washington, D.C. este 18 y 19 de marzo, con el prop\u00f3sito de reunir con formuladores de pol\u00edticas, promotores de derechos humanos y medios de comunicaci\u00f3n, para promover la inclusi\u00f3n de los afrocolombianos e ind\u00edgenas en las negociaciones de paz en la Habana, Cuba y en la implementaci\u00f3n de los acuerdos. Previa a la llegada de los activistas en Washington, la formaci\u00f3n de la Comisi\u00f3n \u00c9tnica fue oficialmente anunciada el 7 de marzo en Bogot\u00e1, Colombia. Representa la uni\u00f3n de dos organizaciones coordinadoras, la Organizaci\u00f3n Nacional Ind\u00edgena de Colombia (ONIC) y el Consejo Nacional de Paz Afrocolombiano (CONPA), que juntas incorporan cientas de organizaciones de base en todo el territorio colombiano.<\/p>\n<p>Los l\u00edderes y lideresas se presentaron para informar al p\u00fablico sobre el proceso de paz y los grupos \u00e9tnicos de Colombia, y para dar a conocer la agenda de la Comisi\u00f3n en Washington, la Habana y Colombia.<\/p>\n<p>En representaci\u00f3n de la Organizaci\u00f3n Nacional Ind\u00edgena de Colombia, Arelis Uriana manifest\u00f3 que Estados Unidos, como otros pa\u00edses donantes a Colombia, debe demandar que el gobierno colombiano incluya las voces de las comunidades \u00e9tnicas en el proceso de paz. Uriana agreg\u00f3 que deben ser los ind\u00edgenas y afrocolombianos quienes gu\u00edan el proceso de implementaci\u00f3n de los acuerdos en su territorio, porque ellos mismos tienen el conocimiento necesario para crear una paz duradera. Uriana tambi\u00e9n subray\u00f3 la importancia de hacer escuchar las voces de las mujeres ind\u00edgenas y las afrocolombianas. \u201cSon las mujeres las que saben del dolor de la guerra\u201d, dijo Uriana.<\/p>\n<p>De parte de CONPA y el Proceso de Comunidades Negras, Carlos Rocero explic\u00f3 el tama\u00f1o del reto que enfrentan los afrocolombianos e ind\u00edgenas, y resalt\u00f3 que conjunto poseen el 38% del territorio de Colombia y representan 12.5% de la poblaci\u00f3n. Rocero destac\u00f3 que el n\u00famero de v\u00edctimas afrodescendientes e ind\u00edgenas pas\u00f3 de ser miles a ser millones de personas. Rocero not\u00f3 las inquietudes de la Comisi\u00f3n \u00c9tnica en cuanto al proceso de paz, manifestando su preocupaci\u00f3n por la falta de adecuados mecanismos formales para asegurar un enfoque diferencial para los afrocolombianos e ind\u00edgenas, as\u00ed como su preocupaci\u00f3n sobre el favorecimiento de v\u00edctimas individuales al detrimento de v\u00edctimas colectivas. Respeto a estas preocupaciones, recalc\u00f3 tres propuestas concretas de la Comisi\u00f3n: la inserci\u00f3n en los acuerdos de paz de principios de interpretaci\u00f3n e implementaci\u00f3n con un enfoque \u00e9tnico; notas concretas sobre la implementaci\u00f3n de los acuerdos; y la creaci\u00f3n de salvaguardas para proteger los ya establecidos derechos de los afrocolombianos e ind\u00edgenas.<\/p>\n<p>Marino C\u00f3rdoba, representante de CONPA y la Asociaci\u00f3n Nacional de Afrocolombianos Desplazados, habl\u00f3 de la amplia coalici\u00f3n de CONPA, una coordinaci\u00f3n de nueve redes nacionales que a su vez agrupan cientos de organizaciones de base, como una demostraci\u00f3n de la indiscutible legitimidad de la Comisi\u00f3n \u00c9tnica. C\u00f3rdoba detall\u00f3 el trabajo de incidencia de CONPA y la Comisi\u00f3n, incluyendo el mensaje que le dio personalmente al Presidente Juan Manuel Santos durante la \u00faltima visita del Presidente a Washington: que las comunidades \u00e9tnicas de Colombia tienen que ser invitadas a la Habana para hacer escuchar sus voces. Reiter\u00f3 el valor de buscar socios en la comunidad internacional y habl\u00f3 de las importantes alianzas establecidas en la promoci\u00f3n de la causa de la Comisi\u00f3n, incluyendo conversaciones fruct\u00edferas y colaboraciones con la Embajada Norteamericana en Colombia, la Agencia de los Estados Unidos para el Desarrollo Internacional (USAID), el Bloque de Congresistas Negros de Estados Unidos, el Enviado Especial a Colombia y la organizaci\u00f3n de desarrollo internacional ACDI-VOCA.<\/p>\n<p>Frente al complicado reto de conseguir una participaci\u00f3n efectiva en las negociaciones de paz, los miembros de la Comisi\u00f3n \u00c9tnica reiteraron la importancia de la solidaridad internacional con su lucha, y valoraron positivamente el progreso que hab\u00edan hecho en su visita a Washington. Prometieron, a regresar a Colombia, continuar con su lucha. \u201cSeguiremos hasta que estemos incluidos. No nos cansaremos\u201d, dijo C\u00f3rdoba.<\/p>\n<p>El Instituto Internacional sobre Raza, Igualdad y Derechos Humanos vigorosamente apoya al trabajo de la Comisi\u00f3n \u00c9tnica, y concurre plenamente con los recientes pronunciamientos del Comit\u00e9 para la Eliminaci\u00f3n de la Discriminaci\u00f3n Racial de la Naciones Unidas, que en sus observaciones finales del \u00faltimo examen del Estado de Colombia frente al Comit\u00e9 recomend\u00f3 al gobierno colombiano que garantice que los afrocolombianos e ind\u00edgenas sean consultados apropiadamente, y que se tomen en cuenta sus intereses leg\u00edtimos.<\/p>\n","protected":false},"excerpt":{"rendered":"<p>Representantes de la reci\u00e9n formada Comisi\u00f3n \u00c9tnica para la Paz y la Defensa de los Derechos Territoriales de Colombia visitaron a Washington, D.C. este 18 y 19 de marzo, con [&hellip;]<\/p>\n","protected":false},"author":15,"featured_media":8602,"parent":0,"menu_order":0,"template":"","format":"standard","categories":[1122],"resources_country":[1191],"resources_language":[],"resources_audience":[],"resources_format":[],"resources_topic":[],"resources_year":[],"class_list":["post-11269","resources","type-resources","status-publish","format-standard","has-post-thumbnail","hentry","category-colombia","resources_country-colombia-es"],"acf":[],"aioseo_notices":[],"_links":{"self":[{"href":"https:\/\/raceandequality.org\/es\/wp-json\/wp\/v2\/resources\/11269","targetHints":{"allow":["GET"]}}],"collection":[{"href":"https:\/\/raceandequality.org\/es\/wp-json\/wp\/v2\/resources"}],"about":[{"href":"https:\/\/raceandequality.org\/es\/wp-json\/wp\/v2\/types\/resources"}],"author":[{"embeddable":true,"href":"https:\/\/raceandequality.org\/es\/wp-json\/wp\/v2\/users\/15"}],"wp:featuredmedia":[{"embeddable":true,"href":"https:\/\/raceandequality.org\/es\/wp-json\/wp\/v2\/media\/8602"}],"wp:attachment":[{"href":"https:\/\/raceandequality.org\/es\/wp-json\/wp\/v2\/media?parent=11269"}],"wp:term":[{"taxonomy":"category","embeddable":true,"href":"https:\/\/raceandequality.org\/es\/wp-json\/wp\/v2\/categories?post=11269"},{"taxonomy":"resources_country","embeddable":true,"href":"https:\/\/raceandequality.org\/es\/wp-json\/wp\/v2\/resources_country?post=11269"},{"taxonomy":"resources_language","embeddable":true,"href":"https:\/\/raceandequality.org\/es\/wp-json\/wp\/v2\/resources_language?post=11269"},{"taxonomy":"resources_audience","embeddable":true,"href":"https:\/\/raceandequality.org\/es\/wp-json\/wp\/v2\/resources_audience?post=11269"},{"taxonomy":"resources_format","embeddable":true,"href":"https:\/\/raceandequality.org\/es\/wp-json\/wp\/v2\/resources_format?post=11269"},{"taxonomy":"resources_topic","embeddable":true,"href":"https:\/\/raceandequality.org\/es\/wp-json\/wp\/v2\/resources_topic?post=11269"},{"taxonomy":"resources_year","embeddable":true,"href":"https:\/\/raceandequality.org\/es\/wp-json\/wp\/v2\/resources_year?post=11269"}],"curies":[{"name":"wp","href":"https:\/\/api.w.org\/{rel}","templated":true}]}}

Comisión Étnica para la Paz y la Defensa de los Derechos Territoriales Visita a Washington, D.C.

<p>Representantes de la recién formada Comisión Étnica para la Paz y la Defensa de los Derechos Territoriales de Colombia visitaron a Washington, D.C. este 18 y 19 de marzo, con el propósito de reunir con formuladores de políticas, promotores de derechos humanos y medios de comunicación, para promover la inclusión de los afrocolombianos e indígenas en las negociaciones de paz en la Habana, Cuba y en la implementación de los acuerdos. Previa a la llegada de los activistas en Washington, la formación de la Comisión Étnica fue oficialmente anunciada el 7 de marzo en Bogotá, Colombia. Representa la unión de dos organizaciones coordinadoras, la Organización Nacional Indígena de Colombia (ONIC) y el Consejo Nacional de Paz Afrocolombiano (CONPA), que juntas incorporan cientas de organizaciones de base en todo el territorio colombiano.</p>
<p>Los líderes y lideresas se presentaron para informar al público sobre el proceso de paz y los grupos étnicos de Colombia, y para dar a conocer la agenda de la Comisión en Washington, la Habana y Colombia.</p>
<p>En representación de la Organización Nacional Indígena de Colombia, Arelis Uriana manifestó que Estados Unidos, como otros países donantes a Colombia, debe demandar que el gobierno colombiano incluya las voces de las comunidades étnicas en el proceso de paz. Uriana agregó que deben ser los indígenas y afrocolombianos quienes guían el proceso de implementación de los acuerdos en su territorio, porque ellos mismos tienen el conocimiento necesario para crear una paz duradera. Uriana también subrayó la importancia de hacer escuchar las voces de las mujeres indígenas y las afrocolombianas. “Son las mujeres las que saben del dolor de la guerra”, dijo Uriana.</p>
<p>De parte de CONPA y el Proceso de Comunidades Negras, Carlos Rocero explicó el tamaño del reto que enfrentan los afrocolombianos e indígenas, y resaltó que conjunto poseen el 38% del territorio de Colombia y representan 12.5% de la población. Rocero destacó que el número de víctimas afrodescendientes e indígenas pasó de ser miles a ser millones de personas. Rocero notó las inquietudes de la Comisión Étnica en cuanto al proceso de paz, manifestando su preocupación por la falta de adecuados mecanismos formales para asegurar un enfoque diferencial para los afrocolombianos e indígenas, así como su preocupación sobre el favorecimiento de víctimas individuales al detrimento de víctimas colectivas. Respeto a estas preocupaciones, recalcó tres propuestas concretas de la Comisión: la inserción en los acuerdos de paz de principios de interpretación e implementación con un enfoque étnico; notas concretas sobre la implementación de los acuerdos; y la creación de salvaguardas para proteger los ya establecidos derechos de los afrocolombianos e indígenas.</p>
<p>Marino Córdoba, representante de CONPA y la Asociación Nacional de Afrocolombianos Desplazados, habló de la amplia coalición de CONPA, una coordinación de nueve redes nacionales que a su vez agrupan cientos de organizaciones de base, como una demostración de la indiscutible legitimidad de la Comisión Étnica. Córdoba detalló el trabajo de incidencia de CONPA y la Comisión, incluyendo el mensaje que le dio personalmente al Presidente Juan Manuel Santos durante la última visita del Presidente a Washington: que las comunidades étnicas de Colombia tienen que ser invitadas a la Habana para hacer escuchar sus voces. Reiteró el valor de buscar socios en la comunidad internacional y habló de las importantes alianzas establecidas en la promoción de la causa de la Comisión, incluyendo conversaciones fructíferas y colaboraciones con la Embajada Norteamericana en Colombia, la Agencia de los Estados Unidos para el Desarrollo Internacional (USAID), el Bloque de Congresistas Negros de Estados Unidos, el Enviado Especial a Colombia y la organización de desarrollo internacional ACDI-VOCA.</p>
<p>Frente al complicado reto de conseguir una participación efectiva en las negociaciones de paz, los miembros de la Comisión Étnica reiteraron la importancia de la solidaridad internacional con su lucha, y valoraron positivamente el progreso que habían hecho en su visita a Washington. Prometieron, a regresar a Colombia, continuar con su lucha. “Seguiremos hasta que estemos incluidos. No nos cansaremos”, dijo Córdoba.</p>
<p>El Instituto Internacional sobre Raza, Igualdad y Derechos Humanos vigorosamente apoya al trabajo de la Comisión Étnica, y concurre plenamente con los recientes pronunciamientos del Comité para la Eliminación de la Discriminación Racial de la Naciones Unidas, que en sus observaciones finales del último examen del Estado de Colombia frente al Comité recomendó al gobierno colombiano que garantice que los afrocolombianos e indígenas sean consultados apropiadamente, y que se tomen en cuenta sus intereses legítimos.</p>

<p>Representantes de la recién formada Comisión Étnica para la Paz y la Defensa de los Derechos Territoriales de Colombia visitaron a Washington, D.C. este 18 y 19 de marzo, con [&hellip;]</p>
