{"id":11290,"date":"2016-06-14T14:42:33","date_gmt":"2016-06-14T14:42:33","guid":{"rendered":"http:\/\/race01.wp\/resources\/discurso-de-apertura-del-alto-comisionado-de-las-naciones-unidas-para-los-derechos-humanos\/"},"modified":"2023-05-10T11:41:17","modified_gmt":"2023-05-10T11:41:17","slug":"discurso-de-apertura-del-alto-comisionado-de-las-naciones-unidas-para-los-derechos-humanos","status":"publish","type":"resources","link":"https:\/\/raceandequality.org\/es\/resources\/discurso-de-apertura-del-alto-comisionado-de-las-naciones-unidas-para-los-derechos-humanos\/","title":{"rendered":"Discurso de apertura del Alto Comisionado de las Naciones Unidas para los Derechos Humanos"},"content":{"rendered":"<p><strong>Ginebra, Suiza. Junio 13, 2016<\/strong>. El Alto Comisionado de las Naciones Unidas para los Derechos Humanos, Zeid Ra&#8217;ad Al Hussein, dio esta ma\u00f1ana su discurso de apertura en el Consejo de Derechos Humanos. El Alto Comisionado, envi\u00f3 hoy un fuerte mensaje a la comunidad internacional, la cual afirma que ya no est\u00e1 actuando como una.<\/p>\n<p>\u00abCuando la <strong>Comisi\u00f3n Interamericana<\/strong> anuncia que tiene que recortar al cuarenta por ciento de su personal y cuando los Estados miembros buscan retirarse de ella y de la jurisdicci\u00f3n de la Corte Interamericana&#8230; \u00bfrealmente todav\u00eda existe una comunidad internacional? \u00bfCuando los hilos que forman esta comunidad est\u00e1n siendo deshilachados y el tapiz, que es nuestro mundo, se est\u00e1 deshaciendo? No ser\u00e1 que, m\u00e1s bien, existen varias comunidades fragmentadas por sus intereses que operan detr\u00e1s de una pantalla de lealtad a las leyes y las instituciones?\u00bb, pregunt\u00f3 el Alto Comisionado.<\/p>\n<p>Continu\u00f3 diciendo que el odio se est\u00e1 volviendo algo convencional en la actualidad y que las \u00abparedes -que atormentaban a las generaciones anteriores, y nunca han dado ninguna soluci\u00f3n sostenible a los problemas- est\u00e1n regresando\u00bb. Se refiri\u00f3, con preocupaci\u00f3n, a la reacci\u00f3n de ciertos pa\u00edses contra las libertades p\u00fablicas, la represi\u00f3n que enfrentan activistas de la sociedad civil y defensores de los derechos humanos y el hecho de que existe la tendencia a desmantelar cualquier instituci\u00f3n judicial que act\u00fae como control del poder ejecutivo.<\/p>\n<p>El Alto Comisionado sigui\u00f3 con su actualizaci\u00f3n esbozando algunas de las preocupaciones m\u00e1s apremiantes de derechos humanos en todo el mundo, centr\u00e1ndose en cada regi\u00f3n. Cuando mencion\u00f3 las Am\u00e9ricas, comenz\u00f3 por condenar \u00abcon la mayor fuerza posible los ataques indignantes por parte de extremistas violentos contra personas inocentes, elegidos al azar, o debido a sus supuestas creencias, opiniones, u orientaci\u00f3n sexual\u00bb.<\/p>\n<p>A continuaci\u00f3n, resalto que la <strong>Comisi\u00f3n Interamericana de Derechos Humanos<\/strong> es un importante aliado estrat\u00e9gico y una inspiraci\u00f3n para el sistema de las Naciones Unidas, tambi\u00e9n es un actor fundamental de protecci\u00f3n de los derechos humanos dentro de la regi\u00f3n. La crisis financiera que enfrenta es alarmante, por lo que pidi\u00f3 a los Estados Miembros de las Am\u00e9ricas, quienes de manera tan constructiva participan en el Consejo de Derechos Humanos, que tambi\u00e9n act\u00faen en defensa de su sistema regional a trav\u00e9s de contribuciones financieras regulares.<\/p>\n<p>En cuanto a la alta incidencia de la <strong>violencia armada y las muertes por armas de fuego<\/strong> en la regi\u00f3n, la Oficina del Alto Comisionado dice que las Am\u00e9ricas tiene la mayor tasa de homicidios intencionales del mundo. Muchos de estos cr\u00edmenes pueden ser vinculados a los grupos delictivos, los cuales tambi\u00e9n impulsan la corrupci\u00f3n del poder judicial y otras instituciones.<\/p>\n<p>Cuando se refiri\u00f3 a las situaciones por pa\u00eds en Latinoam\u00e9rica, el Alto Comisionado observ\u00f3 lo siguiente:<\/p>\n<ul>\n<li>En <strong>El Salvador<\/strong>, la violencia ha aumentado de manera constante y el a\u00f1o pasado se obtuvo, por mucho, la tasa de homicidios m\u00e1s alta del mundo, solo superada por pa\u00edses en guerra. La violencia generalizada ha obligado a miles de personas a emigrar, principalmente a los Estados Unidos, incluyendo a ni\u00f1os no acompa\u00f1ados que temen ser asesinados en el pa\u00eds si se niegan a formar parte de las bandas de delincuencia.<\/li>\n<\/ul>\n<ul>\n<li>En cuanto a la situaci\u00f3n en <strong>Venezuela<\/strong>, comparte las preocupaciones de la Organizaci\u00f3n de los Estados Americanos (OEA), as\u00ed como su convicci\u00f3n de que una soluci\u00f3n a la cr\u00edtica situaci\u00f3n actual no se puede imponer desde fuera, sino que debe provenir de los venezolanos.<\/li>\n<\/ul>\n<ul>\n<li>En <strong>Guatemala<\/strong>, celebra el inicio de un di\u00e1logo nacional sobre la reforma de la justicia en respuesta a las numerosas recomendaciones de su Oficina con respecto a la independencia judicial, el acceso a la justicia y el fortalecimiento institucional.<\/li>\n<li>Nota que<strong> Hait\u00ed <\/strong>todav\u00eda no tiene un presidente constitucional, y esta falta de estructuras estables de gobierno est\u00e1 impidiendo toda acci\u00f3n en cuestiones cruciales de derechos humanos. El destino de los haitianos y los descendientes de haitianos deportados de la Rep\u00fablica Dominicana es tambi\u00e9n motivo de su preocupaci\u00f3n.<\/li>\n<\/ul>\n<ul>\n<li>Dio la bienvenida a la hist\u00f3rica sentencia en <strong>Argentina<\/strong>, en relaci\u00f3n con la Operaci\u00f3n C\u00f3ndor. Catorce ex militares de Argentina y Uruguay fueron encontrados culpables de cr\u00edmenes y violaciones de los derechos humanos, incluida la tortura. Este fallo ser\u00e1 un punto de referencia en el tema de responsabilidad que podr\u00eda, por fin, dar un poco de paz a las familias de las innumerables v\u00edctimas.<\/li>\n<\/ul>\n<ul>\n<li>La mayor amenaza para los dividendos de la paz en <strong>Colombia<\/strong>, es el riesgo de que se genere violencia y violaciones a derechos humanos debido a las luchas por el control de las plantaciones de coca il\u00edcita y la miner\u00eda ilegal, tras la desmovilizaci\u00f3n.<\/li>\n<\/ul>\n<ul>\n<li>En los <strong>Estados Unidos de Am\u00e9rica<\/strong>, a pesar de que la legislaci\u00f3n federal sobre derechos civiles ha tenido un impacto positivo innegable, muchos afroamericanos sufren para lograr igualdad completa en sus derechos. Especialmente cuando son pobres, los afroamericanos son m\u00e1s propensos a estar expuestos a la violencia y la delincuencia, tienen menos probabilidades de lograr una buena educaci\u00f3n y tienen menos oportunidades de empleo, reciben menos cuidados de salud y se enfrentan a una interacci\u00f3n m\u00e1s violenta con la polic\u00eda. Existe una necesidad apremiante de crear medidas para abordar la discriminaci\u00f3n racial estructural en el pa\u00eds.<\/li>\n<\/ul>\n<ul>\n<li>La responsabilidad y la justicia deben ser defendidas en los casos de uso excesivo de la fuerza por los agentes policiales. Los resultados obtenidos por el <strong>Grupo de Trabajo sobre las personas afrodescendientes <\/strong>arrojan que las leyes de identificaci\u00f3n tienen efectos discriminatorios en las minor\u00edas.<\/li>\n<\/ul>\n<ul>\n<li>En cuanto a los temas resaltados bajo el marco del <strong>Decenio Internacional para los Afrodescendientes<\/strong>, nota que existe una muy baja representaci\u00f3n pol\u00edtica de los afrodescendientes en Am\u00e9rica Latina y el Caribe. Hay alrededor de 150 millones de afrodescendientes en la regi\u00f3n, lo que que asciende al 30 por ciento de la poblaci\u00f3n. Constituyen m\u00e1s de la mitad de la poblaci\u00f3n de <strong>Brasil <\/strong>y m\u00e1s de un diez por ciento de la poblaci\u00f3n de <strong>Cuba<\/strong>, pero su representaci\u00f3n en los altos niveles del gobierno, incluyendo gabinetes ministeriales, es mucho menor. La representaci\u00f3n es importante. Este d\u00e9ficit de representaci\u00f3n en la cima del poder afecta a toda la sociedad: los parlamentos, los lugares p\u00fablicos de trabajo y el sector privado, escuelas, tribunales de justicia, medios de comunicaci\u00f3n, todos ellos son lugares en los que las voces de los afrodescendientes se toman muy poco en cuenta. Las voces, las opciones, las experiencias y las caras de los afrodescendientes tienen que estar mejor reflejadas en el gobierno.<\/li>\n<\/ul>\n<p>Por \u00faltimo, el Alto Comisionado mencion\u00f3 la situaci\u00f3n de la aplicaci\u00f3n de la resoluci\u00f3n sobre el <strong>fortalecimiento de los \u00f3rganos de tratados<\/strong> como globalmente positiva. El sistema de tratados ha avanzado a pasos agigantados hacia una mayor eficiencia y eficacia, como lo demuestra el notable incremento en las revisiones de los Estados Partes, los ex\u00e1menes de las comunicaciones individuales y visitas de campo.<\/p>\n<p>Para concluir su discurso, sugiri\u00f3 algunas herramientas para hacer retroceder las fuerzas negativas y reactivar la capacidad de resistencia y la unidad de las sociedades de todo el mundo: la igualdad, la dignidad, la participaci\u00f3n y el respeto. \u00abEl conflicto se puede evitar, y la paz, la seguridad y el desarrollo se puede reforzar o reconstruir, ladrillo por ladrillo&#8230; A pesar de los acontecimientos terribles que he mencionado en esta discusi\u00f3n, creo firmemente que todav\u00eda no es demasiado tarde para actuar\u00bb, concluyo.<\/p>\n<p>La versi\u00f3n completa del discurso de apertura se encuentra <a href=\"https:\/\/raceandequality.org\/73\">aqui.<\/a><\/p>\n<p><em>Para obtener m\u00e1s informaci\u00f3n sobre el Consejo de Derechos Humanos, favor de contactar a nuestra asesora legal en Ginebra, Laia Evia, al correo: <a href=\"mailto:Evia@oldrace.wp\">Evia@oldrace.wp<\/a> y seguir nuestro Twitter @raceandequality.<\/em><\/p>\n","protected":false},"excerpt":{"rendered":"<p>Ginebra, Suiza. Junio 13, 2016. El Alto Comisionado de las Naciones Unidas para los Derechos Humanos, Zeid Ra&#8217;ad Al Hussein, dio esta ma\u00f1ana su discurso de apertura en el Consejo [&hellip;]<\/p>\n","protected":false},"author":15,"featured_media":8675,"parent":0,"menu_order":0,"template":"","format":"standard","categories":[1159],"resources_country":[],"resources_language":[],"resources_audience":[],"resources_format":[],"resources_topic":[1117],"resources_year":[],"class_list":["post-11290","resources","type-resources","status-publish","format-standard","has-post-thumbnail","hentry","category-onu","resources_topic-onu"],"acf":[],"aioseo_notices":[],"_links":{"self":[{"href":"https:\/\/raceandequality.org\/es\/wp-json\/wp\/v2\/resources\/11290","targetHints":{"allow":["GET"]}}],"collection":[{"href":"https:\/\/raceandequality.org\/es\/wp-json\/wp\/v2\/resources"}],"about":[{"href":"https:\/\/raceandequality.org\/es\/wp-json\/wp\/v2\/types\/resources"}],"author":[{"embeddable":true,"href":"https:\/\/raceandequality.org\/es\/wp-json\/wp\/v2\/users\/15"}],"wp:featuredmedia":[{"embeddable":true,"href":"https:\/\/raceandequality.org\/es\/wp-json\/wp\/v2\/media\/8675"}],"wp:attachment":[{"href":"https:\/\/raceandequality.org\/es\/wp-json\/wp\/v2\/media?parent=11290"}],"wp:term":[{"taxonomy":"category","embeddable":true,"href":"https:\/\/raceandequality.org\/es\/wp-json\/wp\/v2\/categories?post=11290"},{"taxonomy":"resources_country","embeddable":true,"href":"https:\/\/raceandequality.org\/es\/wp-json\/wp\/v2\/resources_country?post=11290"},{"taxonomy":"resources_language","embeddable":true,"href":"https:\/\/raceandequality.org\/es\/wp-json\/wp\/v2\/resources_language?post=11290"},{"taxonomy":"resources_audience","embeddable":true,"href":"https:\/\/raceandequality.org\/es\/wp-json\/wp\/v2\/resources_audience?post=11290"},{"taxonomy":"resources_format","embeddable":true,"href":"https:\/\/raceandequality.org\/es\/wp-json\/wp\/v2\/resources_format?post=11290"},{"taxonomy":"resources_topic","embeddable":true,"href":"https:\/\/raceandequality.org\/es\/wp-json\/wp\/v2\/resources_topic?post=11290"},{"taxonomy":"resources_year","embeddable":true,"href":"https:\/\/raceandequality.org\/es\/wp-json\/wp\/v2\/resources_year?post=11290"}],"curies":[{"name":"wp","href":"https:\/\/api.w.org\/{rel}","templated":true}]}}

<p><strong>Ginebra, Suiza. Junio 13, 2016</strong>. El Alto Comisionado de las Naciones Unidas para los Derechos Humanos, Zeid Ra&#8217;ad Al Hussein, dio esta mañana su discurso de apertura en el Consejo de Derechos Humanos. El Alto Comisionado, envió hoy un fuerte mensaje a la comunidad internacional, la cual afirma que ya no está actuando como una.</p>
<p>«Cuando la <strong>Comisión Interamericana</strong> anuncia que tiene que recortar al cuarenta por ciento de su personal y cuando los Estados miembros buscan retirarse de ella y de la jurisdicción de la Corte Interamericana&#8230; ¿realmente todavía existe una comunidad internacional? ¿Cuando los hilos que forman esta comunidad están siendo deshilachados y el tapiz, que es nuestro mundo, se está deshaciendo? No será que, más bien, existen varias comunidades fragmentadas por sus intereses que operan detrás de una pantalla de lealtad a las leyes y las instituciones?», preguntó el Alto Comisionado.</p>
<p>Continuó diciendo que el odio se está volviendo algo convencional en la actualidad y que las «paredes -que atormentaban a las generaciones anteriores, y nunca han dado ninguna solución sostenible a los problemas- están regresando». Se refirió, con preocupación, a la reacción de ciertos países contra las libertades públicas, la represión que enfrentan activistas de la sociedad civil y defensores de los derechos humanos y el hecho de que existe la tendencia a desmantelar cualquier institución judicial que actúe como control del poder ejecutivo.</p>
<p>El Alto Comisionado siguió con su actualización esbozando algunas de las preocupaciones más apremiantes de derechos humanos en todo el mundo, centrándose en cada región. Cuando mencionó las Américas, comenzó por condenar «con la mayor fuerza posible los ataques indignantes por parte de extremistas violentos contra personas inocentes, elegidos al azar, o debido a sus supuestas creencias, opiniones, u orientación sexual».</p>
<p>A continuación, resalto que la <strong>Comisión Interamericana de Derechos Humanos</strong> es un importante aliado estratégico y una inspiración para el sistema de las Naciones Unidas, también es un actor fundamental de protección de los derechos humanos dentro de la región. La crisis financiera que enfrenta es alarmante, por lo que pidió a los Estados Miembros de las Américas, quienes de manera tan constructiva participan en el Consejo de Derechos Humanos, que también actúen en defensa de su sistema regional a través de contribuciones financieras regulares.</p>
<p>En cuanto a la alta incidencia de la <strong>violencia armada y las muertes por armas de fuego</strong> en la región, la Oficina del Alto Comisionado dice que las Américas tiene la mayor tasa de homicidios intencionales del mundo. Muchos de estos crímenes pueden ser vinculados a los grupos delictivos, los cuales también impulsan la corrupción del poder judicial y otras instituciones.</p>
<p>Cuando se refirió a las situaciones por país en Latinoamérica, el Alto Comisionado observó lo siguiente:</p>
<ul>
<li>En <strong>El Salvador</strong>, la violencia ha aumentado de manera constante y el año pasado se obtuvo, por mucho, la tasa de homicidios más alta del mundo, solo superada por países en guerra. La violencia generalizada ha obligado a miles de personas a emigrar, principalmente a los Estados Unidos, incluyendo a niños no acompañados que temen ser asesinados en el país si se niegan a formar parte de las bandas de delincuencia.</li>
</ul>
<ul>
<li>En cuanto a la situación en <strong>Venezuela</strong>, comparte las preocupaciones de la Organización de los Estados Americanos (OEA), así como su convicción de que una solución a la crítica situación actual no se puede imponer desde fuera, sino que debe provenir de los venezolanos.</li>
</ul>
<ul>
<li>En <strong>Guatemala</strong>, celebra el inicio de un diálogo nacional sobre la reforma de la justicia en respuesta a las numerosas recomendaciones de su Oficina con respecto a la independencia judicial, el acceso a la justicia y el fortalecimiento institucional.</li>
<li>Nota que<strong> Haití </strong>todavía no tiene un presidente constitucional, y esta falta de estructuras estables de gobierno está impidiendo toda acción en cuestiones cruciales de derechos humanos. El destino de los haitianos y los descendientes de haitianos deportados de la República Dominicana es también motivo de su preocupación.</li>
</ul>
<ul>
<li>Dio la bienvenida a la histórica sentencia en <strong>Argentina</strong>, en relación con la Operación Cóndor. Catorce ex militares de Argentina y Uruguay fueron encontrados culpables de crímenes y violaciones de los derechos humanos, incluida la tortura. Este fallo será un punto de referencia en el tema de responsabilidad que podría, por fin, dar un poco de paz a las familias de las innumerables víctimas.</li>
</ul>
<ul>
<li>La mayor amenaza para los dividendos de la paz en <strong>Colombia</strong>, es el riesgo de que se genere violencia y violaciones a derechos humanos debido a las luchas por el control de las plantaciones de coca ilícita y la minería ilegal, tras la desmovilización.</li>
</ul>
<ul>
<li>En los <strong>Estados Unidos de América</strong>, a pesar de que la legislación federal sobre derechos civiles ha tenido un impacto positivo innegable, muchos afroamericanos sufren para lograr igualdad completa en sus derechos. Especialmente cuando son pobres, los afroamericanos son más propensos a estar expuestos a la violencia y la delincuencia, tienen menos probabilidades de lograr una buena educación y tienen menos oportunidades de empleo, reciben menos cuidados de salud y se enfrentan a una interacción más violenta con la policía. Existe una necesidad apremiante de crear medidas para abordar la discriminación racial estructural en el país.</li>
</ul>
<ul>
<li>La responsabilidad y la justicia deben ser defendidas en los casos de uso excesivo de la fuerza por los agentes policiales. Los resultados obtenidos por el <strong>Grupo de Trabajo sobre las personas afrodescendientes </strong>arrojan que las leyes de identificación tienen efectos discriminatorios en las minorías.</li>
</ul>
<ul>
<li>En cuanto a los temas resaltados bajo el marco del <strong>Decenio Internacional para los Afrodescendientes</strong>, nota que existe una muy baja representación política de los afrodescendientes en América Latina y el Caribe. Hay alrededor de 150 millones de afrodescendientes en la región, lo que que asciende al 30 por ciento de la población. Constituyen más de la mitad de la población de <strong>Brasil </strong>y más de un diez por ciento de la población de <strong>Cuba</strong>, pero su representación en los altos niveles del gobierno, incluyendo gabinetes ministeriales, es mucho menor. La representación es importante. Este déficit de representación en la cima del poder afecta a toda la sociedad: los parlamentos, los lugares públicos de trabajo y el sector privado, escuelas, tribunales de justicia, medios de comunicación, todos ellos son lugares en los que las voces de los afrodescendientes se toman muy poco en cuenta. Las voces, las opciones, las experiencias y las caras de los afrodescendientes tienen que estar mejor reflejadas en el gobierno.</li>
</ul>
<p>Por último, el Alto Comisionado mencionó la situación de la aplicación de la resolución sobre el <strong>fortalecimiento de los órganos de tratados</strong> como globalmente positiva. El sistema de tratados ha avanzado a pasos agigantados hacia una mayor eficiencia y eficacia, como lo demuestra el notable incremento en las revisiones de los Estados Partes, los exámenes de las comunicaciones individuales y visitas de campo.</p>
<p>Para concluir su discurso, sugirió algunas herramientas para hacer retroceder las fuerzas negativas y reactivar la capacidad de resistencia y la unidad de las sociedades de todo el mundo: la igualdad, la dignidad, la participación y el respeto. «El conflicto se puede evitar, y la paz, la seguridad y el desarrollo se puede reforzar o reconstruir, ladrillo por ladrillo&#8230; A pesar de los acontecimientos terribles que he mencionado en esta discusión, creo firmemente que todavía no es demasiado tarde para actuar», concluyo.</p>
<p>La versión completa del discurso de apertura se encuentra <a href="https://raceandequality.org/73">aqui.</a></p>
<p><em>Para obtener más información sobre el Consejo de Derechos Humanos, favor de contactar a nuestra asesora legal en Ginebra, Laia Evia, al correo: <a href="mailto:Evia@oldrace.wp">Evia@oldrace.wp</a> y seguir nuestro Twitter @raceandequality.</em></p>

<p>Ginebra, Suiza. Junio 13, 2016. El Alto Comisionado de las Naciones Unidas para los Derechos Humanos, Zeid Ra&#8217;ad Al Hussein, dio esta mañana su discurso de apertura en el Consejo [&hellip;]</p>
