{"id":11304,"date":"2016-07-28T19:03:22","date_gmt":"2016-07-28T19:03:22","guid":{"rendered":"http:\/\/race01.wp\/resources\/dejate-ver-dejate-contar-inclusion-de-la-variable-etnica-en-el-proximo-censo-nacional-de-poblacion-y-vivienda-de-peru-2017\/"},"modified":"2016-07-28T18:56:37","modified_gmt":"2016-07-28T18:56:37","slug":"dejate-ver-dejate-contar-inclusion-de-la-variable-etnica-en-el-proximo-censo-nacional-de-poblacion-y-vivienda-de-peru-2017","status":"publish","type":"resources","link":"https:\/\/raceandequality.org\/es\/resources\/dejate-ver-dejate-contar-inclusion-de-la-variable-etnica-en-el-proximo-censo-nacional-de-poblacion-y-vivienda-de-peru-2017\/","title":{"rendered":"D\u00e9jate ver. D\u00e9jate Contar!: Inclusi\u00f3n de la Variable \u00c9tnica en el Pr\u00f3ximo Censo Nacional de Poblaci\u00f3n y Vivienda de Per\u00fa  2017"},"content":{"rendered":"<p style=\"text-align: justify;\"><strong><em>El Instituto sobre Raza, Igualdad y Derechos Humanos<\/em><\/strong>, en coordinaci\u00f3n con el <em>Centro de Desarrollo de la Mujer Negra Peruana<\/em> &#8211; CEDEMUNEP &#8211; realizo dos talleres en Piura, al norte del Per\u00fa y en Ica, al sur del Pa\u00eds. Adem\u00e1s, se cont\u00f3 en ambos talleres con la participaci\u00f3n de representantes de la Defensor\u00eda del Pueblo Regional, el Instituto Nacional de Estad\u00edstica e Inform\u00e1tica (INEI), Consejeros, Gerencias de Educaci\u00f3n, Salud, Desarrollo Social, Alcaldes de comunidades Afrodescendientes y lideres AfroPeruanos. Es importante resaltar que los talleres contaron con el apoyo de los Gobiernos locales de Piura e Ica.<\/p>\n<p style=\"text-align: justify;\">Ambos \u00a0talleres ten\u00edan como objetivos sensibilizar a los representantes de gobierno local y representantes comunitarios sobre la importancia de la inclusi\u00f3n \u201cAfrodescendiente\u201d en el censo 2017; Promover el dialogo interinstitucional entre gobierno local y representantes comunitarios, as\u00ed como el rol de estas instancias en el censo 2017 y Generar alianzas estrat\u00e9gicas para la creaci\u00f3n de acciones dirigidas a sensibilizar a los AfroPeruanos de estas comunidades hacia participaci\u00f3n activa y adecuada, como a una autoidentificaci\u00f3n acorde a los conceptos utilizados en el censo 2017.<\/p>\n<p style=\"text-align: justify;\">Ambos eventos permitieron identificar la falencia de informaci\u00f3n y de promoci\u00f3n del censo 2017 en la poblaci\u00f3n AfroPeruana en estas comunidades, adem\u00e1s de la urgencia por campa\u00f1as de sensibilizaci\u00f3n dirigidas a la poblaci\u00f3n AfroPeruana para responder adecuadamente la pregunta de identificaci\u00f3n \u00e9tnica que contempla el censo 2017.<\/p>\n<p style=\"text-align: justify;\">Entre los principales acuerdos obtenidos en ambas reuniones:<\/p>\n<ul style=\"text-align: justify;\">\n<li style=\"text-align: justify;\">Representantes del Gobierno de Piura e Ica, confirmaron su compromiso con la poblaci\u00f3n AfroPeruana, y la importancia de generar acciones de cara al censo 2017. De parte del Gobierno de Piura, se cont\u00f3 con la participaci\u00f3n del Sr. Hernan Garcia Cabrera y se dialog\u00f3 con el Sr. Jose Luis Calle Sosa, y por parte del gobierno de Ica, con la participaci\u00f3n de Karim Polack Alejo.<\/li>\n<li>Igualmente, los participantes de ambos eventos, tanto representantes gubernamentales como comunitarios, acordaron la necesidad de trabajar conjuntamente para la creaci\u00f3n de herramientas, principalmente audiovisuales, de sensibilizaci\u00f3n a la poblaci\u00f3n AfroPeruana.<\/li>\n<li>El Sr. Pedro Periche Quereval\u00fa , Director Regional de Educaci\u00f3n Piura, ofreci\u00f3 su apoyo para la distribuci\u00f3n de informaci\u00f3n \u2013 materiales- en su regi\u00f3n.<\/li>\n<\/ul>\n<p style=\"text-align: justify;\">El Instituto sobre Raza, Igualdad y Derechos Humanos se complace en apoyar estas actividades y resaltamos nuestro objetivo de continuar incrementando la visibilidad del pueblo AfroPeruano en la preparaci\u00f3n y realizaci\u00f3n del censo 2017. Esperamos que el Censo 2017 permita obtener las herramientas necesarias para la creaci\u00f3n de pol\u00edticas p\u00fablicas dirigidas a la poblaci\u00f3n AfroPeruana.<\/p>\n<p style=\"text-align: justify;\">Para m\u00e1s informaci\u00f3n, puede visitar las notas period\u00edsticas en los siguientes enlaces:<\/p>\n<p style=\"text-align: justify;\"><a href=\"https:\/\/raceandequality.org\/79\">http:\/\/walac.pe\/analizaran-derechos-de-los-afroperuanos-en-la-region-piura\/<\/a><\/p>\n<p style=\"text-align: justify;\"><a href=\"https:\/\/raceandequality.org\/80\">http:\/\/rpp.pe\/peru\/piura\/piura-comunidad-afrodescendiente-busca-ser-incluida-en-censo-2017-noticia-980982<\/a><\/p>\n<p style=\"text-align: justify;\"><a href=\"https:\/\/raceandequality.org\/81\">http:\/\/www.regionpiura.gob.pe\/index.php?pag=17&amp;id=1554&amp;per=2016<\/a><\/p>\n","protected":false},"excerpt":{"rendered":"<p>El Instituto sobre Raza, Igualdad y Derechos Humanos, en coordinaci\u00f3n con el Centro de Desarrollo de la Mujer Negra Peruana &#8211; CEDEMUNEP &#8211; realizo dos talleres en Piura, al norte [&hellip;]<\/p>\n","protected":false},"author":15,"featured_media":8707,"parent":0,"menu_order":0,"template":"","format":"standard","categories":[1124],"resources_country":[1201],"resources_language":[],"resources_audience":[],"resources_format":[],"resources_topic":[],"resources_year":[],"class_list":["post-11304","resources","type-resources","status-publish","format-standard","has-post-thumbnail","hentry","category-peru","resources_country-peru-es"],"acf":[],"aioseo_notices":[],"_links":{"self":[{"href":"https:\/\/raceandequality.org\/es\/wp-json\/wp\/v2\/resources\/11304","targetHints":{"allow":["GET"]}}],"collection":[{"href":"https:\/\/raceandequality.org\/es\/wp-json\/wp\/v2\/resources"}],"about":[{"href":"https:\/\/raceandequality.org\/es\/wp-json\/wp\/v2\/types\/resources"}],"author":[{"embeddable":true,"href":"https:\/\/raceandequality.org\/es\/wp-json\/wp\/v2\/users\/15"}],"wp:featuredmedia":[{"embeddable":true,"href":"https:\/\/raceandequality.org\/es\/wp-json\/wp\/v2\/media\/8707"}],"wp:attachment":[{"href":"https:\/\/raceandequality.org\/es\/wp-json\/wp\/v2\/media?parent=11304"}],"wp:term":[{"taxonomy":"category","embeddable":true,"href":"https:\/\/raceandequality.org\/es\/wp-json\/wp\/v2\/categories?post=11304"},{"taxonomy":"resources_country","embeddable":true,"href":"https:\/\/raceandequality.org\/es\/wp-json\/wp\/v2\/resources_country?post=11304"},{"taxonomy":"resources_language","embeddable":true,"href":"https:\/\/raceandequality.org\/es\/wp-json\/wp\/v2\/resources_language?post=11304"},{"taxonomy":"resources_audience","embeddable":true,"href":"https:\/\/raceandequality.org\/es\/wp-json\/wp\/v2\/resources_audience?post=11304"},{"taxonomy":"resources_format","embeddable":true,"href":"https:\/\/raceandequality.org\/es\/wp-json\/wp\/v2\/resources_format?post=11304"},{"taxonomy":"resources_topic","embeddable":true,"href":"https:\/\/raceandequality.org\/es\/wp-json\/wp\/v2\/resources_topic?post=11304"},{"taxonomy":"resources_year","embeddable":true,"href":"https:\/\/raceandequality.org\/es\/wp-json\/wp\/v2\/resources_year?post=11304"}],"curies":[{"name":"wp","href":"https:\/\/api.w.org\/{rel}","templated":true}]}}

Déjate ver. Déjate Contar!: Inclusión de la Variable Étnica en el Próximo Censo Nacional de Población y Vivienda de Perú  2017

<p style="text-align: justify;"><strong><em>El Instituto sobre Raza, Igualdad y Derechos Humanos</em></strong>, en coordinación con el <em>Centro de Desarrollo de la Mujer Negra Peruana</em> &#8211; CEDEMUNEP &#8211; realizo dos talleres en Piura, al norte del Perú y en Ica, al sur del País. Además, se contó en ambos talleres con la participación de representantes de la Defensoría del Pueblo Regional, el Instituto Nacional de Estadística e Informática (INEI), Consejeros, Gerencias de Educación, Salud, Desarrollo Social, Alcaldes de comunidades Afrodescendientes y lideres AfroPeruanos. Es importante resaltar que los talleres contaron con el apoyo de los Gobiernos locales de Piura e Ica.</p>
<p style="text-align: justify;">Ambos  talleres tenían como objetivos sensibilizar a los representantes de gobierno local y representantes comunitarios sobre la importancia de la inclusión “Afrodescendiente” en el censo 2017; Promover el dialogo interinstitucional entre gobierno local y representantes comunitarios, así como el rol de estas instancias en el censo 2017 y Generar alianzas estratégicas para la creación de acciones dirigidas a sensibilizar a los AfroPeruanos de estas comunidades hacia participación activa y adecuada, como a una autoidentificación acorde a los conceptos utilizados en el censo 2017.</p>
<p style="text-align: justify;">Ambos eventos permitieron identificar la falencia de información y de promoción del censo 2017 en la población AfroPeruana en estas comunidades, además de la urgencia por campañas de sensibilización dirigidas a la población AfroPeruana para responder adecuadamente la pregunta de identificación étnica que contempla el censo 2017.</p>
<p style="text-align: justify;">Entre los principales acuerdos obtenidos en ambas reuniones:</p>
<ul style="text-align: justify;">
<li style="text-align: justify;">Representantes del Gobierno de Piura e Ica, confirmaron su compromiso con la población AfroPeruana, y la importancia de generar acciones de cara al censo 2017. De parte del Gobierno de Piura, se contó con la participación del Sr. Hernan Garcia Cabrera y se dialogó con el Sr. Jose Luis Calle Sosa, y por parte del gobierno de Ica, con la participación de Karim Polack Alejo.</li>
<li>Igualmente, los participantes de ambos eventos, tanto representantes gubernamentales como comunitarios, acordaron la necesidad de trabajar conjuntamente para la creación de herramientas, principalmente audiovisuales, de sensibilización a la población AfroPeruana.</li>
<li>El Sr. Pedro Periche Querevalú , Director Regional de Educación Piura, ofreció su apoyo para la distribución de información – materiales- en su región.</li>
</ul>
<p style="text-align: justify;">El Instituto sobre Raza, Igualdad y Derechos Humanos se complace en apoyar estas actividades y resaltamos nuestro objetivo de continuar incrementando la visibilidad del pueblo AfroPeruano en la preparación y realización del censo 2017. Esperamos que el Censo 2017 permita obtener las herramientas necesarias para la creación de políticas públicas dirigidas a la población AfroPeruana.</p>
<p style="text-align: justify;">Para más información, puede visitar las notas periodísticas en los siguientes enlaces:</p>
<p style="text-align: justify;"><a href="https://raceandequality.org/79">http://walac.pe/analizaran-derechos-de-los-afroperuanos-en-la-region-piura/</a></p>
<p style="text-align: justify;"><a href="https://raceandequality.org/80">http://rpp.pe/peru/piura/piura-comunidad-afrodescendiente-busca-ser-incluida-en-censo-2017-noticia-980982</a></p>
<p style="text-align: justify;"><a href="https://raceandequality.org/81">http://www.regionpiura.gob.pe/index.php?pag=17&amp;id=1554&amp;per=2016</a></p>

<p>El Instituto sobre Raza, Igualdad y Derechos Humanos, en coordinación con el Centro de Desarrollo de la Mujer Negra Peruana &#8211; CEDEMUNEP &#8211; realizo dos talleres en Piura, al norte [&hellip;]</p>
