{"id":11341,"date":"2016-11-02T22:12:03","date_gmt":"2016-11-02T22:12:03","guid":{"rendered":"http:\/\/race01.wp\/resources\/poblacion-afrocolombiana-desplazada-en-cali-se-reune-para-analizar-situacion-del-proceso-de-paz-en-colombia\/"},"modified":"2016-11-02T22:03:20","modified_gmt":"2016-11-02T22:03:20","slug":"poblacion-afrocolombiana-desplazada-en-cali-se-reune-para-analizar-situacion-del-proceso-de-paz-en-colombia","status":"publish","type":"resources","link":"https:\/\/raceandequality.org\/es\/resources\/poblacion-afrocolombiana-desplazada-en-cali-se-reune-para-analizar-situacion-del-proceso-de-paz-en-colombia\/","title":{"rendered":"Poblaci\u00f3n afrocolombiana desplazada en Cali se re\u00fane para analizar situaci\u00f3n del proceso de paz en Colombia."},"content":{"rendered":"<p style=\"text-align: justify;\"><strong>Bogot\u00e1, 1 de noviembre de 2016<\/strong>. La Asociaci\u00f3n Nacional de Afrocolombianos Desplazados (AFRODES), con el apoyo del Instituto sobre Raza, Igualdad y Derechos Humanos (IREHR), realiz\u00f3 el 28 de octubre de 2016 una reuni\u00f3n con un grupo de 50 participantes entre l\u00edderes, lideresas y miembros de las comunidades afrocolombianas en situaci\u00f3n de desplazamiento forzado en la ciudad de Cali. El evento se denomin\u00f3 <em>Taller\/Conversatorio Afrocolombianos Desplazados en Cali Frente a Actual Situaci\u00f3n del Proceso de Paz.<\/em> Tambi\u00e9n se cont\u00f3 con la participaci\u00f3n de representantes de la oficina de asesor\u00eda de paz de la Alcald\u00eda de Cali. Pedro L. Cort\u00e9s-Ruiz, representante y consultor para Colombia del IREHR lider\u00f3 la coordinaci\u00f3n del evento con el apoyo de Erlendy Cuero, vicepresidenta de AFRODES.<\/p>\n<p style=\"text-align: justify;\">El objetivo del evento estuvo orientado a propiciar un di\u00e1logo que contribuyera a que las organizaciones profundizaran sus reflexiones y an\u00e1lisis sobre la actual situaci\u00f3n del proceso de paz entre el gobierno colombiano y las FARC, as\u00ed como sobre las implicaciones de este escenario sobre la situaci\u00f3n de las comunidades afrocolombianas en situaci\u00f3n de desplazamiento forzado en la ciudad de Cali. Ante la gran incertidumbre sobre el proceso despu\u00e9s del resultado desfavorable del plebiscito para la implementaci\u00f3n inmediata de los Acuerdos, el evento reforz\u00f3 la apuesta de AFRODES para mantener una posici\u00f3n proactiva frente al mismo. Especialmente porque la inclusi\u00f3n del \u201ccap\u00edtulo \u00e9tnico\u201d en los Acuerdos, que fue el resultado de procesos de incidencia en los que AFRODES particip\u00f3 activamente, es un logro cuya validez debe mantenerse en cualquier modificaci\u00f3n que se le puedan hacer a los Acuerdos.<\/p>\n<p style=\"text-align: justify;\">El evento resulto muy productivo en por lo menos tres aspectos: (1) la profundizaci\u00f3n de las acciones pedag\u00f3gicas sobre los Acuerdos hacia miembros de la comunidad que no han tenido oportunidad de participar en espacios de socializaci\u00f3n sobre el proceso de paz; (2) la identificaci\u00f3n y an\u00e1lisis de contenidos y mecanismos propuestos por los Acuerdos que afectan de manera especial a las comunidades afrocolombianas en situaci\u00f3n de desplazamiento forzado en centros urbanos como el de la ciudad de Cali, y (3) la identificaci\u00f3n de prioridades de incidencia que deben adoptar las organizaciones de afrocolombianos desplazados en Cali para preparar su participaci\u00f3n en los procesos de implementaci\u00f3n de los Acuerdos una vez termine el proceso de \u201crenegociaci\u00f3n\u201d.<\/p>\n<p style=\"text-align: justify;\">En cuanto a la dimensi\u00f3n pedag\u00f3gica, debe destacarse que aunque se confirm\u00f3 el apoyo generalizado de las comunidades hacia la implementaci\u00f3n de los Acuerdos, y especialmente a la aplicaci\u00f3n del \u201ccap\u00edtulo \u00e9tnico\u201d, se hizo evidente que amplios sectores de la poblaci\u00f3n afrocolombiana en situaci\u00f3n de desplazamiento forzado no tienen un conocimiento adecuado de la estructura y los contenidos de los Acuerdo. Result\u00f3 muy valioso para el di\u00e1logo que se propici\u00f3 la participaci\u00f3n de j\u00f3venes que de manera espont\u00e1nea expresaron sus valoraciones cr\u00edticas frente al proceso de paz y algunos de los contenidos que hoy son objeto de amplia controversia nacional. Estas expresiones sugieren la necesidad de fortalecer aun m\u00e1s la participaci\u00f3n de ellos y ellas en todos los procesos de implementaci\u00f3n de los Acuerdos.<\/p>\n<p style=\"text-align: justify;\">En cuanto a los an\u00e1lisis colectivos del grupo sobre contenidos y mecanismos propuestos por los Acuerdos, el evento se concentr\u00f3 especialmente en el Acuerdo sobre Victimas (Sistema Integral de Verdad, Justicia, Reparaci\u00f3n y No Repetici\u00f3n). La raz\u00f3n de este \u00e9nfasis tiene que ver con que es este Acuerdo el que afecta en forma m\u00e1s directa la situaci\u00f3n de las v\u00edctimas afrocolombianas de desplazamiento forzado. Desafortunadamente, la carencia que tienen los Acuerdos de un enfoque diferencial \u00e9tnico adecuado (con la excepci\u00f3n del cap\u00edtulo \u00e9tnico) precisamente se ve reflejado en la invisibilidad que tiene este subgrupo poblacional que representa el grupo mayoritario en el universo de v\u00edctimas. Al revisar y discutir cada uno de los elementos de este Acuerdo, el grupo pudo avanzar en identificar los aspectos que son cr\u00edticos para que la implementaci\u00f3n de este Acuerdo realmente garantice la restituci\u00f3n de sus derechos.<\/p>\n<p style=\"text-align: justify;\">Finalmente, el evento permiti\u00f3 que el grupo tambi\u00e9n pudiera avanzar en identificar prioridades de incidencia en la perspectiva de su participaci\u00f3n en los procesos de implementaci\u00f3n de los Acuerdos. En este sentido, result\u00f3 muy positiva la participaci\u00f3n de representantes de la Alcald\u00eda de Cali quienes coincidieron en el papel protag\u00f3nico que deben tener las organizaciones en esos procesos. Por su parte, participantes del evento ofrecieron an\u00e1lisis que precisamente identifican caracter\u00edsticas muy particulares de la realidad de las comunidades afrocolombianas en situaci\u00f3n de desplazamiento forzado en Cali, que hasta ahora no se han incorporado en las discusiones p\u00fablicas sobre el proceso de paz y los Acuerdos.<\/p>\n<p style=\"text-align: justify;\">En su balance del evento, el IREDH confirma la necesidad de seguir fortaleciendo los espacios de encuentro y an\u00e1lisis colectivo de las comunidades m\u00e1s afectadas por el conflicto armado. Al pensar en lo que podr\u00e1 ser la posible implementaci\u00f3n de los Acuerdos, creemos que el fortalecimiento de las capacidades para la participaci\u00f3n de las comunidades es condici\u00f3n necesaria para que el fortalecimiento de las instituciones del Estado realmente lleve a la garant\u00eda de los derechos humanos en la sociedad colombiana.<\/p>\n<p style=\"text-align: justify;\">Para cualquier informaci\u00f3n adicional, contactar a:<\/p>\n<p style=\"text-align: justify;\"><strong>Pedro L. Cortes-Ruiz<\/strong><\/p>\n<p style=\"text-align: justify;\">Representante\/Consultor para Colombia<\/p>\n<p style=\"text-align: justify;\">Instituto sobre Raza, Igualdad y Derechos Humanos<\/p>\n<p style=\"text-align: justify;\"><a href=\"mailto:Cortes@oldrace.wp\">Cortes@oldrace.wp\u00a0<\/a><\/p>\n","protected":false},"excerpt":{"rendered":"<p>Bogot\u00e1, 1 de noviembre de 2016. La Asociaci\u00f3n Nacional de Afrocolombianos Desplazados (AFRODES), con el apoyo del Instituto sobre Raza, Igualdad y Derechos Humanos (IREHR), realiz\u00f3 el 28 de octubre [&hellip;]<\/p>\n","protected":false},"author":15,"featured_media":8762,"parent":0,"menu_order":0,"template":"","format":"standard","categories":[1122],"resources_country":[1191],"resources_language":[],"resources_audience":[],"resources_format":[],"resources_topic":[],"resources_year":[],"class_list":["post-11341","resources","type-resources","status-publish","format-standard","has-post-thumbnail","hentry","category-colombia","resources_country-colombia-es"],"acf":[],"aioseo_notices":[],"_links":{"self":[{"href":"https:\/\/raceandequality.org\/es\/wp-json\/wp\/v2\/resources\/11341","targetHints":{"allow":["GET"]}}],"collection":[{"href":"https:\/\/raceandequality.org\/es\/wp-json\/wp\/v2\/resources"}],"about":[{"href":"https:\/\/raceandequality.org\/es\/wp-json\/wp\/v2\/types\/resources"}],"author":[{"embeddable":true,"href":"https:\/\/raceandequality.org\/es\/wp-json\/wp\/v2\/users\/15"}],"wp:featuredmedia":[{"embeddable":true,"href":"https:\/\/raceandequality.org\/es\/wp-json\/wp\/v2\/media\/8762"}],"wp:attachment":[{"href":"https:\/\/raceandequality.org\/es\/wp-json\/wp\/v2\/media?parent=11341"}],"wp:term":[{"taxonomy":"category","embeddable":true,"href":"https:\/\/raceandequality.org\/es\/wp-json\/wp\/v2\/categories?post=11341"},{"taxonomy":"resources_country","embeddable":true,"href":"https:\/\/raceandequality.org\/es\/wp-json\/wp\/v2\/resources_country?post=11341"},{"taxonomy":"resources_language","embeddable":true,"href":"https:\/\/raceandequality.org\/es\/wp-json\/wp\/v2\/resources_language?post=11341"},{"taxonomy":"resources_audience","embeddable":true,"href":"https:\/\/raceandequality.org\/es\/wp-json\/wp\/v2\/resources_audience?post=11341"},{"taxonomy":"resources_format","embeddable":true,"href":"https:\/\/raceandequality.org\/es\/wp-json\/wp\/v2\/resources_format?post=11341"},{"taxonomy":"resources_topic","embeddable":true,"href":"https:\/\/raceandequality.org\/es\/wp-json\/wp\/v2\/resources_topic?post=11341"},{"taxonomy":"resources_year","embeddable":true,"href":"https:\/\/raceandequality.org\/es\/wp-json\/wp\/v2\/resources_year?post=11341"}],"curies":[{"name":"wp","href":"https:\/\/api.w.org\/{rel}","templated":true}]}}

Población afrocolombiana desplazada en Cali se reúne para analizar situación del proceso de paz en Colombia.

<p style="text-align: justify;"><strong>Bogotá, 1 de noviembre de 2016</strong>. La Asociación Nacional de Afrocolombianos Desplazados (AFRODES), con el apoyo del Instituto sobre Raza, Igualdad y Derechos Humanos (IREHR), realizó el 28 de octubre de 2016 una reunión con un grupo de 50 participantes entre líderes, lideresas y miembros de las comunidades afrocolombianas en situación de desplazamiento forzado en la ciudad de Cali. El evento se denominó <em>Taller/Conversatorio Afrocolombianos Desplazados en Cali Frente a Actual Situación del Proceso de Paz.</em> También se contó con la participación de representantes de la oficina de asesoría de paz de la Alcaldía de Cali. Pedro L. Cortés-Ruiz, representante y consultor para Colombia del IREHR lideró la coordinación del evento con el apoyo de Erlendy Cuero, vicepresidenta de AFRODES.</p>
<p style="text-align: justify;">El objetivo del evento estuvo orientado a propiciar un diálogo que contribuyera a que las organizaciones profundizaran sus reflexiones y análisis sobre la actual situación del proceso de paz entre el gobierno colombiano y las FARC, así como sobre las implicaciones de este escenario sobre la situación de las comunidades afrocolombianas en situación de desplazamiento forzado en la ciudad de Cali. Ante la gran incertidumbre sobre el proceso después del resultado desfavorable del plebiscito para la implementación inmediata de los Acuerdos, el evento reforzó la apuesta de AFRODES para mantener una posición proactiva frente al mismo. Especialmente porque la inclusión del “capítulo étnico” en los Acuerdos, que fue el resultado de procesos de incidencia en los que AFRODES participó activamente, es un logro cuya validez debe mantenerse en cualquier modificación que se le puedan hacer a los Acuerdos.</p>
<p style="text-align: justify;">El evento resulto muy productivo en por lo menos tres aspectos: (1) la profundización de las acciones pedagógicas sobre los Acuerdos hacia miembros de la comunidad que no han tenido oportunidad de participar en espacios de socialización sobre el proceso de paz; (2) la identificación y análisis de contenidos y mecanismos propuestos por los Acuerdos que afectan de manera especial a las comunidades afrocolombianas en situación de desplazamiento forzado en centros urbanos como el de la ciudad de Cali, y (3) la identificación de prioridades de incidencia que deben adoptar las organizaciones de afrocolombianos desplazados en Cali para preparar su participación en los procesos de implementación de los Acuerdos una vez termine el proceso de “renegociación”.</p>
<p style="text-align: justify;">En cuanto a la dimensión pedagógica, debe destacarse que aunque se confirmó el apoyo generalizado de las comunidades hacia la implementación de los Acuerdos, y especialmente a la aplicación del “capítulo étnico”, se hizo evidente que amplios sectores de la población afrocolombiana en situación de desplazamiento forzado no tienen un conocimiento adecuado de la estructura y los contenidos de los Acuerdo. Resultó muy valioso para el diálogo que se propició la participación de jóvenes que de manera espontánea expresaron sus valoraciones críticas frente al proceso de paz y algunos de los contenidos que hoy son objeto de amplia controversia nacional. Estas expresiones sugieren la necesidad de fortalecer aun más la participación de ellos y ellas en todos los procesos de implementación de los Acuerdos.</p>
<p style="text-align: justify;">En cuanto a los análisis colectivos del grupo sobre contenidos y mecanismos propuestos por los Acuerdos, el evento se concentró especialmente en el Acuerdo sobre Victimas (Sistema Integral de Verdad, Justicia, Reparación y No Repetición). La razón de este énfasis tiene que ver con que es este Acuerdo el que afecta en forma más directa la situación de las víctimas afrocolombianas de desplazamiento forzado. Desafortunadamente, la carencia que tienen los Acuerdos de un enfoque diferencial étnico adecuado (con la excepción del capítulo étnico) precisamente se ve reflejado en la invisibilidad que tiene este subgrupo poblacional que representa el grupo mayoritario en el universo de víctimas. Al revisar y discutir cada uno de los elementos de este Acuerdo, el grupo pudo avanzar en identificar los aspectos que son críticos para que la implementación de este Acuerdo realmente garantice la restitución de sus derechos.</p>
<p style="text-align: justify;">Finalmente, el evento permitió que el grupo también pudiera avanzar en identificar prioridades de incidencia en la perspectiva de su participación en los procesos de implementación de los Acuerdos. En este sentido, resultó muy positiva la participación de representantes de la Alcaldía de Cali quienes coincidieron en el papel protagónico que deben tener las organizaciones en esos procesos. Por su parte, participantes del evento ofrecieron análisis que precisamente identifican características muy particulares de la realidad de las comunidades afrocolombianas en situación de desplazamiento forzado en Cali, que hasta ahora no se han incorporado en las discusiones públicas sobre el proceso de paz y los Acuerdos.</p>
<p style="text-align: justify;">En su balance del evento, el IREDH confirma la necesidad de seguir fortaleciendo los espacios de encuentro y análisis colectivo de las comunidades más afectadas por el conflicto armado. Al pensar en lo que podrá ser la posible implementación de los Acuerdos, creemos que el fortalecimiento de las capacidades para la participación de las comunidades es condición necesaria para que el fortalecimiento de las instituciones del Estado realmente lleve a la garantía de los derechos humanos en la sociedad colombiana.</p>
<p style="text-align: justify;">Para cualquier información adicional, contactar a:</p>
<p style="text-align: justify;"><strong>Pedro L. Cortes-Ruiz</strong></p>
<p style="text-align: justify;">Representante/Consultor para Colombia</p>
<p style="text-align: justify;">Instituto sobre Raza, Igualdad y Derechos Humanos</p>
<p style="text-align: justify;"><a href="mailto:Cortes@oldrace.wp">Cortes@oldrace.wp </a></p>

<p>Bogotá, 1 de noviembre de 2016. La Asociación Nacional de Afrocolombianos Desplazados (AFRODES), con el apoyo del Instituto sobre Raza, Igualdad y Derechos Humanos (IREHR), realizó el 28 de octubre [&hellip;]</p>
