{"id":11495,"date":"2018-05-17T17:11:29","date_gmt":"2018-05-17T17:11:29","guid":{"rendered":"http:\/\/race01.wp\/resources\/panel-sobre-opinion-consultiva-no-24-la-clave-de-la-no-discriminacion-es-la-igualdad-a-nadie-se-le-pueden-negar-sus-derechos-a-causa-diversidad-sexual\/"},"modified":"2023-04-29T18:54:07","modified_gmt":"2023-04-29T18:54:07","slug":"panel-sobre-opinion-consultiva-no-24-la-clave-de-la-no-discriminacion-es-la-igualdad-a-nadie-se-le-pueden-negar-sus-derechos-a-causa-diversidad-sexual","status":"publish","type":"resources","link":"https:\/\/raceandequality.org\/es\/resources\/panel-sobre-opinion-consultiva-no-24-la-clave-de-la-no-discriminacion-es-la-igualdad-a-nadie-se-le-pueden-negar-sus-derechos-a-causa-diversidad-sexual\/","title":{"rendered":"Panel sobre Opini\u00f3n Consultiva No. 24 &#8211; \u00abLa clave de la NO discriminaci\u00f3n es la igualdad, a nadie se le pueden negar sus derechos a causa diversidad sexual\u00bb"},"content":{"rendered":"<p>\u201cNo hay derecho m\u00e1s esencial que el derecho a la identidad y el derecho al libre desarrollo de la personalidad\u201d se\u00f1al\u00f3 la Relatora sobre los derechos de las personas LGBTI de la Comisi\u00f3n Interamericana de Derechos Humanos \u2013 CIDH, Fl\u00e1via Piovesan, durante el panel organizado por el Instituto sobre Raza, Igualdad y Derechos humanos el pasado 10 de Mayo en la ciudad de Santo Domingo \u2013 Rep\u00fablica Dominicana en el marco de la 168 Per\u00edodo de Sesiones de la CIDH.<\/p>\n<p>El espacio de di\u00e1logo que ten\u00eda por objetivo abordar las implicaciones jur\u00eddicas y pol\u00edticas de la opini\u00f3n consultiva No. 24 de la Corte Interamericana de Derechos Humanos t\u00edtulada \u201cIdentidad de G\u00e9nero, E Igualdad y No discriminaci\u00f3n a parejas del mismo sexo\u201d para los Estados miembros de la OEA, cont\u00f3 con la especial participaci\u00f3n de diferenes representantes de organizaciones sociales LGBT de la regi\u00f3n quienes sostuvieron una sincera conversaci\u00f3n con la relatora acerca de la situaci\u00f3n de derechos de las personas LGBT.\u00a0 Por su parte, Christian King Director de la organizaci\u00f3 \u201cTRANSSA\u201d (Trans Siempre Amigas) manifest\u00f3 que las personas trans no pueden disfrutar del desarrollo libre de su personalidad en la Rep\u00fablica Dominicana porque son v\u00edctimas de discriminaci\u00f3n, as\u00ed como tambi\u00e9n indic\u00f3 que considera que su pa\u00eds debe contar con leyes y pol\u00edticas p\u00fablicas que garanticen la igualdad \u00a0material de todas las personas, inclu\u00edda el reconocimiento legal de las diversas identidades de g\u00e9nero.\u00a0 Por su parte, Julio Jos\u00e9 Mart\u00ednez, l\u00edder del Movimiento de Hombres Trans y fundador del Colectivo de hombres Trans IMBERBE expres\u00f3: <em>\u201c<\/em><em>En la Rep\u00fablica Dominicana los hombres\u00a0trans son como\u00a0invisibles, no tienen forma de acceder a tratamientos\u00a0de reafirmaci\u00f3n de su identidad si no es porque de forma personal conocen o tienen acceso a tiendas de gimnasio donde bajo su propio riesgo se \u00abmedican\u00bb. El personal m\u00e9dico necesita ser capacitado en estos temas y saber de tratarnos, cuando he asistido a revisiones con ginec\u00f3logos a pesar de que pido que me llamen por mi nombre \u00abJulio Jos\u00e9\u00bb me indican que ese no es el nombre que sale en mi documento de identidad y me llaman por dicho nombre en plena sala de espera. Cuando esto sucede las miradas extra\u00f1as y acusativas que ya me llegaban se duplican, es muy humillante\u00bb<\/em>.\u00a0 En este sentido, la relatora Piovesan se\u00f1al\u00f3 que \u00abEl grupo m\u00e1s vulnerable de personas en nuestra sociedad tiene nombre propio: personas trans y especialmente mujeres trans\u00bb.<\/p>\n<p style=\"text-align: left;\">Por su parte, la consultora legal del Instituto sobre Raza, Igualdad y Derechos Humanos (Race and Equality) Mariel Ortega, expuso a la audiencia un an\u00e1lisis jur\u00eddico sobre la Opini\u00f3n Consultiva No. 24, llevada a cabo por la organizaci\u00f3n, que aborda aspectos relacionado con el reconocimiento legal de la Identidad de G\u00e9nero y la protecci\u00f3n igualitaria \u00a0de los derechos de parejas del mismo sexo. En dicho an\u00e1lisis destaca que los lineamientos para el reconocimiento legal de la identidad de g\u00e9nero contemplados en la OC-24 si bien fueron esbozados por el la Corte bajo su competencia consultiva, al haber emanado del \u00f3rgano int\u00e9rprete \u00faltimo de la Convenci\u00f3n Am\u00e9ricana (CADH), y acogi\u00e9ndose a la jurisprudencia constante en la materia de la Corte, \u00e9stos pasan a formar parte del corpus juris interamericano, y por lo tanto resultan de <strong><u>obligatorio y vinculante cumplimiento para todos los Estados parte de la Convenci\u00f3n<\/u><\/strong>, mediante el control de convencionalidad ex-officio que deben realizar sus oficiales p\u00fablicos. (Vea a continuaci\u00f3n infograma resumen de la Opini\u00f3n Consultiva No. 24).<\/p>\n<p style=\"text-align: center;\"><a href=\"https:\/\/raceandequality.org\/767\"><img decoding=\"async\" class=\"aligncenter size-large wp-image-3286 lazyload\" data-src=\"https:\/\/raceandequality.org\/wp-content\/uploads\/2023\/04\/ESPANOL_INFO_ANALISIS_JURIDICO_FINAL-02-663x1024.png\" alt=\"\" width=\"663\" height=\"1024\" src=\"data:image\/svg+xml;base64,PHN2ZyB3aWR0aD0iMSIgaGVpZ2h0PSIxIiB4bWxucz0iaHR0cDovL3d3dy53My5vcmcvMjAwMC9zdmciPjwvc3ZnPg==\" style=\"--smush-placeholder-width: 663px; --smush-placeholder-aspect-ratio: 663\/1024;\" \/><\/a><\/p>\n<p style=\"text-align: left;\">De acuerdo a lo anterior, la Comisionada Piovesan menciona que son muchos los desaf\u00edos que acarrea la implementaci\u00f3n de la Opini\u00f3n Consultiva No. 24, indicando que la formulaci\u00f3n de este mecanismo es apenas el comienzo de un proceso de trabajo diverso que implica el compromiso de todos los grupos sociales para una efectiva y real aprehensi\u00f3n de lo expuesto en el documento.\u00a0 En relaci\u00f3n a esto, se\u00f1ala que uno de los principales puntos de la agenda de la Relator\u00eda, para viabilizar y abonar camino a la implementaci\u00f3n de la opini\u00f3n consultiva, es el rechazo a la criminalizaci\u00f3n de la orientaci\u00f3n sexual no normativa, identidad de g\u00e9nero y expresiones. \u201cLa criminalizaci\u00f3n fomenta un ambiente de violaciones crueles, hostigamientos, hostilidades, \u00f3sea genera un espacio de violaci\u00f3n de derechos humanos\u201d expresa la Comisionada sobre los derechos de las personas LGBT.\u00a0 En adici\u00f3n, indica que el segundo punto de la agenda de la relator\u00eda es la promoci\u00f3n y protecci\u00f3n de los derechos de las personas LGBT en el que refiere que nadie puede ser inferior, nadie puede tener menos derechos en virtud de su diversidad sexual y que la La clave para la NO discriminaci\u00f3n es la igualdad \u201ca nadie se le pueden negar sus derechos a causa diversidad sexual\u201d.<\/p>\n<p>Finalmente, la relatora se comprometi\u00f3 p\u00fablicamente a trabajar para que los Estados incorporen dentro de sus pol\u00edticas lo referido en la opini\u00f3n consultiva, as\u00ed mismo manifest\u00f3 su completo respaldo a la comunidad LGBT para seguir luchando por el reconocimiento de la identidades, autonom\u00eda y libre desarrollo de la personalidad de cada persona.<\/p>\n","protected":false},"excerpt":{"rendered":"<p>\u201cNo hay derecho m\u00e1s esencial que el derecho a la identidad y el derecho al libre desarrollo de la personalidad\u201d se\u00f1al\u00f3 la Relatora sobre los derechos de las personas LGBTI [&hellip;]<\/p>\n","protected":false},"author":15,"featured_media":9032,"parent":0,"menu_order":0,"template":"","format":"standard","categories":[1138,1154,1126],"resources_country":[1195],"resources_language":[],"resources_audience":[],"resources_format":[],"resources_topic":[1106],"resources_year":[],"class_list":["post-11495","resources","type-resources","status-publish","format-standard","has-post-thumbnail","hentry","category-dominican-republic","category-espanol","category-oas","resources_country-republica-dominicana","resources_topic-oea-es"],"acf":[],"aioseo_notices":[],"_links":{"self":[{"href":"https:\/\/raceandequality.org\/es\/wp-json\/wp\/v2\/resources\/11495","targetHints":{"allow":["GET"]}}],"collection":[{"href":"https:\/\/raceandequality.org\/es\/wp-json\/wp\/v2\/resources"}],"about":[{"href":"https:\/\/raceandequality.org\/es\/wp-json\/wp\/v2\/types\/resources"}],"author":[{"embeddable":true,"href":"https:\/\/raceandequality.org\/es\/wp-json\/wp\/v2\/users\/15"}],"wp:featuredmedia":[{"embeddable":true,"href":"https:\/\/raceandequality.org\/es\/wp-json\/wp\/v2\/media\/9032"}],"wp:attachment":[{"href":"https:\/\/raceandequality.org\/es\/wp-json\/wp\/v2\/media?parent=11495"}],"wp:term":[{"taxonomy":"category","embeddable":true,"href":"https:\/\/raceandequality.org\/es\/wp-json\/wp\/v2\/categories?post=11495"},{"taxonomy":"resources_country","embeddable":true,"href":"https:\/\/raceandequality.org\/es\/wp-json\/wp\/v2\/resources_country?post=11495"},{"taxonomy":"resources_language","embeddable":true,"href":"https:\/\/raceandequality.org\/es\/wp-json\/wp\/v2\/resources_language?post=11495"},{"taxonomy":"resources_audience","embeddable":true,"href":"https:\/\/raceandequality.org\/es\/wp-json\/wp\/v2\/resources_audience?post=11495"},{"taxonomy":"resources_format","embeddable":true,"href":"https:\/\/raceandequality.org\/es\/wp-json\/wp\/v2\/resources_format?post=11495"},{"taxonomy":"resources_topic","embeddable":true,"href":"https:\/\/raceandequality.org\/es\/wp-json\/wp\/v2\/resources_topic?post=11495"},{"taxonomy":"resources_year","embeddable":true,"href":"https:\/\/raceandequality.org\/es\/wp-json\/wp\/v2\/resources_year?post=11495"}],"curies":[{"name":"wp","href":"https:\/\/api.w.org\/{rel}","templated":true}]}}

Panel sobre Opinión Consultiva No. 24 &#8211; «La clave de la NO discriminación es la igualdad, a nadie se le pueden negar sus derechos a causa diversidad sexual»

<p>“No hay derecho más esencial que el derecho a la identidad y el derecho al libre desarrollo de la personalidad” señaló la Relatora sobre los derechos de las personas LGBTI de la Comisión Interamericana de Derechos Humanos – CIDH, Flávia Piovesan, durante el panel organizado por el Instituto sobre Raza, Igualdad y Derechos humanos el pasado 10 de Mayo en la ciudad de Santo Domingo – República Dominicana en el marco de la 168 Período de Sesiones de la CIDH.</p>
<p>El espacio de diálogo que tenía por objetivo abordar las implicaciones jurídicas y políticas de la opinión consultiva No. 24 de la Corte Interamericana de Derechos Humanos títulada “Identidad de Género, E Igualdad y No discriminación a parejas del mismo sexo” para los Estados miembros de la OEA, contó con la especial participación de diferenes representantes de organizaciones sociales LGBT de la región quienes sostuvieron una sincera conversación con la relatora acerca de la situación de derechos de las personas LGBT.  Por su parte, Christian King Director de la organizació “TRANSSA” (Trans Siempre Amigas) manifestó que las personas trans no pueden disfrutar del desarrollo libre de su personalidad en la República Dominicana porque son víctimas de discriminación, así como también indicó que considera que su país debe contar con leyes y políticas públicas que garanticen la igualdad  material de todas las personas, incluída el reconocimiento legal de las diversas identidades de género.  Por su parte, Julio José Martínez, líder del Movimiento de Hombres Trans y fundador del Colectivo de hombres Trans IMBERBE expresó: <em>“</em><em>En la República Dominicana los hombres trans son como invisibles, no tienen forma de acceder a tratamientos de reafirmación de su identidad si no es porque de forma personal conocen o tienen acceso a tiendas de gimnasio donde bajo su propio riesgo se «medican». El personal médico necesita ser capacitado en estos temas y saber de tratarnos, cuando he asistido a revisiones con ginecólogos a pesar de que pido que me llamen por mi nombre «Julio José» me indican que ese no es el nombre que sale en mi documento de identidad y me llaman por dicho nombre en plena sala de espera. Cuando esto sucede las miradas extrañas y acusativas que ya me llegaban se duplican, es muy humillante»</em>.  En este sentido, la relatora Piovesan señaló que «El grupo más vulnerable de personas en nuestra sociedad tiene nombre propio: personas trans y especialmente mujeres trans».</p>
<p style="text-align: left;">Por su parte, la consultora legal del Instituto sobre Raza, Igualdad y Derechos Humanos (Race and Equality) Mariel Ortega, expuso a la audiencia un análisis jurídico sobre la Opinión Consultiva No. 24, llevada a cabo por la organización, que aborda aspectos relacionado con el reconocimiento legal de la Identidad de Género y la protección igualitaria  de los derechos de parejas del mismo sexo. En dicho análisis destaca que los lineamientos para el reconocimiento legal de la identidad de género contemplados en la OC-24 si bien fueron esbozados por el la Corte bajo su competencia consultiva, al haber emanado del órgano intérprete último de la Convención Américana (CADH), y acogiéndose a la jurisprudencia constante en la materia de la Corte, éstos pasan a formar parte del corpus juris interamericano, y por lo tanto resultan de <strong><u>obligatorio y vinculante cumplimiento para todos los Estados parte de la Convención</u></strong>, mediante el control de convencionalidad ex-officio que deben realizar sus oficiales públicos. (Vea a continuación infograma resumen de la Opinión Consultiva No. 24).</p>
<p style="text-align: center;"><a href="https://raceandequality.org/767"><img decoding="async" class="aligncenter size-large wp-image-3286 lazyload" data-src="https://raceandequality.org/wp-content/uploads/2023/04/ESPANOL_INFO_ANALISIS_JURIDICO_FINAL-02-663x1024.png" alt="" width="663" height="1024" src="data:image/svg+xml;base64,PHN2ZyB3aWR0aD0iMSIgaGVpZ2h0PSIxIiB4bWxucz0iaHR0cDovL3d3dy53My5vcmcvMjAwMC9zdmciPjwvc3ZnPg==" style="--smush-placeholder-width: 663px; --smush-placeholder-aspect-ratio: 663/1024;" /></a></p>
<p style="text-align: left;">De acuerdo a lo anterior, la Comisionada Piovesan menciona que son muchos los desafíos que acarrea la implementación de la Opinión Consultiva No. 24, indicando que la formulación de este mecanismo es apenas el comienzo de un proceso de trabajo diverso que implica el compromiso de todos los grupos sociales para una efectiva y real aprehensión de lo expuesto en el documento.  En relación a esto, señala que uno de los principales puntos de la agenda de la Relatoría, para viabilizar y abonar camino a la implementación de la opinión consultiva, es el rechazo a la criminalización de la orientación sexual no normativa, identidad de género y expresiones. “La criminalización fomenta un ambiente de violaciones crueles, hostigamientos, hostilidades, ósea genera un espacio de violación de derechos humanos” expresa la Comisionada sobre los derechos de las personas LGBT.  En adición, indica que el segundo punto de la agenda de la relatoría es la promoción y protección de los derechos de las personas LGBT en el que refiere que nadie puede ser inferior, nadie puede tener menos derechos en virtud de su diversidad sexual y que la La clave para la NO discriminación es la igualdad “a nadie se le pueden negar sus derechos a causa diversidad sexual”.</p>
<p>Finalmente, la relatora se comprometió públicamente a trabajar para que los Estados incorporen dentro de sus políticas lo referido en la opinión consultiva, así mismo manifestó su completo respaldo a la comunidad LGBT para seguir luchando por el reconocimiento de la identidades, autonomía y libre desarrollo de la personalidad de cada persona.</p>

<p>“No hay derecho más esencial que el derecho a la identidad y el derecho al libre desarrollo de la personalidad” señaló la Relatora sobre los derechos de las personas LGBTI [&hellip;]</p>
