{"id":11531,"date":"2018-07-25T22:22:50","date_gmt":"2018-07-25T22:22:50","guid":{"rendered":"http:\/\/race01.wp\/resources\/porque-nuestras-voces-sean-escuchadas-e-incluidas-hoy-conmemoramos-el-dia-internacional-de-la-mujer-afrolatina-afrocaribena-y-de-la-diaspora\/"},"modified":"2023-05-10T11:50:40","modified_gmt":"2023-05-10T11:50:40","slug":"porque-nuestras-voces-sean-escuchadas-e-incluidas-hoy-conmemoramos-el-dia-internacional-de-la-mujer-afrolatina-afrocaribena-y-de-la-diaspora","status":"publish","type":"resources","link":"https:\/\/raceandequality.org\/es\/resources\/porque-nuestras-voces-sean-escuchadas-e-incluidas-hoy-conmemoramos-el-dia-internacional-de-la-mujer-afrolatina-afrocaribena-y-de-la-diaspora\/","title":{"rendered":"\u00a1PORQUE NUESTRAS VOCES SEAN ESCUCHADAS E INCLU\u00cdDAS! Hoy conmemoramos el D\u00eda Internacional de la Mujer Afrolatina, afrocaribe\u00f1a y de la Di\u00e1spora."},"content":{"rendered":"<p>El 25 de Julio se conmemora el d\u00eda internacional de la Mujer Afrolatina y Afrocaribe\u00f1a, fecha instituida en 1992 despu\u00e9s de la reuni\u00f3n en Rep\u00fablica Dominicana de m\u00e1s de 400 mujeres de diversos pa\u00edses latinoamericanos para analizar las secuelas del racismo y sexismo en la regi\u00f3n; espacio que adem\u00e1s se propuso como forma de articular acciones conjuntas y recordar a las luchadoras hist\u00f3ricas.<\/p>\n<p>Durante este d\u00eda recordamos que la lucha por abatir los vej\u00e1menes de la discriminaci\u00f3n, la pobreza y la violencia est\u00e1 vigente, pues todav\u00eda los espacios de participaci\u00f3n son disputados debido a l\u00f3gicas racistas y discriminatorias, por ser mujer y ser afrodescendientes, que imperen en espacios colectivos.\u00a0 Las mujeres de la regi\u00f3n seguimos siendo v\u00edctimas de una guerra hostil empe\u00f1ada en condenar nuestras voces, nuestros cantos, en violentar nuestros cuerpos y arrebatar nuestros hijos.<\/p>\n<p>Es importante recordar que muchos han sido los esfuerzos de las organizaciones de mujeres afrodescendientes para lograr el reconocimiento y la participaci\u00f3n en espacios de toma de decisi\u00f3n, por esto, instamos a los todos los estados promover acciones afirmativas en favor de la inclusi\u00f3n de las voces de las mujeres afrolatinas, afrocaribe\u00f1as y de la di\u00e1spora, espacios que permitan la promoci\u00f3n de pol\u00edticas p\u00fablicas efectivas que garanticen los derechos y condenen severamente todo tipo de discriminaci\u00f3n \u00e9tnico-racial.<\/p>\n<p>Hoy nos levantamos en resistencia por las mujeres que sufren la guerra y desidia del en Nicaragua, por el hostigamiento y represi\u00f3n contra las mujeres en Colombia, especialmente aquellas que son perseguidas por liderar la vida en el territorio; nos levantamos por aquellas mujeres no reconocidas y discriminadas en Per\u00fa, por la violencia y hostigamiento contra las mujeres trans en Brasil; por las voces de las mujeres en Panam\u00e1; por el reconocimiento de los derechos de las mujeres en toda la regi\u00f3n; seguiremos luchando porque nuestras voces sean escuchadas, incluidas.<\/p>\n","protected":false},"excerpt":{"rendered":"<p>El 25 de Julio se conmemora el d\u00eda internacional de la Mujer Afrolatina y Afrocaribe\u00f1a, fecha instituida en 1992 despu\u00e9s de la reuni\u00f3n en Rep\u00fablica Dominicana de m\u00e1s de 400 [&hellip;]<\/p>\n","protected":false},"author":15,"featured_media":9089,"parent":0,"menu_order":0,"template":"","format":"standard","categories":[1160,1122,1123,1138,1154,1166,1169,1168,1124],"resources_country":[1189,1066,1191,1193,1197,1199,1205,1201,1195],"resources_language":[],"resources_audience":[],"resources_format":[],"resources_topic":[1091,1109],"resources_year":[],"class_list":["post-11531","resources","type-resources","status-publish","format-standard","has-post-thumbnail","hentry","category-brazil-es","category-colombia","category-cuba","category-dominican-republic","category-espanol","category-mexico","category-nicaragua","category-panama","category-peru","resources_country-brasil","resources_country-brazil","resources_country-colombia-es","resources_country-cuba-es","resources_country-mexico-es","resources_country-nicaragua-es","resources_country-panama-es","resources_country-peru-es","resources_country-republica-dominicana","resources_topic-afrodescendientes","resources_topic-raza-e-igualdad"],"acf":[],"aioseo_notices":[],"_links":{"self":[{"href":"https:\/\/raceandequality.org\/es\/wp-json\/wp\/v2\/resources\/11531","targetHints":{"allow":["GET"]}}],"collection":[{"href":"https:\/\/raceandequality.org\/es\/wp-json\/wp\/v2\/resources"}],"about":[{"href":"https:\/\/raceandequality.org\/es\/wp-json\/wp\/v2\/types\/resources"}],"author":[{"embeddable":true,"href":"https:\/\/raceandequality.org\/es\/wp-json\/wp\/v2\/users\/15"}],"wp:featuredmedia":[{"embeddable":true,"href":"https:\/\/raceandequality.org\/es\/wp-json\/wp\/v2\/media\/9089"}],"wp:attachment":[{"href":"https:\/\/raceandequality.org\/es\/wp-json\/wp\/v2\/media?parent=11531"}],"wp:term":[{"taxonomy":"category","embeddable":true,"href":"https:\/\/raceandequality.org\/es\/wp-json\/wp\/v2\/categories?post=11531"},{"taxonomy":"resources_country","embeddable":true,"href":"https:\/\/raceandequality.org\/es\/wp-json\/wp\/v2\/resources_country?post=11531"},{"taxonomy":"resources_language","embeddable":true,"href":"https:\/\/raceandequality.org\/es\/wp-json\/wp\/v2\/resources_language?post=11531"},{"taxonomy":"resources_audience","embeddable":true,"href":"https:\/\/raceandequality.org\/es\/wp-json\/wp\/v2\/resources_audience?post=11531"},{"taxonomy":"resources_format","embeddable":true,"href":"https:\/\/raceandequality.org\/es\/wp-json\/wp\/v2\/resources_format?post=11531"},{"taxonomy":"resources_topic","embeddable":true,"href":"https:\/\/raceandequality.org\/es\/wp-json\/wp\/v2\/resources_topic?post=11531"},{"taxonomy":"resources_year","embeddable":true,"href":"https:\/\/raceandequality.org\/es\/wp-json\/wp\/v2\/resources_year?post=11531"}],"curies":[{"name":"wp","href":"https:\/\/api.w.org\/{rel}","templated":true}]}}

¡PORQUE NUESTRAS VOCES SEAN ESCUCHADAS E INCLUÍDAS! Hoy conmemoramos el Día Internacional de la Mujer Afrolatina, afrocaribeña y de la Diáspora.

<p>El 25 de Julio se conmemora el día internacional de la Mujer Afrolatina y Afrocaribeña, fecha instituida en 1992 después de la reunión en República Dominicana de más de 400 mujeres de diversos países latinoamericanos para analizar las secuelas del racismo y sexismo en la región; espacio que además se propuso como forma de articular acciones conjuntas y recordar a las luchadoras históricas.</p>
<p>Durante este día recordamos que la lucha por abatir los vejámenes de la discriminación, la pobreza y la violencia está vigente, pues todavía los espacios de participación son disputados debido a lógicas racistas y discriminatorias, por ser mujer y ser afrodescendientes, que imperen en espacios colectivos.  Las mujeres de la región seguimos siendo víctimas de una guerra hostil empeñada en condenar nuestras voces, nuestros cantos, en violentar nuestros cuerpos y arrebatar nuestros hijos.</p>
<p>Es importante recordar que muchos han sido los esfuerzos de las organizaciones de mujeres afrodescendientes para lograr el reconocimiento y la participación en espacios de toma de decisión, por esto, instamos a los todos los estados promover acciones afirmativas en favor de la inclusión de las voces de las mujeres afrolatinas, afrocaribeñas y de la diáspora, espacios que permitan la promoción de políticas públicas efectivas que garanticen los derechos y condenen severamente todo tipo de discriminación étnico-racial.</p>
<p>Hoy nos levantamos en resistencia por las mujeres que sufren la guerra y desidia del en Nicaragua, por el hostigamiento y represión contra las mujeres en Colombia, especialmente aquellas que son perseguidas por liderar la vida en el territorio; nos levantamos por aquellas mujeres no reconocidas y discriminadas en Perú, por la violencia y hostigamiento contra las mujeres trans en Brasil; por las voces de las mujeres en Panamá; por el reconocimiento de los derechos de las mujeres en toda la región; seguiremos luchando porque nuestras voces sean escuchadas, incluidas.</p>

<p>El 25 de Julio se conmemora el día internacional de la Mujer Afrolatina y Afrocaribeña, fecha instituida en 1992 después de la reunión en República Dominicana de más de 400 [&hellip;]</p>
