{"id":11536,"date":"2018-09-20T18:56:59","date_gmt":"2018-09-20T18:56:59","guid":{"rendered":"http:\/\/race01.wp\/resources\/proceso-censal-2020-de-panama-y-la-participacion-de-su-poblacion-afrodescendiente-cepal-2\/"},"modified":"2023-05-10T11:53:06","modified_gmt":"2023-05-10T11:53:06","slug":"proceso-censal-2020-de-panama-y-la-participacion-de-su-poblacion-afrodescendiente-cepal-2","status":"publish","type":"resources","link":"https:\/\/raceandequality.org\/es\/resources\/proceso-censal-2020-de-panama-y-la-participacion-de-su-poblacion-afrodescendiente-cepal-2\/","title":{"rendered":"Proceso censal 2020 de Panam\u00e1 y la participaci\u00f3n de su poblaci\u00f3n Afrodescendiente, CEPAL"},"content":{"rendered":"<p>Washington, D.C., 25 de agosto de 2018. El Instituto sobre Raza, Igualdad y Derechos Humanos (Raza e Igualdad) en coordinaci\u00f3n con la SENADAP (Secretar\u00eda Nacional para el Desarrollo de los Afropaname\u00f1os) uni\u00f3 esfuerzos para garantizar la participaci\u00f3n de Fabiana Del Popolo, Coordinadora del \u00c1rea de Demograf\u00eda del CELADE (Centro Latinoamericano y Caribe\u00f1o de Demograf\u00eda) de la CEPAL (Comisi\u00f3n Econ\u00f3mica para Am\u00e9rica Latina y el Caribe) para continuar aportando al empoderamiento de los miembros de la Mesa T\u00e9cnica Afrodescendiente de Panam\u00e1.<\/p>\n<p>El 22 de agosto de 2018 en las instalaciones de las Naciones Unidas en la Ciudad del Saber, Cayton, se realiz\u00f3 una mesa de trabajo coordinada por la Sra. Urenna Best, Directora de SENADAP, donde tambi\u00e9n participaron como exponentes la Sra. Joyce Morris, de la Secci\u00f3n de Poblaci\u00f3n y Vivienda del (INEC) Instituto Nacional de Estad\u00edstica y Censo, y Elvia Duque, Oficial de Am\u00e9rica Latina de Raza e Igualdad. En dicho espacio, la Sra. Fabiana Del Popolo recalco como Am\u00e9rica Latina es la regi\u00f3n m\u00e1s desigual del mundo, siendo el factor \u00e9tnico\/racial uno de los elementos m\u00e1s predominante, y de estos los afrodescendientes los m\u00e1s vulnerados. As\u00ed mismo, inform\u00f3 sobre algunos antecedentes regionales estad\u00edsticos de la poblaci\u00f3n afrodescendiente, el papel de los diferentes tratados internacionales y la labor de incidencia de los activistas afrodescendientes para generar un aumento en la recopilaci\u00f3n de datos estad\u00edsticos desagregados por etnia\/raza. Tambi\u00e9n hizo un llamado a los presentes para hacer un mayor seguimiento a la rendici\u00f3n de cuentas del Estado Paname\u00f1o sobre su poblaci\u00f3n Afrodescendiente de cara al Decenio de los Afrodescendientes, el Consenso Montevideo (2013) y la Agenda 2030. Igualmente, durante esta mesa de trabajo tuvo la oportunidad de presentar un an\u00e1lisis desagregado y comparativo de las diferentes metodolog\u00edas y resultados post-censales sobre las poblaciones afrodescendientes e ind\u00edgenas en Am\u00e9rica Latina.<\/p>\n<p>Los miembros de la Mesa T\u00e9cnica Afrodescendiente participantes estuvieron atentos a las recomendaciones brindadas por la Sra. Fabiana Del Popolo quien analiz\u00f3 los casos presentados por la Mesa T\u00e9cnica como experiencias exitosas a seguir como son los Censos de Costa Rica, Colombia, Brasil y Venezuela. La experta expres\u00f3: \u00ab&#8230;No existe la pregunta perfecta\u2026\u00bb refiri\u00e9ndose a la construcci\u00f3n y vinculaci\u00f3n de la pregunta de auto-identificaci\u00f3n afrodescendiente, as\u00ed mismo, explic\u00f3 que estas experiencias corresponden a realidades distintas a la Afropaname\u00f1a, que igualmente presentan falencias que han venido super\u00e1ndose gracias al fuerte empoderamiento y participaci\u00f3n de la sociedad civil afrodescendiente durante todo el proceso censal y el acompa\u00f1amiento t\u00e9cnico de expertos en data.<\/p>\n<p>La experta Fabiana Del Popolo explic\u00f3 que experiencias como la del Censo 2010 de Panam\u00e1, deben de analizase como un todo, pues no solamente debe observarse el porcentaje poblacional sino la informaci\u00f3n sobre las brechas de desigualdad que estas arrojan, siendo estas las herramientas de incidencia para exigir por pol\u00edticas p\u00fabicas a favor de la poblaci\u00f3n afrodescendiente. En relaci\u00f3n a esto se\u00f1al\u00f3: \u00ab\u2026se debe de tener claro qu\u00e9 es lo que quiere medir un censo&#8230;diversidad o la desigualdad de un grupo poblacional en particular, entre otros aspectos\u2026.\u00bb<\/p>\n<p>Igualmente, la experta enfatiz\u00f3 sobre la necesidad de conocer sobre otras experiencias como la ind\u00edgena de Colombia y la poblaci\u00f3n afroperuana, quienes a pesar de ser grupos claramente minoritarios han generado estrategias que han logrado posesionar sus poblaciones.<\/p>\n<p>Por su parte, la Sra. Joyce Morris del INEC hizo un an\u00e1lisis de los antecedentes de la pregunta de auto-reconocimiento \u00e9tnico \/racial en Panam\u00e1. Tambi\u00e9n, present\u00f3 por primera vez el bosquejo de la pregunta y conceptos a incluirse en la encuesta de hogares del 26 de agosto del 2018, en la que se incluyen los cambios exigidos por la Mesa T\u00e9cnica.<\/p>\n<p>Por \u00faltimo, se concluy\u00f3 resaltando los avances actuales respecto al Censo 2020, destac\u00e1ndose la eliminaci\u00f3n de filtros a la pregunta de auto-identificaci\u00f3n afrodescendiente y la necesidad de que la Mesa T\u00e9cnica Afrodescendiente cuente con un debido acompa\u00f1amiento t\u00e9cnico permanente, a lo cual Raza e Igualdad desea contribuir con estrategias sostenibles que permitan apoyar el proceso pre-censal, censal y post-censal 2020.<\/p>\n<p>Igualmente, Fabiana del Popolo, particip\u00f3 como panelista principal el 23 de agosto en la Casa Amarrilla de la Presidencia, donde expuso al p\u00fablico conformado por activistas Afropaname\u00f1os, sobre experiencias censales en Am\u00e9rica Latina que han incluido la pregunta de auto-reconocimiento \u00e9tnico\/racial. As\u00ed mismo, recalc\u00f3 la importancia de contar con una Mesa T\u00e9cnica Afropaname\u00f1a por ser el primer paso para posesionar los planteamientos de la poblaci\u00f3n Afropaname\u00f1a con el INEC y dem\u00e1s entes claves del proceso censal 2020. En su presentaci\u00f3n tambi\u00e9n motiv\u00f3 al p\u00fablico para conocer m\u00e1s de la Mesa T\u00e9cnica y apoyar la labor que esta viene desempe\u00f1ando.<\/p>\n<p>Raza e Igualdad, por medio de Elvia Duque, inform\u00f3 en ambos eventos sobre el firme compromiso de acompa\u00f1amiento a la Mesa T\u00e9cnica Afrodescendiente en coordinaci\u00f3n con SENADAP, por ser el espacio id\u00f3neo de representaci\u00f3n de la poblaci\u00f3n Afropaname\u00f1a ante el INEC y otras instancias gubernamentales, sin embargo, resalta la necesidad de generar una hoja de ruta que permita focalizar sus objetivos y pasos a seguir, as\u00ed como tambi\u00e9n, el compromiso de la Mesa T\u00e9cnica para examinar a fondo los resultados Censo 2010 y las encuestas de hogares subsiguientes para hacer que el Censo 2020 pueda reflejar la realidad de la poblaci\u00f3n Afropaname\u00f1a.<\/p>\n","protected":false},"excerpt":{"rendered":"<p>Washington, D.C., 25 de agosto de 2018. El Instituto sobre Raza, Igualdad y Derechos Humanos (Raza e Igualdad) en coordinaci\u00f3n con la SENADAP (Secretar\u00eda Nacional para el Desarrollo de los [&hellip;]<\/p>\n","protected":false},"author":15,"featured_media":9111,"parent":0,"menu_order":0,"template":"","format":"standard","categories":[1154,1159,1168,1163,1140],"resources_country":[1205],"resources_language":[],"resources_audience":[],"resources_format":[],"resources_topic":[1091,1117,1109],"resources_year":[],"class_list":["post-11536","resources","type-resources","status-publish","format-standard","has-post-thumbnail","hentry","category-espanol","category-onu","category-panama","category-regional","category-united-nations","resources_country-panama-es","resources_topic-afrodescendientes","resources_topic-onu","resources_topic-raza-e-igualdad"],"acf":[],"aioseo_notices":[],"_links":{"self":[{"href":"https:\/\/raceandequality.org\/es\/wp-json\/wp\/v2\/resources\/11536","targetHints":{"allow":["GET"]}}],"collection":[{"href":"https:\/\/raceandequality.org\/es\/wp-json\/wp\/v2\/resources"}],"about":[{"href":"https:\/\/raceandequality.org\/es\/wp-json\/wp\/v2\/types\/resources"}],"author":[{"embeddable":true,"href":"https:\/\/raceandequality.org\/es\/wp-json\/wp\/v2\/users\/15"}],"wp:featuredmedia":[{"embeddable":true,"href":"https:\/\/raceandequality.org\/es\/wp-json\/wp\/v2\/media\/9111"}],"wp:attachment":[{"href":"https:\/\/raceandequality.org\/es\/wp-json\/wp\/v2\/media?parent=11536"}],"wp:term":[{"taxonomy":"category","embeddable":true,"href":"https:\/\/raceandequality.org\/es\/wp-json\/wp\/v2\/categories?post=11536"},{"taxonomy":"resources_country","embeddable":true,"href":"https:\/\/raceandequality.org\/es\/wp-json\/wp\/v2\/resources_country?post=11536"},{"taxonomy":"resources_language","embeddable":true,"href":"https:\/\/raceandequality.org\/es\/wp-json\/wp\/v2\/resources_language?post=11536"},{"taxonomy":"resources_audience","embeddable":true,"href":"https:\/\/raceandequality.org\/es\/wp-json\/wp\/v2\/resources_audience?post=11536"},{"taxonomy":"resources_format","embeddable":true,"href":"https:\/\/raceandequality.org\/es\/wp-json\/wp\/v2\/resources_format?post=11536"},{"taxonomy":"resources_topic","embeddable":true,"href":"https:\/\/raceandequality.org\/es\/wp-json\/wp\/v2\/resources_topic?post=11536"},{"taxonomy":"resources_year","embeddable":true,"href":"https:\/\/raceandequality.org\/es\/wp-json\/wp\/v2\/resources_year?post=11536"}],"curies":[{"name":"wp","href":"https:\/\/api.w.org\/{rel}","templated":true}]}}

Proceso censal 2020 de Panamá y la participación de su población Afrodescendiente, CEPAL

<p>Washington, D.C., 25 de agosto de 2018. El Instituto sobre Raza, Igualdad y Derechos Humanos (Raza e Igualdad) en coordinación con la SENADAP (Secretaría Nacional para el Desarrollo de los Afropanameños) unió esfuerzos para garantizar la participación de Fabiana Del Popolo, Coordinadora del Área de Demografía del CELADE (Centro Latinoamericano y Caribeño de Demografía) de la CEPAL (Comisión Económica para América Latina y el Caribe) para continuar aportando al empoderamiento de los miembros de la Mesa Técnica Afrodescendiente de Panamá.</p>
<p>El 22 de agosto de 2018 en las instalaciones de las Naciones Unidas en la Ciudad del Saber, Cayton, se realizó una mesa de trabajo coordinada por la Sra. Urenna Best, Directora de SENADAP, donde también participaron como exponentes la Sra. Joyce Morris, de la Sección de Población y Vivienda del (INEC) Instituto Nacional de Estadística y Censo, y Elvia Duque, Oficial de América Latina de Raza e Igualdad. En dicho espacio, la Sra. Fabiana Del Popolo recalco como América Latina es la región más desigual del mundo, siendo el factor étnico/racial uno de los elementos más predominante, y de estos los afrodescendientes los más vulnerados. Así mismo, informó sobre algunos antecedentes regionales estadísticos de la población afrodescendiente, el papel de los diferentes tratados internacionales y la labor de incidencia de los activistas afrodescendientes para generar un aumento en la recopilación de datos estadísticos desagregados por etnia/raza. También hizo un llamado a los presentes para hacer un mayor seguimiento a la rendición de cuentas del Estado Panameño sobre su población Afrodescendiente de cara al Decenio de los Afrodescendientes, el Consenso Montevideo (2013) y la Agenda 2030. Igualmente, durante esta mesa de trabajo tuvo la oportunidad de presentar un análisis desagregado y comparativo de las diferentes metodologías y resultados post-censales sobre las poblaciones afrodescendientes e indígenas en América Latina.</p>
<p>Los miembros de la Mesa Técnica Afrodescendiente participantes estuvieron atentos a las recomendaciones brindadas por la Sra. Fabiana Del Popolo quien analizó los casos presentados por la Mesa Técnica como experiencias exitosas a seguir como son los Censos de Costa Rica, Colombia, Brasil y Venezuela. La experta expresó: «&#8230;No existe la pregunta perfecta…» refiriéndose a la construcción y vinculación de la pregunta de auto-identificación afrodescendiente, así mismo, explicó que estas experiencias corresponden a realidades distintas a la Afropanameña, que igualmente presentan falencias que han venido superándose gracias al fuerte empoderamiento y participación de la sociedad civil afrodescendiente durante todo el proceso censal y el acompañamiento técnico de expertos en data.</p>
<p>La experta Fabiana Del Popolo explicó que experiencias como la del Censo 2010 de Panamá, deben de analizase como un todo, pues no solamente debe observarse el porcentaje poblacional sino la información sobre las brechas de desigualdad que estas arrojan, siendo estas las herramientas de incidencia para exigir por políticas púbicas a favor de la población afrodescendiente. En relación a esto señaló: «…se debe de tener claro qué es lo que quiere medir un censo&#8230;diversidad o la desigualdad de un grupo poblacional en particular, entre otros aspectos….»</p>
<p>Igualmente, la experta enfatizó sobre la necesidad de conocer sobre otras experiencias como la indígena de Colombia y la población afroperuana, quienes a pesar de ser grupos claramente minoritarios han generado estrategias que han logrado posesionar sus poblaciones.</p>
<p>Por su parte, la Sra. Joyce Morris del INEC hizo un análisis de los antecedentes de la pregunta de auto-reconocimiento étnico /racial en Panamá. También, presentó por primera vez el bosquejo de la pregunta y conceptos a incluirse en la encuesta de hogares del 26 de agosto del 2018, en la que se incluyen los cambios exigidos por la Mesa Técnica.</p>
<p>Por último, se concluyó resaltando los avances actuales respecto al Censo 2020, destacándose la eliminación de filtros a la pregunta de auto-identificación afrodescendiente y la necesidad de que la Mesa Técnica Afrodescendiente cuente con un debido acompañamiento técnico permanente, a lo cual Raza e Igualdad desea contribuir con estrategias sostenibles que permitan apoyar el proceso pre-censal, censal y post-censal 2020.</p>
<p>Igualmente, Fabiana del Popolo, participó como panelista principal el 23 de agosto en la Casa Amarrilla de la Presidencia, donde expuso al público conformado por activistas Afropanameños, sobre experiencias censales en América Latina que han incluido la pregunta de auto-reconocimiento étnico/racial. Así mismo, recalcó la importancia de contar con una Mesa Técnica Afropanameña por ser el primer paso para posesionar los planteamientos de la población Afropanameña con el INEC y demás entes claves del proceso censal 2020. En su presentación también motivó al público para conocer más de la Mesa Técnica y apoyar la labor que esta viene desempeñando.</p>
<p>Raza e Igualdad, por medio de Elvia Duque, informó en ambos eventos sobre el firme compromiso de acompañamiento a la Mesa Técnica Afrodescendiente en coordinación con SENADAP, por ser el espacio idóneo de representación de la población Afropanameña ante el INEC y otras instancias gubernamentales, sin embargo, resalta la necesidad de generar una hoja de ruta que permita focalizar sus objetivos y pasos a seguir, así como también, el compromiso de la Mesa Técnica para examinar a fondo los resultados Censo 2010 y las encuestas de hogares subsiguientes para hacer que el Censo 2020 pueda reflejar la realidad de la población Afropanameña.</p>

<p>Washington, D.C., 25 de agosto de 2018. El Instituto sobre Raza, Igualdad y Derechos Humanos (Raza e Igualdad) en coordinación con la SENADAP (Secretaría Nacional para el Desarrollo de los [&hellip;]</p>
