{"id":11649,"date":"2018-11-20T16:19:20","date_gmt":"2018-11-20T16:19:20","guid":{"rendered":"http:\/\/race01.wp\/resources\/defensores-de-derechos-humanos-expondran-en-ginebra-la-evolucion-de-la-crisis-en-nicaragua\/"},"modified":"2023-05-10T11:41:11","modified_gmt":"2023-05-10T11:41:11","slug":"defensores-de-derechos-humanos-expondran-en-ginebra-la-evolucion-de-la-crisis-en-nicaragua","status":"publish","type":"resources","link":"https:\/\/raceandequality.org\/es\/resources\/defensores-de-derechos-humanos-expondran-en-ginebra-la-evolucion-de-la-crisis-en-nicaragua\/","title":{"rendered":"Defensores de derechos humanos expondr\u00e1n en Ginebra la evoluci\u00f3n de la crisis en Nicaragua"},"content":{"rendered":"<p style=\"text-align: justify;\"><strong>Washington. D.C, noviembre 20, 2018<\/strong> &#8211; La crisis actual de derechos humanos en Nicaragua, \u00a0que inici\u00f3 \u00a0desde hace siete meses producto de la represi\u00f3n gubernamental a las protestas ciudadanas, ser\u00e1 expuesta en Ginebra el pr\u00f3ximo 28 de noviembre en el marco del conversatorio \u201cCrisis de derechos humanos en Nicaragua\u201dcon el objetivo de visibilizar sus consecuencias y permanencia, ahora con la prohibici\u00f3n de las manifestaciones c\u00edvicas y la judicializaci\u00f3n de cientos de protestantes, estudiantes y activistas que han sido apresados por participar en protestas y est\u00e1n siendo sometidos a juicios en los que se irrespetan \u00a0las garant\u00edas del debido proceso.<\/p>\n<p style=\"text-align: justify;\">En el conversatorio organizado por el Instituto Internacional sobre Raza, Igualdad y Derechos Humanos (Raza e Igualdad), participar\u00e1n defensores de derechos humanos nicarag\u00fcenses, quienes desde su experiencia durante la crisis relatar\u00e1n sus propias vivencias y los riesgos a los que se enfrentan ejerciendo su labor.<\/p>\n<p style=\"text-align: justify;\">Especial \u00e9nfasis tendr\u00e1 en el conversatorio la situaci\u00f3n de injusticia e indefensi\u00f3n a la que se enfrentan poblaciones tradicionalmente discriminadas como son las mujeres, pueblos ind\u00edgenas, afrodescendientes y comunidad LGBTI, quienes han sido reprimidos por defender la democracia y reclamar justicia y respeto a los derechos humanos.<\/p>\n<p style=\"text-align: justify;\">Tambi\u00e9n se referir\u00e1n a la situaci\u00f3n \u00a0que enfrentan \u00a0cientos de presos y presas pol\u00edticas, quienes han denunciado torturas y malos tratos en las c\u00e1rceles y centros de detenci\u00f3n. Seg\u00fan el Centro Nicarag\u00fcense de Derechos Humanos (CENIDH), de los 602 ciudadanos apresados hasta el 14 de noviembre por participar en las protestas, 563 son hombres y 50 mujeres, de las cuales 4 son mujeres transg\u00e9nero.<\/p>\n<p style=\"text-align: justify;\">La imagen de la \u201cnormalidad\u201d que intenta establecer el Gobierno nicarag\u00fcense tanto \u00a0a nivel nacional como internacional, contrasta diametralmente con la visi\u00f3n que proporcionar\u00e1n los defensores de derechos humanos respecto a que realmente, \u00a0en Nicaragua, \u201cnada est\u00e1 normal\u201d, pues las violaciones de derechos humanos por parte de las autoridades son sistem\u00e1ticas \u00a0y permanecen en la impunidad.<\/p>\n<p style=\"text-align: justify;\">Nicaragua ser\u00e1 evaluada por el Examen Peri\u00f3dico Universal en 2019. Dicha revisi\u00f3n ofrecer\u00e1 a defensores y defensoras de derechos humanos, organizaciones de la sociedad civil y a la comunidad internacional una importante oportunidad para incidir en resolver de forma pac\u00edfica, la crisis que hoy agobia a los y las nicaraguenses.<\/p>\n<p><img decoding=\"async\" class=\"aligncenter size-full wp-image-4559 lazyload\" data-src=\"https:\/\/raceandequality.org\/wp-content\/uploads\/2023\/04\/Captura-de-pantalla-2018-11-20-a-las-85144-pm.png\" alt=\"\" width=\"378\" height=\"596\" src=\"data:image\/svg+xml;base64,PHN2ZyB3aWR0aD0iMSIgaGVpZ2h0PSIxIiB4bWxucz0iaHR0cDovL3d3dy53My5vcmcvMjAwMC9zdmciPjwvc3ZnPg==\" style=\"--smush-placeholder-width: 378px; --smush-placeholder-aspect-ratio: 378\/596;\" \/><\/p>\n","protected":false},"excerpt":{"rendered":"<p>Washington. D.C, noviembre 20, 2018 &#8211; La crisis actual de derechos humanos en Nicaragua, \u00a0que inici\u00f3 \u00a0desde hace siete meses producto de la represi\u00f3n gubernamental a las protestas ciudadanas, ser\u00e1 [&hellip;]<\/p>\n","protected":false},"author":15,"featured_media":9301,"parent":0,"menu_order":0,"template":"","format":"standard","categories":[1154,1169,1159],"resources_country":[1199],"resources_language":[],"resources_audience":[],"resources_format":[],"resources_topic":[1091,1111,1104,1106,1117,1109],"resources_year":[],"class_list":["post-11649","resources","type-resources","status-publish","format-standard","has-post-thumbnail","hentry","category-espanol","category-nicaragua","category-onu","resources_country-nicaragua-es","resources_topic-afrodescendientes","resources_topic-discriminacion-racial","resources_topic-lgbti-es","resources_topic-oea-es","resources_topic-onu","resources_topic-raza-e-igualdad"],"acf":[],"aioseo_notices":[],"_links":{"self":[{"href":"https:\/\/raceandequality.org\/es\/wp-json\/wp\/v2\/resources\/11649","targetHints":{"allow":["GET"]}}],"collection":[{"href":"https:\/\/raceandequality.org\/es\/wp-json\/wp\/v2\/resources"}],"about":[{"href":"https:\/\/raceandequality.org\/es\/wp-json\/wp\/v2\/types\/resources"}],"author":[{"embeddable":true,"href":"https:\/\/raceandequality.org\/es\/wp-json\/wp\/v2\/users\/15"}],"wp:featuredmedia":[{"embeddable":true,"href":"https:\/\/raceandequality.org\/es\/wp-json\/wp\/v2\/media\/9301"}],"wp:attachment":[{"href":"https:\/\/raceandequality.org\/es\/wp-json\/wp\/v2\/media?parent=11649"}],"wp:term":[{"taxonomy":"category","embeddable":true,"href":"https:\/\/raceandequality.org\/es\/wp-json\/wp\/v2\/categories?post=11649"},{"taxonomy":"resources_country","embeddable":true,"href":"https:\/\/raceandequality.org\/es\/wp-json\/wp\/v2\/resources_country?post=11649"},{"taxonomy":"resources_language","embeddable":true,"href":"https:\/\/raceandequality.org\/es\/wp-json\/wp\/v2\/resources_language?post=11649"},{"taxonomy":"resources_audience","embeddable":true,"href":"https:\/\/raceandequality.org\/es\/wp-json\/wp\/v2\/resources_audience?post=11649"},{"taxonomy":"resources_format","embeddable":true,"href":"https:\/\/raceandequality.org\/es\/wp-json\/wp\/v2\/resources_format?post=11649"},{"taxonomy":"resources_topic","embeddable":true,"href":"https:\/\/raceandequality.org\/es\/wp-json\/wp\/v2\/resources_topic?post=11649"},{"taxonomy":"resources_year","embeddable":true,"href":"https:\/\/raceandequality.org\/es\/wp-json\/wp\/v2\/resources_year?post=11649"}],"curies":[{"name":"wp","href":"https:\/\/api.w.org\/{rel}","templated":true}]}}

Defensores de derechos humanos expondrán en Ginebra la evolución de la crisis en Nicaragua

<p style="text-align: justify;"><strong>Washington. D.C, noviembre 20, 2018</strong> &#8211; La crisis actual de derechos humanos en Nicaragua,  que inició  desde hace siete meses producto de la represión gubernamental a las protestas ciudadanas, será expuesta en Ginebra el próximo 28 de noviembre en el marco del conversatorio “Crisis de derechos humanos en Nicaragua”con el objetivo de visibilizar sus consecuencias y permanencia, ahora con la prohibición de las manifestaciones cívicas y la judicialización de cientos de protestantes, estudiantes y activistas que han sido apresados por participar en protestas y están siendo sometidos a juicios en los que se irrespetan  las garantías del debido proceso.</p>
<p style="text-align: justify;">En el conversatorio organizado por el Instituto Internacional sobre Raza, Igualdad y Derechos Humanos (Raza e Igualdad), participarán defensores de derechos humanos nicaragüenses, quienes desde su experiencia durante la crisis relatarán sus propias vivencias y los riesgos a los que se enfrentan ejerciendo su labor.</p>
<p style="text-align: justify;">Especial énfasis tendrá en el conversatorio la situación de injusticia e indefensión a la que se enfrentan poblaciones tradicionalmente discriminadas como son las mujeres, pueblos indígenas, afrodescendientes y comunidad LGBTI, quienes han sido reprimidos por defender la democracia y reclamar justicia y respeto a los derechos humanos.</p>
<p style="text-align: justify;">También se referirán a la situación  que enfrentan  cientos de presos y presas políticas, quienes han denunciado torturas y malos tratos en las cárceles y centros de detención. Según el Centro Nicaragüense de Derechos Humanos (CENIDH), de los 602 ciudadanos apresados hasta el 14 de noviembre por participar en las protestas, 563 son hombres y 50 mujeres, de las cuales 4 son mujeres transgénero.</p>
<p style="text-align: justify;">La imagen de la “normalidad” que intenta establecer el Gobierno nicaragüense tanto  a nivel nacional como internacional, contrasta diametralmente con la visión que proporcionarán los defensores de derechos humanos respecto a que realmente,  en Nicaragua, “nada está normal”, pues las violaciones de derechos humanos por parte de las autoridades son sistemáticas  y permanecen en la impunidad.</p>
<p style="text-align: justify;">Nicaragua será evaluada por el Examen Periódico Universal en 2019. Dicha revisión ofrecerá a defensores y defensoras de derechos humanos, organizaciones de la sociedad civil y a la comunidad internacional una importante oportunidad para incidir en resolver de forma pacífica, la crisis que hoy agobia a los y las nicaraguenses.</p>
<p><img decoding="async" class="aligncenter size-full wp-image-4559 lazyload" data-src="https://raceandequality.org/wp-content/uploads/2023/04/Captura-de-pantalla-2018-11-20-a-las-85144-pm.png" alt="" width="378" height="596" src="data:image/svg+xml;base64,PHN2ZyB3aWR0aD0iMSIgaGVpZ2h0PSIxIiB4bWxucz0iaHR0cDovL3d3dy53My5vcmcvMjAwMC9zdmciPjwvc3ZnPg==" style="--smush-placeholder-width: 378px; --smush-placeholder-aspect-ratio: 378/596;" /></p>

<p>Washington. D.C, noviembre 20, 2018 &#8211; La crisis actual de derechos humanos en Nicaragua,  que inició  desde hace siete meses producto de la represión gubernamental a las protestas ciudadanas, será [&hellip;]</p>
