{"id":11735,"date":"2019-01-29T17:01:33","date_gmt":"2019-01-29T17:01:33","guid":{"rendered":"http:\/\/race01.wp\/resources\/a-14-asciende-el-numero-de-lideres-y-lideresas-afrodescendientes-indigenas-y-campesinos-asesinados-durante-el-primer-mes-del-2019-en-colombia\/"},"modified":"2023-05-10T11:23:01","modified_gmt":"2023-05-10T11:23:01","slug":"a-14-asciende-el-numero-de-lideres-y-lideresas-afrodescendientes-indigenas-y-campesinos-asesinados-durante-el-primer-mes-del-2019-en-colombia","status":"publish","type":"resources","link":"https:\/\/raceandequality.org\/es\/resources\/a-14-asciende-el-numero-de-lideres-y-lideresas-afrodescendientes-indigenas-y-campesinos-asesinados-durante-el-primer-mes-del-2019-en-colombia\/","title":{"rendered":"A 14 asciende el n\u00famero de l\u00edderes y lideresas afrodescendientes, ind\u00edgenas y campesinos asesinados durante el primer mes del 2019 en Colombia"},"content":{"rendered":"<p style=\"text-align: justify;\"><em><strong>Bogot\u00e1, Colombia. Enero 29 de 2019<\/strong><\/em> &#8211;\u00a0 El Instituto Internacional sobre Raza, Igualdad y Derechos Humanos (Raza e Igualdad) expresa especial preocupaci\u00f3n por la alarmante cifra de l\u00edderes y lideresas sociales populares asesinados en Colombia al cierre del primer mes del a\u00f1o; espacio de tiempo en el que se reportaron aproximadamente 14 homicidios de hombres y mujeres ind\u00edgenas, afrodescendientes y campesinos.<\/p>\n<p style=\"text-align: justify;\">Rechazamos y condenamos en\u00e9rgicamente la sistematicidad de los actos de violencia especialmente hac\u00eda la poblaci\u00f3n afrodescendiente e ind\u00edgena del pa\u00eds, pueblos hist\u00f3ricamente marginados y violentados por l\u00f3gicas estructurales de pobreza, desplazamiento forzado, in-acceso a servicios de salud, educaci\u00f3n, empleo y garant\u00edas que de protecci\u00f3n que aseguren la integridad de sus derechos fundamentales.<\/p>\n<p style=\"text-align: justify;\">Urgimos al Estado y el pueblo colombiano a no pasar por alto el n\u00famero de defensores y defensoras de derechos humanos afrocolombianos asesinados para el cierre del 2018, que seg\u00fan la cifra reportada por la Consultor\u00eda para los Derechos Humanos y el Desplazamiento, CODHES asciende a 20 homicidios (17 hombres y 3 mujeres) de los 54 asesinatos de l\u00edderes y lideresas de pueblos \u00e9tnicos.<\/p>\n<p style=\"text-align: justify;\">Demandamos al Estado colombiano emprender todos los esfuerzos para garantizar la vida y protecci\u00f3n de aquellos hombres y mujeres que dan la vida por el territorio.\u00a0 As\u00ed mismo, le hacemos un especial llamado para que de manera diferenciada provea los mecanismos de protecci\u00f3n necesario para los pueblos \u00e9tnicos, especialmente reconociendo las afectaciones que padecen las mujeres afrocolombianas e ind\u00edgenas v\u00edctimas directas del conflicto armado, quienes en gran desventaja frente al resto de la poblaci\u00f3n, por no contar con las garant\u00edas de protecci\u00f3n social, autonom\u00edas econ\u00f3micas y el reconocimiento de sus derechos, son doblemente vulneradas.\u00a0 Exigimos justicia, verdad y garant\u00edas de NO impunidad por las vidas de las lideresas Maritza Ram\u00edrez Chaverra (Tumaco) , Maritza Quir\u00f3z Leiva (Magdalena) y Mar\u00eda Ortega (Norte de Santander), las muertes de estas mujeres hoy v\u00edctimas de la cruenta situaci\u00f3n de violencia en el pa\u00eds dejan no solo grandes vac\u00edos familiares, sino un conjunto social afectado por sus ausencias, esto debido al temor generalizado que produce el continuar apostando por la lucha y defensa de los derechos humanos y del territorio.<\/p>\n<p style=\"text-align: justify;\">Con extrema preocupaci\u00f3n urgimos al gobierno nacional emprender todos los esfuerzos para garantizar la NO impunidad de los m\u00e1s de 500 homicidios a l\u00edderes y lideresas sociales que hoy enlutan al pa\u00eds.\u00a0 As\u00ed mismo, resaltamos la necesidad de adoptar todas las medidas de protecci\u00f3n para velar por la vida e integridad de las y los l\u00edderes que contin\u00faan en situaci\u00f3n de riesgo, raz\u00f3n por la cual clamamos a la comunidad internacional solidarizarse ante esta emergencia nacional y continuar monitoreando la grave y sistem\u00e1tica situaci\u00f3n de violaci\u00f3n a los derechos fundamentales de defensores y defensoras de derechos humanos.<\/p>\n<p style=\"text-align: justify;\">Instamos al gobierno colombiano y a todos los grupos sociales involucrados con hacer posible la construcci\u00f3n de una paz estable y duradera en todo el territorio colombiano haciendo del di\u00e1logo la \u00fanica v\u00eda leg\u00edtima para una salida negociada y pac\u00edfica al conflicto armado a\u00fan latente en el pa\u00eds.<\/p>\n","protected":false},"excerpt":{"rendered":"<p>Bogot\u00e1, Colombia. Enero 29 de 2019 &#8211;\u00a0 El Instituto Internacional sobre Raza, Igualdad y Derechos Humanos (Raza e Igualdad) expresa especial preocupaci\u00f3n por la alarmante cifra de l\u00edderes y lideresas [&hellip;]<\/p>\n","protected":false},"author":15,"featured_media":9406,"parent":0,"menu_order":0,"template":"","format":"standard","categories":[1162,1122,1154],"resources_country":[1191],"resources_language":[],"resources_audience":[],"resources_format":[],"resources_topic":[1100,1106,1117],"resources_year":[],"class_list":["post-11735","resources","type-resources","status-publish","format-standard","has-post-thumbnail","hentry","category-cidh","category-colombia","category-espanol","resources_country-colombia-es","resources_topic-cidh","resources_topic-oea-es","resources_topic-onu"],"acf":[],"aioseo_notices":[],"_links":{"self":[{"href":"https:\/\/raceandequality.org\/es\/wp-json\/wp\/v2\/resources\/11735","targetHints":{"allow":["GET"]}}],"collection":[{"href":"https:\/\/raceandequality.org\/es\/wp-json\/wp\/v2\/resources"}],"about":[{"href":"https:\/\/raceandequality.org\/es\/wp-json\/wp\/v2\/types\/resources"}],"author":[{"embeddable":true,"href":"https:\/\/raceandequality.org\/es\/wp-json\/wp\/v2\/users\/15"}],"wp:featuredmedia":[{"embeddable":true,"href":"https:\/\/raceandequality.org\/es\/wp-json\/wp\/v2\/media\/9406"}],"wp:attachment":[{"href":"https:\/\/raceandequality.org\/es\/wp-json\/wp\/v2\/media?parent=11735"}],"wp:term":[{"taxonomy":"category","embeddable":true,"href":"https:\/\/raceandequality.org\/es\/wp-json\/wp\/v2\/categories?post=11735"},{"taxonomy":"resources_country","embeddable":true,"href":"https:\/\/raceandequality.org\/es\/wp-json\/wp\/v2\/resources_country?post=11735"},{"taxonomy":"resources_language","embeddable":true,"href":"https:\/\/raceandequality.org\/es\/wp-json\/wp\/v2\/resources_language?post=11735"},{"taxonomy":"resources_audience","embeddable":true,"href":"https:\/\/raceandequality.org\/es\/wp-json\/wp\/v2\/resources_audience?post=11735"},{"taxonomy":"resources_format","embeddable":true,"href":"https:\/\/raceandequality.org\/es\/wp-json\/wp\/v2\/resources_format?post=11735"},{"taxonomy":"resources_topic","embeddable":true,"href":"https:\/\/raceandequality.org\/es\/wp-json\/wp\/v2\/resources_topic?post=11735"},{"taxonomy":"resources_year","embeddable":true,"href":"https:\/\/raceandequality.org\/es\/wp-json\/wp\/v2\/resources_year?post=11735"}],"curies":[{"name":"wp","href":"https:\/\/api.w.org\/{rel}","templated":true}]}}

A 14 asciende el número de líderes y lideresas afrodescendientes, indígenas y campesinos asesinados durante el primer mes del 2019 en Colombia

<p style="text-align: justify;"><em><strong>Bogotá, Colombia. Enero 29 de 2019</strong></em> &#8211;  El Instituto Internacional sobre Raza, Igualdad y Derechos Humanos (Raza e Igualdad) expresa especial preocupación por la alarmante cifra de líderes y lideresas sociales populares asesinados en Colombia al cierre del primer mes del año; espacio de tiempo en el que se reportaron aproximadamente 14 homicidios de hombres y mujeres indígenas, afrodescendientes y campesinos.</p>
<p style="text-align: justify;">Rechazamos y condenamos enérgicamente la sistematicidad de los actos de violencia especialmente hacía la población afrodescendiente e indígena del país, pueblos históricamente marginados y violentados por lógicas estructurales de pobreza, desplazamiento forzado, in-acceso a servicios de salud, educación, empleo y garantías que de protección que aseguren la integridad de sus derechos fundamentales.</p>
<p style="text-align: justify;">Urgimos al Estado y el pueblo colombiano a no pasar por alto el número de defensores y defensoras de derechos humanos afrocolombianos asesinados para el cierre del 2018, que según la cifra reportada por la Consultoría para los Derechos Humanos y el Desplazamiento, CODHES asciende a 20 homicidios (17 hombres y 3 mujeres) de los 54 asesinatos de líderes y lideresas de pueblos étnicos.</p>
<p style="text-align: justify;">Demandamos al Estado colombiano emprender todos los esfuerzos para garantizar la vida y protección de aquellos hombres y mujeres que dan la vida por el territorio.  Así mismo, le hacemos un especial llamado para que de manera diferenciada provea los mecanismos de protección necesario para los pueblos étnicos, especialmente reconociendo las afectaciones que padecen las mujeres afrocolombianas e indígenas víctimas directas del conflicto armado, quienes en gran desventaja frente al resto de la población, por no contar con las garantías de protección social, autonomías económicas y el reconocimiento de sus derechos, son doblemente vulneradas.  Exigimos justicia, verdad y garantías de NO impunidad por las vidas de las lideresas Maritza Ramírez Chaverra (Tumaco) , Maritza Quiróz Leiva (Magdalena) y María Ortega (Norte de Santander), las muertes de estas mujeres hoy víctimas de la cruenta situación de violencia en el país dejan no solo grandes vacíos familiares, sino un conjunto social afectado por sus ausencias, esto debido al temor generalizado que produce el continuar apostando por la lucha y defensa de los derechos humanos y del territorio.</p>
<p style="text-align: justify;">Con extrema preocupación urgimos al gobierno nacional emprender todos los esfuerzos para garantizar la NO impunidad de los más de 500 homicidios a líderes y lideresas sociales que hoy enlutan al país.  Así mismo, resaltamos la necesidad de adoptar todas las medidas de protección para velar por la vida e integridad de las y los líderes que continúan en situación de riesgo, razón por la cual clamamos a la comunidad internacional solidarizarse ante esta emergencia nacional y continuar monitoreando la grave y sistemática situación de violación a los derechos fundamentales de defensores y defensoras de derechos humanos.</p>
<p style="text-align: justify;">Instamos al gobierno colombiano y a todos los grupos sociales involucrados con hacer posible la construcción de una paz estable y duradera en todo el territorio colombiano haciendo del diálogo la única vía legítima para una salida negociada y pacífica al conflicto armado aún latente en el país.</p>

<p>Bogotá, Colombia. Enero 29 de 2019 &#8211;  El Instituto Internacional sobre Raza, Igualdad y Derechos Humanos (Raza e Igualdad) expresa especial preocupación por la alarmante cifra de líderes y lideresas [&hellip;]</p>
