{"id":11746,"date":"2019-02-13T16:41:20","date_gmt":"2019-02-13T16:41:20","guid":{"rendered":"http:\/\/race01.wp\/resources\/delegacion-de-nicaraguenses-se-reune-con-la-alta-comisionada-de-las-naciones-unidas-para-los-derechos-humanos-michelle-bachelet\/"},"modified":"2023-05-10T11:42:24","modified_gmt":"2023-05-10T11:42:24","slug":"delegacion-de-nicaraguenses-se-reune-con-la-alta-comisionada-de-las-naciones-unidas-para-los-derechos-humanos-michelle-bachelet","status":"publish","type":"resources","link":"https:\/\/raceandequality.org\/es\/resources\/delegacion-de-nicaraguenses-se-reune-con-la-alta-comisionada-de-las-naciones-unidas-para-los-derechos-humanos-michelle-bachelet\/","title":{"rendered":"Delegaci\u00f3n de nicarag\u00fcenses se re\u00fane con la Alta Comisionada de las Naciones Unidas para los derechos Humanos Michelle Bachelet"},"content":{"rendered":"<div class=\"wpb-content-wrapper\"><p style=\"text-align: justify;\">El Instituto Internacional sobre Raza, Igualdad y Derechos Humanos (Raza e Igualdad) facilit\u00f3 el 1 de febrero, una reuni\u00f3n privada entre 10 representantes de organizaciones de sociedad civil de Nicaragua y la Alta Comisionada de las Naciones Unidas para los Derechos Humanos Michelle Bachelet.<\/p>\n<p style=\"text-align: justify;\">Durante el encuentro llevado a cabo en Ginebra Suiza, defensores y defensoras de derechos humanos nicarag\u00fcenses presentaron la propuesta en la que se detalla la grave situaci\u00f3n de derechos que se vive en el pa\u00eds tras la persecuci\u00f3n emprendida por el gobierno de Daniel Ortega y Rosario Murillo hac\u00eda activistas, mujeres, periodistas, medios de comunicaci\u00f3n independiente, j\u00f3venes, presos y presas pol\u00edticas, as\u00ed como hac\u00eda defensores y defensoras de derechos humanos.<\/p>\n<p>[vc_row][vc_column width=\u00bb1\/2&#8243;][vc_raw_html]JTNDaWZyYW1lJTIwd2lkdGglM0QlMjIxMDAlMjUlMjIlMjBoZWlnaHQlM0QlMjIzMDAlMjIlMjBzY3JvbGxpbmclM0QlMjJubyUyMiUyMGZyYW1lYm9yZGVyJTNEJTIybm8lMjIlMjBhbGxvdyUzRCUyMmF1dG9wbGF5JTIyJTIwc3JjJTNEJTIyaHR0cHMlM0ElMkYlMkZ3LnNvdW5kY2xvdWQuY29tJTJGcGxheWVyJTJGJTNGdXJsJTNEaHR0cHMlMjUzQSUyRiUyRmFwaS5zb3VuZGNsb3VkLmNvbSUyRnRyYWNrcyUyRjU2ODYyNDY4OSUyNmNvbG9yJTNEJTI1MjNmZjU1MDAlMjZhdXRvX3BsYXklM0RmYWxzZSUyNmhpZGVfcmVsYXRlZCUzRGZhbHNlJTI2c2hvd19jb21tZW50cyUzRHRydWUlMjZzaG93X3VzZXIlM0R0cnVlJTI2c2hvd19yZXBvc3RzJTNEZmFsc2UlMjZzaG93X3RlYXNlciUzRHRydWUlMjZ2aXN1YWwlM0R0cnVlJTIyJTNFJTNDJTJGaWZyYW1lJTNF[\/vc_raw_html][\/vc_column][vc_column width=\u00bb1\/2&#8243;][vc_column_text]<\/p>\n<p style=\"text-align: justify;\">\u201c<em>Hemos tenido una reuni\u00f3n con la Alta Comisionada, ha escuchado nuestras peticiones y ha expresado sentidamente preocupaci\u00f3n por la situaci\u00f3n en Nicaragua y su compromiso por incluir y se\u00f1alar la situaci\u00f3n que se est\u00e1 dando en todas sus intervenciones y contribuir en todo lo que pueda para que se logre mejorar las condiciones en el pa\u00eds<\/em>\u201d se\u00f1al\u00f3 Ana Quir\u00f3s, de CISAS defensora de derechos humanos recientemente expulsada arbitrariamente de Nicaragua.\u00a0 As\u00ed mismo,\u00a0Heyde\u00e9 Castillo, <em>directora del Instituto de Liderazgo de Las Segovias <\/em>infiri\u00f3 \u201c<em>pudimos contarle de viva voz lo que hemos vivido y lo que est\u00e1 viviendo el pueblo de Nicaragua, los niveles de criminalizaci\u00f3n, de violencia, los cr\u00edmenes de lesa humanidad cometidos\u2026\u201d<\/em><\/p>\n<p>[\/vc_column_text][\/vc_column][\/vc_row][vc_row][vc_column][vc_column_text]<\/p>\n<p style=\"text-align: justify;\">Ocho de las diez organizaciones de sociedad civil presentes en la reuni\u00f3n han sido arbitrariamente censuradas por el gobierno de turno tras la decisi\u00f3n tomada por los mismos de cancelar sus personer\u00edas jur\u00eddicas como represalia por cumplir su misi\u00f3n y objetivos, brindando atenci\u00f3n a la poblaci\u00f3n en el contexto de la crisis nicarag\u00fcense.\u00a0 En este sentido, Luciano Garc\u00eda, de Hagamos Democracia, expres\u00f3 \u201c<em>Lo m\u00e1s importante ha sido poder ponerla al tanto de manera puntual de todos los atropellos que el r\u00e9gimen est\u00e1 cometiendo en contra de todos los nicarag\u00fcenses y todas las organizaciones de sociedad civil, y ella [Michelle Bachelet] ha escuchado nuestras demandas y se encuentra extremadamente preocupada y sorprendentemente informada del caso de Nicaragua\u201d.<\/em><\/p>\n<p>[\/vc_column_text][\/vc_column][\/vc_row][vc_row][vc_column width=\u00bb1\/2&#8243;][vc_column_text]<\/p>\n<p style=\"text-align: justify;\">Algunas de las peticiones presentadas por los representantes ante la Comisionada Bachelet estuvieron relacionadas con solicitar al Estado de Nicaragua el cese a la represi\u00f3n, persecuci\u00f3n y criminalizaci\u00f3n a la poblaci\u00f3n, a los y las defensoras de derechos humanos, pueblos ind\u00edgenas, l\u00edderes sociales, pol\u00edticos y periodistas; adem\u00e1s de hacer un llamado al Estado para que ofrezca garant\u00edas para el pronto y seguro retorno al pa\u00eds de defensores y defensoras de derechos humanos forzados al exilio producto de la criminalizaci\u00f3n y judicializaci\u00f3n, as\u00ed como el restablecimiento de las personer\u00edas jur\u00eddicas arbitrariamente canceladas (ilegalmente arrebatadas) a organizaciones de derechos humanos y de la sociedad civil.<\/p>\n<p>[\/vc_column_text][\/vc_column][vc_column width=\u00bb1\/2&#8243;][vc_raw_html]JTNDaWZyYW1lJTIwd2lkdGglM0QlMjIxMDAlMjUlMjIlMjBoZWlnaHQlM0QlMjIzMDAlMjIlMjBzY3JvbGxpbmclM0QlMjJubyUyMiUyMGZyYW1lYm9yZGVyJTNEJTIybm8lMjIlMjBhbGxvdyUzRCUyMmF1dG9wbGF5JTIyJTIwc3JjJTNEJTIyaHR0cHMlM0ElMkYlMkZ3LnNvdW5kY2xvdWQuY29tJTJGcGxheWVyJTJGJTNGdXJsJTNEaHR0cHMlMjUzQSUyRiUyRmFwaS5zb3VuZGNsb3VkLmNvbSUyRnRyYWNrcyUyRjU2ODYyMTQ4NSUyNmNvbG9yJTNEJTI1MjMwYzY3YzAlMjZhdXRvX3BsYXklM0RmYWxzZSUyNmhpZGVfcmVsYXRlZCUzRGZhbHNlJTI2c2hvd19jb21tZW50cyUzRHRydWUlMjZzaG93X3VzZXIlM0R0cnVlJTI2c2hvd19yZXBvc3RzJTNEZmFsc2UlMjZzaG93X3RlYXNlciUzRHRydWUlMjZ2aXN1YWwlM0R0cnVlJTIyJTNFJTNDJTJGaWZyYW1lJTNF[\/vc_raw_html][\/vc_column][\/vc_row][vc_row][vc_column][vc_cta h2=\u00bb\u00bb h4=\u00bbVea aqu\u00ed el documento completo de Peticiones presentado a la Alta Comisionada de las Naciones Unidas para los derechos humanos\u00bb h4_use_theme_fonts=\u00bbyes\u00bb txt_align=\u00bbcenter\u00bb use_custom_fonts_h4=\u00bbtrue\u00bb h4_link=\u00bburl:https%3A%2F%2Fraceandequality-my.sharepoint.com%2F%3Ab%3A%2Fg%2Fpersonal%2Fcommunications_raceandequality_org%2FEcUHbono89FEsZj1Me9KwbEB3aK7b8ryqOJLGJobB4Q1UQ%3Fe%3D2Q1SkS||target:%20_blank|\u00bb][\/vc_cta][\/vc_column][\/vc_row][vc_row][vc_column width=\u00bb1\/2&#8243;][vc_single_image image=\u00bb8175&#8243; img_size=\u00bblarge\u00bb alignment=\u00bbcenter\u00bb][\/vc_column][vc_column width=\u00bb1\/2&#8243;][vc_column_text]<\/p>\n<p style=\"text-align: justify;\">A lo largo del espacio la Alta Comisionada se mostr\u00f3 profundamente sensible y comprometida con la situaci\u00f3n.\u00a0 Anibal Toru\u00f1o de Radio Dar\u00edo se\u00f1ala que el encuentro no s\u00f3lo es un espacio para presentar una realidad nacional sino la posibilidad de encontrar otros interlocutores para la pronta soluci\u00f3n a la crisis.\u00a0 <em>\u201cFue un momento esperanzador, recibimos un respaldo pleno de la Alta Comisionada. Una ventana, una esperanza y desde luego la posibilidad de encontrar interlocutores que nos puedan ayudar a resolver la crisis que vivimos actualmente en Nicaragua\u201d. <\/em><\/p>\n<p>[\/vc_column_text][\/vc_column][\/vc_row][vc_row][vc_column][vc_column_text]<\/p>\n<p style=\"text-align: justify;\">Por su parte, M\u00f3nica Baltonado representante de la Fundaci\u00f3n Popol Na hizo hincapi\u00e9 en lo que signific\u00f3 presentarle a la comisionada no solo el dolor que viven los defensores y activistas de derechos humanos sino una naci\u00f3n \u201c<em>De una trascendencia significativa para las organizaciones nicarag\u00fcenses, pero tambi\u00e9n para el conjunto de la sociedad, primero porque pudimos de manera directa transmitirle el dolor y el sufrimiento del pueblo de nicarag\u00fcense, y la enorme preocupaci\u00f3n que tenemos, pero sobre todo el sentido de urgencia de encontrar en el menor tiempo posible una soluci\u00f3n<\/em>\u201d.<\/p>\n<p style=\"text-align: justify;\">Desde el mes de abril de 2018 Nicaragua se encuentra sumergida en una grave crisis de derechos humanos que se ha ido agudizando en tanto no se han atendido las causas que la provocaron ni se ha escuchado la demanda de la poblaci\u00f3n nicarag\u00fcense por justicia y democracia.\u00a0 Durante los \u00faltimos meses se ha observado una estrategia del gobierno para desarticular todo espacio de cr\u00edtica y la violencia se manifiesta de forma m\u00e1s selectiva dirigida hacia defensores y defensoras de derechos humanos.\u00a0 Hasta el d\u00eda de hoy, las acciones represivas del gobierno nicarag\u00fcense han dejado un saldo de 325 personas asesinadas, m\u00e1s de 2000 heridos, 767 presos y presas pol\u00edticas y m\u00e1s de 80,000 personas desplazadas forzosamente a Costa Rica.<\/p>\n<p>[\/vc_column_text][\/vc_column][\/vc_row]<\/p>\n<\/div>","protected":false},"excerpt":{"rendered":"<p>El Instituto Internacional sobre Raza, Igualdad y Derechos Humanos (Raza e Igualdad) facilit\u00f3 el 1 de febrero, una reuni\u00f3n privada entre 10 representantes de organizaciones de sociedad civil de Nicaragua [&hellip;]<\/p>\n","protected":false},"author":15,"featured_media":9395,"parent":0,"menu_order":0,"template":"","format":"standard","categories":[1162,1169,1161,1159],"resources_country":[1199],"resources_language":[],"resources_audience":[],"resources_format":[],"resources_topic":[1100,1106,1117],"resources_year":[],"class_list":["post-11746","resources","type-resources","status-publish","format-standard","has-post-thumbnail","hentry","category-cidh","category-nicaragua","category-oea","category-onu","resources_country-nicaragua-es","resources_topic-cidh","resources_topic-oea-es","resources_topic-onu"],"acf":[],"aioseo_notices":[],"_links":{"self":[{"href":"https:\/\/raceandequality.org\/es\/wp-json\/wp\/v2\/resources\/11746","targetHints":{"allow":["GET"]}}],"collection":[{"href":"https:\/\/raceandequality.org\/es\/wp-json\/wp\/v2\/resources"}],"about":[{"href":"https:\/\/raceandequality.org\/es\/wp-json\/wp\/v2\/types\/resources"}],"author":[{"embeddable":true,"href":"https:\/\/raceandequality.org\/es\/wp-json\/wp\/v2\/users\/15"}],"wp:featuredmedia":[{"embeddable":true,"href":"https:\/\/raceandequality.org\/es\/wp-json\/wp\/v2\/media\/9395"}],"wp:attachment":[{"href":"https:\/\/raceandequality.org\/es\/wp-json\/wp\/v2\/media?parent=11746"}],"wp:term":[{"taxonomy":"category","embeddable":true,"href":"https:\/\/raceandequality.org\/es\/wp-json\/wp\/v2\/categories?post=11746"},{"taxonomy":"resources_country","embeddable":true,"href":"https:\/\/raceandequality.org\/es\/wp-json\/wp\/v2\/resources_country?post=11746"},{"taxonomy":"resources_language","embeddable":true,"href":"https:\/\/raceandequality.org\/es\/wp-json\/wp\/v2\/resources_language?post=11746"},{"taxonomy":"resources_audience","embeddable":true,"href":"https:\/\/raceandequality.org\/es\/wp-json\/wp\/v2\/resources_audience?post=11746"},{"taxonomy":"resources_format","embeddable":true,"href":"https:\/\/raceandequality.org\/es\/wp-json\/wp\/v2\/resources_format?post=11746"},{"taxonomy":"resources_topic","embeddable":true,"href":"https:\/\/raceandequality.org\/es\/wp-json\/wp\/v2\/resources_topic?post=11746"},{"taxonomy":"resources_year","embeddable":true,"href":"https:\/\/raceandequality.org\/es\/wp-json\/wp\/v2\/resources_year?post=11746"}],"curies":[{"name":"wp","href":"https:\/\/api.w.org\/{rel}","templated":true}]}}

Delegación de nicaragüenses se reúne con la Alta Comisionada de las Naciones Unidas para los derechos Humanos Michelle Bachelet

<div class="wpb-content-wrapper"><p style="text-align: justify;">El Instituto Internacional sobre Raza, Igualdad y Derechos Humanos (Raza e Igualdad) facilitó el 1 de febrero, una reunión privada entre 10 representantes de organizaciones de sociedad civil de Nicaragua y la Alta Comisionada de las Naciones Unidas para los Derechos Humanos Michelle Bachelet.</p>
<p style="text-align: justify;">Durante el encuentro llevado a cabo en Ginebra Suiza, defensores y defensoras de derechos humanos nicaragüenses presentaron la propuesta en la que se detalla la grave situación de derechos que se vive en el país tras la persecución emprendida por el gobierno de Daniel Ortega y Rosario Murillo hacía activistas, mujeres, periodistas, medios de comunicación independiente, jóvenes, presos y presas políticas, así como hacía defensores y defensoras de derechos humanos.</p>
<p>[vc_row][vc_column width=»1/2&#8243;][vc_raw_html]JTNDaWZyYW1lJTIwd2lkdGglM0QlMjIxMDAlMjUlMjIlMjBoZWlnaHQlM0QlMjIzMDAlMjIlMjBzY3JvbGxpbmclM0QlMjJubyUyMiUyMGZyYW1lYm9yZGVyJTNEJTIybm8lMjIlMjBhbGxvdyUzRCUyMmF1dG9wbGF5JTIyJTIwc3JjJTNEJTIyaHR0cHMlM0ElMkYlMkZ3LnNvdW5kY2xvdWQuY29tJTJGcGxheWVyJTJGJTNGdXJsJTNEaHR0cHMlMjUzQSUyRiUyRmFwaS5zb3VuZGNsb3VkLmNvbSUyRnRyYWNrcyUyRjU2ODYyNDY4OSUyNmNvbG9yJTNEJTI1MjNmZjU1MDAlMjZhdXRvX3BsYXklM0RmYWxzZSUyNmhpZGVfcmVsYXRlZCUzRGZhbHNlJTI2c2hvd19jb21tZW50cyUzRHRydWUlMjZzaG93X3VzZXIlM0R0cnVlJTI2c2hvd19yZXBvc3RzJTNEZmFsc2UlMjZzaG93X3RlYXNlciUzRHRydWUlMjZ2aXN1YWwlM0R0cnVlJTIyJTNFJTNDJTJGaWZyYW1lJTNF[/vc_raw_html][/vc_column][vc_column width=»1/2&#8243;][vc_column_text]</p>
<p style="text-align: justify;">“<em>Hemos tenido una reunión con la Alta Comisionada, ha escuchado nuestras peticiones y ha expresado sentidamente preocupación por la situación en Nicaragua y su compromiso por incluir y señalar la situación que se está dando en todas sus intervenciones y contribuir en todo lo que pueda para que se logre mejorar las condiciones en el país</em>” señaló Ana Quirós, de CISAS defensora de derechos humanos recientemente expulsada arbitrariamente de Nicaragua.  Así mismo, Heydeé Castillo, <em>directora del Instituto de Liderazgo de Las Segovias </em>infirió “<em>pudimos contarle de viva voz lo que hemos vivido y lo que está viviendo el pueblo de Nicaragua, los niveles de criminalización, de violencia, los crímenes de lesa humanidad cometidos…”</em></p>
<p>[/vc_column_text][/vc_column][/vc_row][vc_row][vc_column][vc_column_text]</p>
<p style="text-align: justify;">Ocho de las diez organizaciones de sociedad civil presentes en la reunión han sido arbitrariamente censuradas por el gobierno de turno tras la decisión tomada por los mismos de cancelar sus personerías jurídicas como represalia por cumplir su misión y objetivos, brindando atención a la población en el contexto de la crisis nicaragüense.  En este sentido, Luciano García, de Hagamos Democracia, expresó “<em>Lo más importante ha sido poder ponerla al tanto de manera puntual de todos los atropellos que el régimen está cometiendo en contra de todos los nicaragüenses y todas las organizaciones de sociedad civil, y ella [Michelle Bachelet] ha escuchado nuestras demandas y se encuentra extremadamente preocupada y sorprendentemente informada del caso de Nicaragua”.</em></p>
<p>[/vc_column_text][/vc_column][/vc_row][vc_row][vc_column width=»1/2&#8243;][vc_column_text]</p>
<p style="text-align: justify;">Algunas de las peticiones presentadas por los representantes ante la Comisionada Bachelet estuvieron relacionadas con solicitar al Estado de Nicaragua el cese a la represión, persecución y criminalización a la población, a los y las defensoras de derechos humanos, pueblos indígenas, líderes sociales, políticos y periodistas; además de hacer un llamado al Estado para que ofrezca garantías para el pronto y seguro retorno al país de defensores y defensoras de derechos humanos forzados al exilio producto de la criminalización y judicialización, así como el restablecimiento de las personerías jurídicas arbitrariamente canceladas (ilegalmente arrebatadas) a organizaciones de derechos humanos y de la sociedad civil.</p>
<p>[/vc_column_text][/vc_column][vc_column width=»1/2&#8243;][vc_raw_html]JTNDaWZyYW1lJTIwd2lkdGglM0QlMjIxMDAlMjUlMjIlMjBoZWlnaHQlM0QlMjIzMDAlMjIlMjBzY3JvbGxpbmclM0QlMjJubyUyMiUyMGZyYW1lYm9yZGVyJTNEJTIybm8lMjIlMjBhbGxvdyUzRCUyMmF1dG9wbGF5JTIyJTIwc3JjJTNEJTIyaHR0cHMlM0ElMkYlMkZ3LnNvdW5kY2xvdWQuY29tJTJGcGxheWVyJTJGJTNGdXJsJTNEaHR0cHMlMjUzQSUyRiUyRmFwaS5zb3VuZGNsb3VkLmNvbSUyRnRyYWNrcyUyRjU2ODYyMTQ4NSUyNmNvbG9yJTNEJTI1MjMwYzY3YzAlMjZhdXRvX3BsYXklM0RmYWxzZSUyNmhpZGVfcmVsYXRlZCUzRGZhbHNlJTI2c2hvd19jb21tZW50cyUzRHRydWUlMjZzaG93X3VzZXIlM0R0cnVlJTI2c2hvd19yZXBvc3RzJTNEZmFsc2UlMjZzaG93X3RlYXNlciUzRHRydWUlMjZ2aXN1YWwlM0R0cnVlJTIyJTNFJTNDJTJGaWZyYW1lJTNF[/vc_raw_html][/vc_column][/vc_row][vc_row][vc_column][vc_cta h2=»» h4=»Vea aquí el documento completo de Peticiones presentado a la Alta Comisionada de las Naciones Unidas para los derechos humanos» h4_use_theme_fonts=»yes» txt_align=»center» use_custom_fonts_h4=»true» h4_link=»url:https%3A%2F%2Fraceandequality-my.sharepoint.com%2F%3Ab%3A%2Fg%2Fpersonal%2Fcommunications_raceandequality_org%2FEcUHbono89FEsZj1Me9KwbEB3aK7b8ryqOJLGJobB4Q1UQ%3Fe%3D2Q1SkS||target:%20_blank|»][/vc_cta][/vc_column][/vc_row][vc_row][vc_column width=»1/2&#8243;][vc_single_image image=»8175&#8243; img_size=»large» alignment=»center»][/vc_column][vc_column width=»1/2&#8243;][vc_column_text]</p>
<p style="text-align: justify;">A lo largo del espacio la Alta Comisionada se mostró profundamente sensible y comprometida con la situación.  Anibal Toruño de Radio Darío señala que el encuentro no sólo es un espacio para presentar una realidad nacional sino la posibilidad de encontrar otros interlocutores para la pronta solución a la crisis.  <em>“Fue un momento esperanzador, recibimos un respaldo pleno de la Alta Comisionada. Una ventana, una esperanza y desde luego la posibilidad de encontrar interlocutores que nos puedan ayudar a resolver la crisis que vivimos actualmente en Nicaragua”. </em></p>
<p>[/vc_column_text][/vc_column][/vc_row][vc_row][vc_column][vc_column_text]</p>
<p style="text-align: justify;">Por su parte, Mónica Baltonado representante de la Fundación Popol Na hizo hincapié en lo que significó presentarle a la comisionada no solo el dolor que viven los defensores y activistas de derechos humanos sino una nación “<em>De una trascendencia significativa para las organizaciones nicaragüenses, pero también para el conjunto de la sociedad, primero porque pudimos de manera directa transmitirle el dolor y el sufrimiento del pueblo de nicaragüense, y la enorme preocupación que tenemos, pero sobre todo el sentido de urgencia de encontrar en el menor tiempo posible una solución</em>”.</p>
<p style="text-align: justify;">Desde el mes de abril de 2018 Nicaragua se encuentra sumergida en una grave crisis de derechos humanos que se ha ido agudizando en tanto no se han atendido las causas que la provocaron ni se ha escuchado la demanda de la población nicaragüense por justicia y democracia.  Durante los últimos meses se ha observado una estrategia del gobierno para desarticular todo espacio de crítica y la violencia se manifiesta de forma más selectiva dirigida hacia defensores y defensoras de derechos humanos.  Hasta el día de hoy, las acciones represivas del gobierno nicaragüense han dejado un saldo de 325 personas asesinadas, más de 2000 heridos, 767 presos y presas políticas y más de 80,000 personas desplazadas forzosamente a Costa Rica.</p>
<p>[/vc_column_text][/vc_column][/vc_row]</p>
</div>

<p>El Instituto Internacional sobre Raza, Igualdad y Derechos Humanos (Raza e Igualdad) facilitó el 1 de febrero, una reunión privada entre 10 representantes de organizaciones de sociedad civil de Nicaragua [&hellip;]</p>
