{"id":11770,"date":"2019-02-15T17:30:37","date_gmt":"2019-02-15T17:30:37","guid":{"rendered":"http:\/\/race01.wp\/resources\/micro-violencias-por-identidad-de-genero-y-raza-contra-las-mujeres-afro-trans\/"},"modified":"2023-05-10T11:53:16","modified_gmt":"2023-05-10T11:53:16","slug":"micro-violencias-por-identidad-de-genero-y-raza-contra-las-mujeres-afro-trans","status":"publish","type":"resources","link":"https:\/\/raceandequality.org\/es\/resources\/micro-violencias-por-identidad-de-genero-y-raza-contra-las-mujeres-afro-trans\/","title":{"rendered":"Micro-violencias por Identidad de G\u00e9nero y Raza contra las Mujeres Afro-trans"},"content":{"rendered":"<div class=\"wpb-content-wrapper\"><p style=\"text-align: justify;\"><strong>Washington, D.C. Febrero 12 de 2019.<\/strong> En el marco de la serie de procesos de formaci\u00f3n que adelanta el Instituto Internacional Sobre Raza, Igualdad y Derechos Humanos (Raza e Igualdad), el pasado 12 de febrero de 2019 se realiz\u00f3 en la ciudad de Santo Domingo de Rep\u00fablica Dominicana, el segundo encuentro de di\u00e1logo: \u00bfPor qu\u00e9 hablar sobre Afro-LGBTI?, el cual cont\u00f3 con la participaci\u00f3n de m\u00e1s de 60 activistas y defensores de derechos humanos principalmente Afro-LGBTI de Colombia, Per\u00fa, Brasil y Rep\u00fablica Dominicana, quienes fueron convocados por la organizaci\u00f3n Trans Siempre Amigas (TRANSSA).<\/p>\n<p>[vc_row][vc_column width=\u00bb1\/2&#8243;][vc_single_image image=\u00bb5323&#8243; img_size=\u00bblarge\u00bb][\/vc_column][vc_column width=\u00bb1\/2&#8243;][vc_column_text]<\/p>\n<p style=\"text-align: justify;\">El punto de apertura de este segundo espacio de di\u00e1logo, moderado por Cristian King de TRANSSA, se focaliz\u00f3 en la situaci\u00f3n de discriminaci\u00f3n que la activista Afro-Trans Bel\u00e9n Zapata, perteneciente a la organizaci\u00f3n de J\u00f3venes Afro-peruanos Ashanti, vivi\u00f3 en el proceso de ingreso a la ciudad de Santo Domingo, en el aeropuerto las Am\u00e9ricas.<\/p>\n<p>[\/vc_column_text][\/vc_column][\/vc_row][vc_row][vc_column width=\u00bb1\/2&#8243;][vc_column_text]<\/p>\n<p style=\"text-align: justify;\">La situaci\u00f3n de discriminaci\u00f3n que afront\u00f3 Bel\u00e9n podr\u00eda resumirse diciendo que ella, tras superar los controles legales de migraci\u00f3n, al disponerse a salir del aeropuerto, un funcionario sin identificarse retuvo su pasaporte sin raz\u00f3n para ello, oblig\u00e1ndola a estar apoyada contra una pared por cerca de 40 minutos expuesta a las miradas de las personas que se movilizaban por el aeropuerto. Despu\u00e9s de ello, junto con un grupo de 10 personas m\u00e1s (en su mayor\u00eda afrodescendientes), es conducida a diferentes controles y escaneos en los que es revisada repetidamente y se concluye que ella no porta drogas. Ante las preguntas de Bel\u00e9n sobre las razones de dicho procedimiento, no existe respuesta alguna, solo hasta que ella misma entiende que se trata de un control de drogas. En todo caso se le informa que el procedimiento es rutinario para los nuevos visitantes al pa\u00eds.<\/p>\n<p>[\/vc_column_text][\/vc_column][vc_column width=\u00bb1\/2&#8243;][vc_raw_html]JTNDYmxvY2txdW90ZSUyMGNsYXNzJTNEJTIydHdpdHRlci10d2VldCUyMiUyMGRhdGEtbGFuZyUzRCUyMmVuJTIyJTNFJTNDcCUyMGxhbmclM0QlMjJlcyUyMiUyMGRpciUzRCUyMmx0ciUyMiUzRSUzQ2ElMjBocmVmJTNEJTIyaHR0cHMlM0ElMkYlMkZ0d2l0dGVyLmNvbSUyRmhhc2h0YWclMkZBZnJvTEdCVEklM0ZzcmMlM0RoYXNoJTI2YW1wJTNCcmVmX3NyYyUzRHR3c3JjJTI1NUV0ZnclMjIlM0UlMjNBZnJvTEdCVEklM0MlMkZhJTNFJTIwLSVGMCU5RiU4RSU5OSVFRiVCOCU4RiUyMCUzQ2ElMjBocmVmJTNEJTIyaHR0cHMlM0ElMkYlMkZ0d2l0dGVyLmNvbSUyRmhhc2h0YWclMkZWb2Nlc0RlRGVudW5jaWElM0ZzcmMlM0RoYXNoJTI2YW1wJTNCcmVmX3NyYyUzRHR3c3JjJTI1NUV0ZnclMjIlM0UlMjNWb2Nlc0RlRGVudW5jaWElM0MlMkZhJTNFJTIwLSUyMExlcyUyMGludml0YW1vcyUyMGElMjBlc2N1Y2hhciUyMGxhJTIwZGVudW5jaWElMjBkZSUyMEJlbCVDMyVBOW4lMjBkZSUyMCUzQ2ElMjBocmVmJTNEJTIyaHR0cHMlM0ElMkYlMkZ0d2l0dGVyLmNvbSUyRmFzaGFudGlwZXJ1JTNGcmVmX3NyYyUzRHR3c3JjJTI1NUV0ZnclMjIlM0UlNDBhc2hhbnRpcGVydSUzQyUyRmElM0UlMjBsaWRlcmVzYSUyMGFmcm9wZXJ1YW5hJTIwdHJhbnMlMjBzb21ldGlkYSUyMGElMjBhY3RvcyUyMGFyYml0cmFyaW9zJTIwcG9yJTIwcGFydGUlMjBkZSUyMGF1dG9yaWRhZGVzJTIwYWVyb3BvcnR1YXJpYXMlMjBlbiUyMCUzQ2ElMjBocmVmJTNEJTIyaHR0cHMlM0ElMkYlMkZ0d2l0dGVyLmNvbSUyRmhhc2h0YWclMkZSRCUzRnNyYyUzRGhhc2glMjZhbXAlM0JyZWZfc3JjJTNEdHdzcmMlMjU1RXRmdyUyMiUzRSUyM1JEJTNDJTJGYSUzRSUyMC0lMjAlMjAlM0NhJTIwaHJlZiUzRCUyMmh0dHBzJTNBJTJGJTJGdHdpdHRlci5jb20lMkZNaWdyYWNpb25SRGNvbSUzRnJlZl9zcmMlM0R0d3NyYyUyNTVFdGZ3JTIyJTNFJTQwTWlncmFjaW9uUkRjb20lM0MlMkZhJTNFJTIwJTNDYSUyMGhyZWYlM0QlMjJodHRwcyUzQSUyRiUyRnR3aXR0ZXIuY29tJTJGTUlSRVhSRCUzRnJlZl9zcmMlM0R0d3NyYyUyNTVFdGZ3JTIyJTNFJTQwTUlSRVhSRCUzQyUyRmElM0UlMjAlM0NhJTIwaHJlZiUzRCUyMmh0dHBzJTNBJTJGJTJGdHdpdHRlci5jb20lMkZHTW9udGFsdm9GcmFuY28lM0ZyZWZfc3JjJTNEdHdzcmMlMjU1RXRmdyUyMiUzRSU0MEdNb250YWx2b0ZyYW5jbyUzQyUyRmElM0UlMjAlM0NhJTIwaHJlZiUzRCUyMmh0dHBzJTNBJTJGJTJGdHdpdHRlci5jb20lMkZHb0RvbVJlcCUzRnJlZl9zcmMlM0R0d3NyYyUyNTVFdGZ3JTIyJTNFJTQwR29Eb21SZXAlM0MlMkZhJTNFJTIwLSUyMEVzY3VjaGElMjBzdSUyMGRlbnVuY2lhJTIwJUYwJTlGJTkxJTg3JUYwJTlGJThGJUJGJTIwJTNDYSUyMGhyZWYlM0QlMjJodHRwcyUzQSUyRiUyRnQuY28lMkZ2UVBNbTRHZkdtJTIyJTNFcGljLnR3aXR0ZXIuY29tJTJGdlFQTW00R2ZHbSUzQyUyRmElM0UlM0MlMkZwJTNFJTI2bWRhc2glM0IlMjBSYWNlJTIwYW5kJTIwRXF1YWxpdHklMjAlMjglNDByYWNlYW5kZXF1YWxpdHklMjklMjAlM0NhJTIwaHJlZiUzRCUyMmh0dHBzJTNBJTJGJTJGdHdpdHRlci5jb20lMkZyYWNlYW5kZXF1YWxpdHklMkZzdGF0dXMlMkYxMDk1NDY1MDI2NTQ5MzU4NTk0JTNGcmVmX3NyYyUzRHR3c3JjJTI1NUV0ZnclMjIlM0VGZWJydWFyeSUyMDEyJTJDJTIwMjAxOSUzQyUyRmElM0UlM0MlMkZibG9ja3F1b3RlJTNFJTBBJTNDc2NyaXB0JTIwYXN5bmMlMjBzcmMlM0QlMjJodHRwcyUzQSUyRiUyRnBsYXRmb3JtLnR3aXR0ZXIuY29tJTJGd2lkZ2V0cy5qcyUyMiUyMGNoYXJzZXQlM0QlMjJ1dGYtOCUyMiUzRSUzQyUyRnNjcmlwdCUzRSUwQQ==[\/vc_raw_html][\/vc_column][\/vc_row][vc_row][vc_column][vc_column_text]<\/p>\n<p style=\"text-align: justify;\">Toda la situaci\u00f3n vivida por Bel\u00e9n, no supera m\u00e1s de una hora. La situaci\u00f3n misma no deja ninguna consecuencia a nivel legal contra ella, no se ejerce ninguna violencia f\u00edsica y, adem\u00e1s, los procedimientos aparentemente se justifican en un confuso argumento de control de drogas y procedimiento est\u00e1ndar de control a nuevos visitantes del pa\u00eds. \u00bfLos responsables? Tras un comunicado y un tweet realizado por Raza e Igualdad denunciando la situaci\u00f3n, Aerodom\u00a0 (el operador aeroportuario de Rep\u00fablica Dominicana) se\u00f1al\u00f3 que son una entidad privada y la responsabilidad le corresponde a otras entidades: \u00bfconclusi\u00f3n? Tampoco existe un ente espec\u00edfico que pueda responder a la situaci\u00f3n.<\/p>\n<p style=\"text-align: justify;\">En el marco del conversatorio, los y las participantes pudieron reflexionar sobre la naturalizaci\u00f3n de este tipo de violencias. Aunque sus efectos conllevan varias vulneraciones, tales como la violaci\u00f3n al debido proceso, la restricci\u00f3n injustificada de la movilidad y el abuso arbitrario de la autoridad, vemos estas situaciones como menores porque no conllevan malos tratos f\u00edsicos de alta gravedad. En ese sentido, nos enfrentamos a lo que podemos denominar \u201cmicro-violencias\u201d que son naturalizadas por las v\u00edctimas, porque creen que no es grave o simplemente porque no existe expectativa de una respuesta frente a la denuncia de esta ante la autoridad.<\/p>\n<p>[\/vc_column_text][\/vc_column][\/vc_row][vc_row][vc_column width=\u00bb1\/2&#8243;][vc_single_image image=\u00bb5327&#8243; img_size=\u00bblarge\u00bb][\/vc_column][vc_column width=\u00bb1\/2&#8243;][vc_single_image image=\u00bb8285&#8243; img_size=\u00bblarge\u00bb][\/vc_column][\/vc_row][vc_row][vc_column][vc_column_text]<\/p>\n<p style=\"text-align: justify;\">En desarrollo de la conversaci\u00f3n, se evidenci\u00f3 el valor de Bel\u00e9n al poner de presente esta situaci\u00f3n, ya que algunas de las personas asistentes al evento, expresaron como han vivido situaciones an\u00e1logas, ya sea por su raza o por su orientaci\u00f3n sexual y\/o identidad de g\u00e9nero. As\u00ed mismo se se\u00f1al\u00f3 la gravedad de estos hechos, cuando la falta de identificaci\u00f3n de los funcionarios y la arbitrariedad de los procedimientos, impide se\u00f1alar responsabilidades espec\u00edficas. De otra parte, se cuestion\u00f3 la ausencia de estrategias articuladas de trabajo por parte de las entidades aeroportuarias en este caso, que como en otros, es la consecuencia de considerar que la respuesta a las situaciones de discriminaci\u00f3n estructural, corresponde a otros y no a todos.<\/p>\n<p style=\"text-align: justify;\">Otra situaci\u00f3n ilustrativa fue narrada por una participante afro-trans que se\u00f1al\u00f3 las limitaciones al acceso a la salud que ella ha vivido como mujer trans. La participante narr\u00f3 una situaci\u00f3n en la que fue objeto de burlas al solicitar atenci\u00f3n a un ur\u00f3logo por problemas asociados a su pr\u00f3stata. Por este simple hecho fue ridiculizada y se le neg\u00f3 inicialmente la entrega de resultados m\u00e9dicos a ex\u00e1menes que ella se tom\u00f3, aunque finalmente los pudo obtener por su insistencia.<\/p>\n<p style=\"text-align: justify;\">De nuevo, si bien hubo acceso a la atenci\u00f3n m\u00e9dica y la situaci\u00f3n se podr\u00eda calificar como una simple cuesti\u00f3n de indebida atenci\u00f3n al usuario, este tipo de violencias que parecieran \u201cmicro\u201d tienen un impacto importante en la confianza con las instituciones m\u00e9dicas por parte de las personas trans y en este caso, afro-trans. Se trata de una situaci\u00f3n en la que el servicio m\u00e9dico se vuelve tortuoso y se pone en riesgo la salud o incluso la vida misma cu\u00e1ndo la denegaci\u00f3n de servicios lleva a que las personas por si solas dejen de buscar atenci\u00f3n adecuada.<\/p>\n<p style=\"text-align: justify;\">Estas dos sencillas reflexiones, en torno a las violencias de las mujeres afro-trans, si bien nos sacan de la discusiones cl\u00e1sicas en torno a graves violencias contra la poblaci\u00f3n afro, trans y LGBTI, nos ponen de presente que muchas veces el germen de las graves violencias que estas poblaciones viven se haya en la cotidianidad, en la denegaci\u00f3n de un servicio o en procedimientos irregulares que aunque no dejen una huella permanente, hacen que gota a gota, horaden la dignidad humana e integridad de las personas afro-trans.<\/p>\n<p>Gracias al apoyo de la\u00a0Oficina de Democracia, Derechos Humanos y Asuntos Laborales del Departamento de Estado de los Estados Unidos, Raza e Igualdad logr\u00f3 patrocinar el evento y facilitar la asistencia de los invitados internacionales.<\/p>\n<p>[\/vc_column_text][\/vc_column][\/vc_row]<\/p>\n<\/div>","protected":false},"excerpt":{"rendered":"<p>Washington, D.C. Febrero 12 de 2019. En el marco de la serie de procesos de formaci\u00f3n que adelanta el Instituto Internacional Sobre Raza, Igualdad y Derechos Humanos (Raza e Igualdad), [&hellip;]<\/p>\n","protected":false},"author":15,"featured_media":9441,"parent":0,"menu_order":0,"template":"","format":"standard","categories":[1163],"resources_country":[1191,1201,1195],"resources_language":[],"resources_audience":[],"resources_format":[],"resources_topic":[1109],"resources_year":[],"class_list":["post-11770","resources","type-resources","status-publish","format-standard","has-post-thumbnail","hentry","category-regional","resources_country-colombia-es","resources_country-peru-es","resources_country-republica-dominicana","resources_topic-raza-e-igualdad"],"acf":[],"aioseo_notices":[],"_links":{"self":[{"href":"https:\/\/raceandequality.org\/es\/wp-json\/wp\/v2\/resources\/11770","targetHints":{"allow":["GET"]}}],"collection":[{"href":"https:\/\/raceandequality.org\/es\/wp-json\/wp\/v2\/resources"}],"about":[{"href":"https:\/\/raceandequality.org\/es\/wp-json\/wp\/v2\/types\/resources"}],"author":[{"embeddable":true,"href":"https:\/\/raceandequality.org\/es\/wp-json\/wp\/v2\/users\/15"}],"wp:featuredmedia":[{"embeddable":true,"href":"https:\/\/raceandequality.org\/es\/wp-json\/wp\/v2\/media\/9441"}],"wp:attachment":[{"href":"https:\/\/raceandequality.org\/es\/wp-json\/wp\/v2\/media?parent=11770"}],"wp:term":[{"taxonomy":"category","embeddable":true,"href":"https:\/\/raceandequality.org\/es\/wp-json\/wp\/v2\/categories?post=11770"},{"taxonomy":"resources_country","embeddable":true,"href":"https:\/\/raceandequality.org\/es\/wp-json\/wp\/v2\/resources_country?post=11770"},{"taxonomy":"resources_language","embeddable":true,"href":"https:\/\/raceandequality.org\/es\/wp-json\/wp\/v2\/resources_language?post=11770"},{"taxonomy":"resources_audience","embeddable":true,"href":"https:\/\/raceandequality.org\/es\/wp-json\/wp\/v2\/resources_audience?post=11770"},{"taxonomy":"resources_format","embeddable":true,"href":"https:\/\/raceandequality.org\/es\/wp-json\/wp\/v2\/resources_format?post=11770"},{"taxonomy":"resources_topic","embeddable":true,"href":"https:\/\/raceandequality.org\/es\/wp-json\/wp\/v2\/resources_topic?post=11770"},{"taxonomy":"resources_year","embeddable":true,"href":"https:\/\/raceandequality.org\/es\/wp-json\/wp\/v2\/resources_year?post=11770"}],"curies":[{"name":"wp","href":"https:\/\/api.w.org\/{rel}","templated":true}]}}

Micro-violencias por Identidad de Género y Raza contra las Mujeres Afro-trans

<div class="wpb-content-wrapper"><p style="text-align: justify;"><strong>Washington, D.C. Febrero 12 de 2019.</strong> En el marco de la serie de procesos de formación que adelanta el Instituto Internacional Sobre Raza, Igualdad y Derechos Humanos (Raza e Igualdad), el pasado 12 de febrero de 2019 se realizó en la ciudad de Santo Domingo de República Dominicana, el segundo encuentro de diálogo: ¿Por qué hablar sobre Afro-LGBTI?, el cual contó con la participación de más de 60 activistas y defensores de derechos humanos principalmente Afro-LGBTI de Colombia, Perú, Brasil y República Dominicana, quienes fueron convocados por la organización Trans Siempre Amigas (TRANSSA).</p>
<p>[vc_row][vc_column width=»1/2&#8243;][vc_single_image image=»5323&#8243; img_size=»large»][/vc_column][vc_column width=»1/2&#8243;][vc_column_text]</p>
<p style="text-align: justify;">El punto de apertura de este segundo espacio de diálogo, moderado por Cristian King de TRANSSA, se focalizó en la situación de discriminación que la activista Afro-Trans Belén Zapata, perteneciente a la organización de Jóvenes Afro-peruanos Ashanti, vivió en el proceso de ingreso a la ciudad de Santo Domingo, en el aeropuerto las Américas.</p>
<p>[/vc_column_text][/vc_column][/vc_row][vc_row][vc_column width=»1/2&#8243;][vc_column_text]</p>
<p style="text-align: justify;">La situación de discriminación que afrontó Belén podría resumirse diciendo que ella, tras superar los controles legales de migración, al disponerse a salir del aeropuerto, un funcionario sin identificarse retuvo su pasaporte sin razón para ello, obligándola a estar apoyada contra una pared por cerca de 40 minutos expuesta a las miradas de las personas que se movilizaban por el aeropuerto. Después de ello, junto con un grupo de 10 personas más (en su mayoría afrodescendientes), es conducida a diferentes controles y escaneos en los que es revisada repetidamente y se concluye que ella no porta drogas. Ante las preguntas de Belén sobre las razones de dicho procedimiento, no existe respuesta alguna, solo hasta que ella misma entiende que se trata de un control de drogas. En todo caso se le informa que el procedimiento es rutinario para los nuevos visitantes al país.</p>
<p>[/vc_column_text][/vc_column][vc_column width=»1/2&#8243;][vc_raw_html]JTNDYmxvY2txdW90ZSUyMGNsYXNzJTNEJTIydHdpdHRlci10d2VldCUyMiUyMGRhdGEtbGFuZyUzRCUyMmVuJTIyJTNFJTNDcCUyMGxhbmclM0QlMjJlcyUyMiUyMGRpciUzRCUyMmx0ciUyMiUzRSUzQ2ElMjBocmVmJTNEJTIyaHR0cHMlM0ElMkYlMkZ0d2l0dGVyLmNvbSUyRmhhc2h0YWclMkZBZnJvTEdCVEklM0ZzcmMlM0RoYXNoJTI2YW1wJTNCcmVmX3NyYyUzRHR3c3JjJTI1NUV0ZnclMjIlM0UlMjNBZnJvTEdCVEklM0MlMkZhJTNFJTIwLSVGMCU5RiU4RSU5OSVFRiVCOCU4RiUyMCUzQ2ElMjBocmVmJTNEJTIyaHR0cHMlM0ElMkYlMkZ0d2l0dGVyLmNvbSUyRmhhc2h0YWclMkZWb2Nlc0RlRGVudW5jaWElM0ZzcmMlM0RoYXNoJTI2YW1wJTNCcmVmX3NyYyUzRHR3c3JjJTI1NUV0ZnclMjIlM0UlMjNWb2Nlc0RlRGVudW5jaWElM0MlMkZhJTNFJTIwLSUyMExlcyUyMGludml0YW1vcyUyMGElMjBlc2N1Y2hhciUyMGxhJTIwZGVudW5jaWElMjBkZSUyMEJlbCVDMyVBOW4lMjBkZSUyMCUzQ2ElMjBocmVmJTNEJTIyaHR0cHMlM0ElMkYlMkZ0d2l0dGVyLmNvbSUyRmFzaGFudGlwZXJ1JTNGcmVmX3NyYyUzRHR3c3JjJTI1NUV0ZnclMjIlM0UlNDBhc2hhbnRpcGVydSUzQyUyRmElM0UlMjBsaWRlcmVzYSUyMGFmcm9wZXJ1YW5hJTIwdHJhbnMlMjBzb21ldGlkYSUyMGElMjBhY3RvcyUyMGFyYml0cmFyaW9zJTIwcG9yJTIwcGFydGUlMjBkZSUyMGF1dG9yaWRhZGVzJTIwYWVyb3BvcnR1YXJpYXMlMjBlbiUyMCUzQ2ElMjBocmVmJTNEJTIyaHR0cHMlM0ElMkYlMkZ0d2l0dGVyLmNvbSUyRmhhc2h0YWclMkZSRCUzRnNyYyUzRGhhc2glMjZhbXAlM0JyZWZfc3JjJTNEdHdzcmMlMjU1RXRmdyUyMiUzRSUyM1JEJTNDJTJGYSUzRSUyMC0lMjAlMjAlM0NhJTIwaHJlZiUzRCUyMmh0dHBzJTNBJTJGJTJGdHdpdHRlci5jb20lMkZNaWdyYWNpb25SRGNvbSUzRnJlZl9zcmMlM0R0d3NyYyUyNTVFdGZ3JTIyJTNFJTQwTWlncmFjaW9uUkRjb20lM0MlMkZhJTNFJTIwJTNDYSUyMGhyZWYlM0QlMjJodHRwcyUzQSUyRiUyRnR3aXR0ZXIuY29tJTJGTUlSRVhSRCUzRnJlZl9zcmMlM0R0d3NyYyUyNTVFdGZ3JTIyJTNFJTQwTUlSRVhSRCUzQyUyRmElM0UlMjAlM0NhJTIwaHJlZiUzRCUyMmh0dHBzJTNBJTJGJTJGdHdpdHRlci5jb20lMkZHTW9udGFsdm9GcmFuY28lM0ZyZWZfc3JjJTNEdHdzcmMlMjU1RXRmdyUyMiUzRSU0MEdNb250YWx2b0ZyYW5jbyUzQyUyRmElM0UlMjAlM0NhJTIwaHJlZiUzRCUyMmh0dHBzJTNBJTJGJTJGdHdpdHRlci5jb20lMkZHb0RvbVJlcCUzRnJlZl9zcmMlM0R0d3NyYyUyNTVFdGZ3JTIyJTNFJTQwR29Eb21SZXAlM0MlMkZhJTNFJTIwLSUyMEVzY3VjaGElMjBzdSUyMGRlbnVuY2lhJTIwJUYwJTlGJTkxJTg3JUYwJTlGJThGJUJGJTIwJTNDYSUyMGhyZWYlM0QlMjJodHRwcyUzQSUyRiUyRnQuY28lMkZ2UVBNbTRHZkdtJTIyJTNFcGljLnR3aXR0ZXIuY29tJTJGdlFQTW00R2ZHbSUzQyUyRmElM0UlM0MlMkZwJTNFJTI2bWRhc2glM0IlMjBSYWNlJTIwYW5kJTIwRXF1YWxpdHklMjAlMjglNDByYWNlYW5kZXF1YWxpdHklMjklMjAlM0NhJTIwaHJlZiUzRCUyMmh0dHBzJTNBJTJGJTJGdHdpdHRlci5jb20lMkZyYWNlYW5kZXF1YWxpdHklMkZzdGF0dXMlMkYxMDk1NDY1MDI2NTQ5MzU4NTk0JTNGcmVmX3NyYyUzRHR3c3JjJTI1NUV0ZnclMjIlM0VGZWJydWFyeSUyMDEyJTJDJTIwMjAxOSUzQyUyRmElM0UlM0MlMkZibG9ja3F1b3RlJTNFJTBBJTNDc2NyaXB0JTIwYXN5bmMlMjBzcmMlM0QlMjJodHRwcyUzQSUyRiUyRnBsYXRmb3JtLnR3aXR0ZXIuY29tJTJGd2lkZ2V0cy5qcyUyMiUyMGNoYXJzZXQlM0QlMjJ1dGYtOCUyMiUzRSUzQyUyRnNjcmlwdCUzRSUwQQ==[/vc_raw_html][/vc_column][/vc_row][vc_row][vc_column][vc_column_text]</p>
<p style="text-align: justify;">Toda la situación vivida por Belén, no supera más de una hora. La situación misma no deja ninguna consecuencia a nivel legal contra ella, no se ejerce ninguna violencia física y, además, los procedimientos aparentemente se justifican en un confuso argumento de control de drogas y procedimiento estándar de control a nuevos visitantes del país. ¿Los responsables? Tras un comunicado y un tweet realizado por Raza e Igualdad denunciando la situación, Aerodom  (el operador aeroportuario de República Dominicana) señaló que son una entidad privada y la responsabilidad le corresponde a otras entidades: ¿conclusión? Tampoco existe un ente específico que pueda responder a la situación.</p>
<p style="text-align: justify;">En el marco del conversatorio, los y las participantes pudieron reflexionar sobre la naturalización de este tipo de violencias. Aunque sus efectos conllevan varias vulneraciones, tales como la violación al debido proceso, la restricción injustificada de la movilidad y el abuso arbitrario de la autoridad, vemos estas situaciones como menores porque no conllevan malos tratos físicos de alta gravedad. En ese sentido, nos enfrentamos a lo que podemos denominar “micro-violencias” que son naturalizadas por las víctimas, porque creen que no es grave o simplemente porque no existe expectativa de una respuesta frente a la denuncia de esta ante la autoridad.</p>
<p>[/vc_column_text][/vc_column][/vc_row][vc_row][vc_column width=»1/2&#8243;][vc_single_image image=»5327&#8243; img_size=»large»][/vc_column][vc_column width=»1/2&#8243;][vc_single_image image=»8285&#8243; img_size=»large»][/vc_column][/vc_row][vc_row][vc_column][vc_column_text]</p>
<p style="text-align: justify;">En desarrollo de la conversación, se evidenció el valor de Belén al poner de presente esta situación, ya que algunas de las personas asistentes al evento, expresaron como han vivido situaciones análogas, ya sea por su raza o por su orientación sexual y/o identidad de género. Así mismo se señaló la gravedad de estos hechos, cuando la falta de identificación de los funcionarios y la arbitrariedad de los procedimientos, impide señalar responsabilidades específicas. De otra parte, se cuestionó la ausencia de estrategias articuladas de trabajo por parte de las entidades aeroportuarias en este caso, que como en otros, es la consecuencia de considerar que la respuesta a las situaciones de discriminación estructural, corresponde a otros y no a todos.</p>
<p style="text-align: justify;">Otra situación ilustrativa fue narrada por una participante afro-trans que señaló las limitaciones al acceso a la salud que ella ha vivido como mujer trans. La participante narró una situación en la que fue objeto de burlas al solicitar atención a un urólogo por problemas asociados a su próstata. Por este simple hecho fue ridiculizada y se le negó inicialmente la entrega de resultados médicos a exámenes que ella se tomó, aunque finalmente los pudo obtener por su insistencia.</p>
<p style="text-align: justify;">De nuevo, si bien hubo acceso a la atención médica y la situación se podría calificar como una simple cuestión de indebida atención al usuario, este tipo de violencias que parecieran “micro” tienen un impacto importante en la confianza con las instituciones médicas por parte de las personas trans y en este caso, afro-trans. Se trata de una situación en la que el servicio médico se vuelve tortuoso y se pone en riesgo la salud o incluso la vida misma cuándo la denegación de servicios lleva a que las personas por si solas dejen de buscar atención adecuada.</p>
<p style="text-align: justify;">Estas dos sencillas reflexiones, en torno a las violencias de las mujeres afro-trans, si bien nos sacan de la discusiones clásicas en torno a graves violencias contra la población afro, trans y LGBTI, nos ponen de presente que muchas veces el germen de las graves violencias que estas poblaciones viven se haya en la cotidianidad, en la denegación de un servicio o en procedimientos irregulares que aunque no dejen una huella permanente, hacen que gota a gota, horaden la dignidad humana e integridad de las personas afro-trans.</p>
<p>Gracias al apoyo de la Oficina de Democracia, Derechos Humanos y Asuntos Laborales del Departamento de Estado de los Estados Unidos, Raza e Igualdad logró patrocinar el evento y facilitar la asistencia de los invitados internacionales.</p>
<p>[/vc_column_text][/vc_column][/vc_row]</p>
</div>

<p>Washington, D.C. Febrero 12 de 2019. En el marco de la serie de procesos de formación que adelanta el Instituto Internacional Sobre Raza, Igualdad y Derechos Humanos (Raza e Igualdad), [&hellip;]</p>
