{"id":11811,"date":"2019-03-04T23:24:40","date_gmt":"2019-03-04T23:24:40","guid":{"rendered":"http:\/\/race01.wp\/resources\/comunicado-publico-urgimos-inmediata-atencion-del-estado-colombiano-ante-la-desaparicion-de-afrocolombianos-exiliados-en-ecuador-tras-amenazas\/"},"modified":"2023-05-10T11:41:03","modified_gmt":"2023-05-10T11:41:03","slug":"comunicado-publico-urgimos-inmediata-atencion-del-estado-colombiano-ante-la-desaparicion-de-afrocolombianos-exiliados-en-ecuador-tras-amenazas","status":"publish","type":"resources","link":"https:\/\/raceandequality.org\/es\/resources\/comunicado-publico-urgimos-inmediata-atencion-del-estado-colombiano-ante-la-desaparicion-de-afrocolombianos-exiliados-en-ecuador-tras-amenazas\/","title":{"rendered":"Comunicado P\u00fablico:  Urgimos inmediata atenci\u00f3n del Estado colombiano ante la desaparici\u00f3n de afrocolombianos exiliados en Ecuador tras amenazas"},"content":{"rendered":"<p style=\"text-align: justify;\"><strong><em>Bogot\u00e1, Colombia &#8211; 4 de marzo de 2019.<\/em><\/strong>\u00a0 El Instituto Internacional sobre Raza, Igualdad y Derechos Humanos (Raza e Igualdad) unido a la voz de denuncia de la Asociaci\u00f3n Nacional de Afrocolombianos Desplazados \u2013 AFRODES, hace un en\u00e9rgico y urgente llamado al Estado Colombiano para atender de manera inmediata la desaparici\u00f3n, desde el pasado 27 de febrero en Quito, Ecuador, de Pl\u00e1cido Tercero Escalante y Ana Gloria Cabezas, afrocolombianos v\u00edctimas de desplazamiento forzado en Colombia perteneciente a FUNDAFRO, organizaci\u00f3n adscrita a la Asociaci\u00f3n Nacional de Afrocolombianos Desplazados, AFRODES.<\/p>\n<p style=\"text-align: justify;\">Placido y Ana Gloria se vieron obligados a abandonar el territorio colombiano, y solicitar asilo al pa\u00eds vecino Ecuador, junto a sus grupos familiares, el pasado mes de enero, tras las m\u00faltiples amenazas en su contra y en respuesta a la falta de protecci\u00f3n por parte de las autoridades colombianas que garantizaran su vida e integridad.<\/p>\n<p style=\"text-align: justify;\">Erlendy Cuero, vicepresidenta de AFRODES se\u00f1ala que Ana Gloria y Pl\u00e1cido, d\u00edas previos a su desaparici\u00f3n, denunciaron haber visto en Quito a las personas que los hab\u00edan amenazado en su territorio, raz\u00f3n por la cual, fueron citados a declarar ante la fiscal\u00eda del Ecuador una vez informaron sobre la situaci\u00f3n de riesgo.\u00a0\u00a0 Seg\u00fan lo se\u00f1alado por AFRODES, desde este d\u00eda se desconoce del paradero de los dos l\u00edderes sociales populares.<\/p>\n<p style=\"text-align: justify;\">En absoluta condena ante lo sucedido, urgimos al Estado Colombiano, atender de manera inmediata la situaci\u00f3n de des-protecci\u00f3n y falta de garant\u00edas en que se encuentran los sectores sociales populares inmersos en una guerra a\u00fan vigente en los territorios en disputa por grupo al margen de la ley.\u00a0 As\u00ed mismo, urgimos a la comunidad internacional denunciar p\u00fablicamente la sistem\u00e1tica situaci\u00f3n de riesgo en la que se encuentran los pueblos \u00e9tnicos en Colombia, especialmente golpeados por el conflicto, social, pol\u00edtico y econ\u00f3mico que enfrenta el pa\u00eds, de la misma manera, urgimos a las autoridades del Estado colombiano dar pronta respuesta para encontrar con vida a Ana y Pl\u00e1cido.<\/p>\n","protected":false},"excerpt":{"rendered":"<p>Bogot\u00e1, Colombia &#8211; 4 de marzo de 2019.\u00a0 El Instituto Internacional sobre Raza, Igualdad y Derechos Humanos (Raza e Igualdad) unido a la voz de denuncia de la Asociaci\u00f3n Nacional [&hellip;]<\/p>\n","protected":false},"author":15,"featured_media":11812,"parent":0,"menu_order":0,"template":"","format":"standard","categories":[1162,1122,1154,1161,1159],"resources_country":[1191],"resources_language":[],"resources_audience":[],"resources_format":[],"resources_topic":[1100,1106,1117],"resources_year":[],"class_list":["post-11811","resources","type-resources","status-publish","format-standard","has-post-thumbnail","hentry","category-cidh","category-colombia","category-espanol","category-oea","category-onu","resources_country-colombia-es","resources_topic-cidh","resources_topic-oea-es","resources_topic-onu"],"acf":[],"aioseo_notices":[],"_links":{"self":[{"href":"https:\/\/raceandequality.org\/es\/wp-json\/wp\/v2\/resources\/11811","targetHints":{"allow":["GET"]}}],"collection":[{"href":"https:\/\/raceandequality.org\/es\/wp-json\/wp\/v2\/resources"}],"about":[{"href":"https:\/\/raceandequality.org\/es\/wp-json\/wp\/v2\/types\/resources"}],"author":[{"embeddable":true,"href":"https:\/\/raceandequality.org\/es\/wp-json\/wp\/v2\/users\/15"}],"wp:featuredmedia":[{"embeddable":true,"href":"https:\/\/raceandequality.org\/es\/wp-json\/wp\/v2\/media\/11812"}],"wp:attachment":[{"href":"https:\/\/raceandequality.org\/es\/wp-json\/wp\/v2\/media?parent=11811"}],"wp:term":[{"taxonomy":"category","embeddable":true,"href":"https:\/\/raceandequality.org\/es\/wp-json\/wp\/v2\/categories?post=11811"},{"taxonomy":"resources_country","embeddable":true,"href":"https:\/\/raceandequality.org\/es\/wp-json\/wp\/v2\/resources_country?post=11811"},{"taxonomy":"resources_language","embeddable":true,"href":"https:\/\/raceandequality.org\/es\/wp-json\/wp\/v2\/resources_language?post=11811"},{"taxonomy":"resources_audience","embeddable":true,"href":"https:\/\/raceandequality.org\/es\/wp-json\/wp\/v2\/resources_audience?post=11811"},{"taxonomy":"resources_format","embeddable":true,"href":"https:\/\/raceandequality.org\/es\/wp-json\/wp\/v2\/resources_format?post=11811"},{"taxonomy":"resources_topic","embeddable":true,"href":"https:\/\/raceandequality.org\/es\/wp-json\/wp\/v2\/resources_topic?post=11811"},{"taxonomy":"resources_year","embeddable":true,"href":"https:\/\/raceandequality.org\/es\/wp-json\/wp\/v2\/resources_year?post=11811"}],"curies":[{"name":"wp","href":"https:\/\/api.w.org\/{rel}","templated":true}]}}

Comunicado Público:  Urgimos inmediata atención del Estado colombiano ante la desaparición de afrocolombianos exiliados en Ecuador tras amenazas

<p style="text-align: justify;"><strong><em>Bogotá, Colombia &#8211; 4 de marzo de 2019.</em></strong>  El Instituto Internacional sobre Raza, Igualdad y Derechos Humanos (Raza e Igualdad) unido a la voz de denuncia de la Asociación Nacional de Afrocolombianos Desplazados – AFRODES, hace un enérgico y urgente llamado al Estado Colombiano para atender de manera inmediata la desaparición, desde el pasado 27 de febrero en Quito, Ecuador, de Plácido Tercero Escalante y Ana Gloria Cabezas, afrocolombianos víctimas de desplazamiento forzado en Colombia perteneciente a FUNDAFRO, organización adscrita a la Asociación Nacional de Afrocolombianos Desplazados, AFRODES.</p>
<p style="text-align: justify;">Placido y Ana Gloria se vieron obligados a abandonar el territorio colombiano, y solicitar asilo al país vecino Ecuador, junto a sus grupos familiares, el pasado mes de enero, tras las múltiples amenazas en su contra y en respuesta a la falta de protección por parte de las autoridades colombianas que garantizaran su vida e integridad.</p>
<p style="text-align: justify;">Erlendy Cuero, vicepresidenta de AFRODES señala que Ana Gloria y Plácido, días previos a su desaparición, denunciaron haber visto en Quito a las personas que los habían amenazado en su territorio, razón por la cual, fueron citados a declarar ante la fiscalía del Ecuador una vez informaron sobre la situación de riesgo.   Según lo señalado por AFRODES, desde este día se desconoce del paradero de los dos líderes sociales populares.</p>
<p style="text-align: justify;">En absoluta condena ante lo sucedido, urgimos al Estado Colombiano, atender de manera inmediata la situación de des-protección y falta de garantías en que se encuentran los sectores sociales populares inmersos en una guerra aún vigente en los territorios en disputa por grupo al margen de la ley.  Así mismo, urgimos a la comunidad internacional denunciar públicamente la sistemática situación de riesgo en la que se encuentran los pueblos étnicos en Colombia, especialmente golpeados por el conflicto, social, político y económico que enfrenta el país, de la misma manera, urgimos a las autoridades del Estado colombiano dar pronta respuesta para encontrar con vida a Ana y Plácido.</p>

<p>Bogotá, Colombia &#8211; 4 de marzo de 2019.  El Instituto Internacional sobre Raza, Igualdad y Derechos Humanos (Raza e Igualdad) unido a la voz de denuncia de la Asociación Nacional [&hellip;]</p>
