{"id":11815,"date":"2019-03-06T23:14:35","date_gmt":"2019-03-06T23:14:35","guid":{"rendered":"http:\/\/race01.wp\/resources\/organizacion-afrocolombiana-y-grupo-de-investigacion-de-american-university-se-articulan-para-documentar-situacion-de-derechos-de-la-poblacion-afro-lgbti-en-colombia\/"},"modified":"2023-05-10T11:53:16","modified_gmt":"2023-05-10T11:53:16","slug":"organizacion-afrocolombiana-y-grupo-de-investigacion-de-american-university-se-articulan-para-documentar-situacion-de-derechos-de-la-poblacion-afro-lgbti-en-colombia","status":"publish","type":"resources","link":"https:\/\/raceandequality.org\/es\/resources\/organizacion-afrocolombiana-y-grupo-de-investigacion-de-american-university-se-articulan-para-documentar-situacion-de-derechos-de-la-poblacion-afro-lgbti-en-colombia\/","title":{"rendered":"Organizaci\u00f3n afrocolombiana y grupo de investigaci\u00f3n de American University se articulan para documentar situaci\u00f3n de derechos de la poblaci\u00f3n afro &#8211; LGBTI en Colombia"},"content":{"rendered":"<div class=\"wpb-content-wrapper\"><p style=\"text-align: justify;\">Grupo de investigaci\u00f3n de American University en articulaci\u00f3n con la Fundaci\u00f3n Afrodescendiente por las Diversidades Sociales y Sexuales- SOMOS IDENTIDAD avanzan en la documentaci\u00f3n de las violencias que atentan contra la vida e integridad de personas afrocolombianas por su orientaci\u00f3n sexual o identidad de g\u00e9nero diversa.<\/p>\n<p style=\"text-align: justify;\">Con el apoyo de la Oficina de Democracia, Derechos Humanos y Asuntos Laborales (DRL) de los Estados Unidos y en el marco del proyecto de investigaci\u00f3n que Raza e Igualdad y siete organizaciones de Am\u00e9rica Latina y el Caribe vienen desarrollando, con el objetivo de documentar la situaci\u00f3n de derechos que viven las personas afro y LGBTI de la Regi\u00f3n; Somos Identidad en alianza con un grupo de investigaci\u00f3n del Washington College of Law de American University, avanzan en la documentaci\u00f3n y an\u00e1lisis del contexto pol\u00edtico-legal en el que las personas afrocolombianas con orientaciones sexuales e identidades de g\u00e9nero diversas se encuentran inmersas; considerando especialmente, todos aquellos aspectos que garantizan o imposibilitan el goce pleno de los derechos fundamentales del grupo de personas que viven bajo esta intersecci\u00f3n.<\/p>\n<p>\u00a0[vc_row][vc_column width=\u00bb1\/2&#8243;][vc_single_image image=\u00bb5490&#8243; img_size=\u00bblarge\u00bb][\/vc_column][vc_column width=\u00bb1\/2&#8243;][vc_single_image image=\u00bb5486&#8243; img_size=\u00bblarge\u00bb][\/vc_column][\/vc_row][vc_row][vc_column][vc_column_text]<\/p>\n<p style=\"text-align: justify;\">Seg\u00fan Johana Caicedo, representante legal de Somos Identidad, Colombia es uno de los pa\u00edses de la regi\u00f3n que m\u00e1s reporta avances legislativos en materia de derechos de la poblaci\u00f3n LGBTI y derechos de la poblaci\u00f3n afrodescendiente, sin embargo, cuando se trata de la intersecci\u00f3n de estas dos variables no existe un trabajo legislativo que garantice y vele por los derechos del conjunto de personas afro-LGBTI; y sin bien existe la legislaci\u00f3n, su materializaci\u00f3n en la garant\u00eda de los derechos todav\u00eda es d\u00e9bil y esto tiende a tener un impacto significativo en la exigibilidad de derechos de este grupo de personas estructural e hist\u00f3ricamente marginadas, a\u00f1adi\u00f3 Caicedo.<\/p>\n<p>[\/vc_column_text][\/vc_column][\/vc_row][vc_row][vc_column][vc_single_image image=\u00bb5488&#8243; img_size=\u00bbfull\u00bb][\/vc_column][\/vc_row][vc_row][vc_column][vc_column_text]<\/p>\n<p style=\"text-align: justify;\">Durante las jornadas de trabajo entre la organizaci\u00f3n afrocolombiana de la Universidad del Valle del Cauca, y el grupo de investigaci\u00f3n de American University, realizadas durante la \u00faltima semana del mes de febrero y la primera semana de marzo de 2019, se llevaron a cabo reuniones con personas negra\/afros diversas sexualmente en Cali; adem\u00e1s de diferentes encuentros con activistas, representantes de organizaciones sociales afro y LGBTI como Santa Mar\u00eda Fundaci\u00f3n, adem\u00e1s de espacios de di\u00e1logo con representantes de entidades gubernamentales como la gobernaci\u00f3n del Valle del Cauca, la Alcald\u00eda de Cali y la Fiscal\u00eda General de la Naci\u00f3n.<\/p>\n<p>[\/vc_column_text][\/vc_column][\/vc_row][vc_row][vc_column][vc_single_image image=\u00bb5491&#8243; img_size=\u00bbfull\u00bb][\/vc_column][\/vc_row][vc_row][vc_column][vc_column_text]<\/p>\n<p style=\"text-align: justify;\">Se espere que este material de investigaci\u00f3n aporte a la construcci\u00f3n de un mapa del estado de los derechos de la poblaci\u00f3n afro \u2013 LGBTI en Colombia, adem\u00e1s se consolide como una herramienta de incidencia ante el Sistema Interamericano a favor de este grupo de personas.<\/p>\n<p>[\/vc_column_text][\/vc_column][\/vc_row]<\/p>\n<\/div>","protected":false},"excerpt":{"rendered":"<p>Grupo de investigaci\u00f3n de American University en articulaci\u00f3n con la Fundaci\u00f3n Afrodescendiente por las Diversidades Sociales y Sexuales- SOMOS IDENTIDAD avanzan en la documentaci\u00f3n de las violencias que atentan contra [&hellip;]<\/p>\n","protected":false},"author":15,"featured_media":9462,"parent":0,"menu_order":0,"template":"","format":"standard","categories":[1163],"resources_country":[1191],"resources_language":[],"resources_audience":[],"resources_format":[],"resources_topic":[1109],"resources_year":[],"class_list":["post-11815","resources","type-resources","status-publish","format-standard","has-post-thumbnail","hentry","category-regional","resources_country-colombia-es","resources_topic-raza-e-igualdad"],"acf":[],"aioseo_notices":[],"_links":{"self":[{"href":"https:\/\/raceandequality.org\/es\/wp-json\/wp\/v2\/resources\/11815","targetHints":{"allow":["GET"]}}],"collection":[{"href":"https:\/\/raceandequality.org\/es\/wp-json\/wp\/v2\/resources"}],"about":[{"href":"https:\/\/raceandequality.org\/es\/wp-json\/wp\/v2\/types\/resources"}],"author":[{"embeddable":true,"href":"https:\/\/raceandequality.org\/es\/wp-json\/wp\/v2\/users\/15"}],"wp:featuredmedia":[{"embeddable":true,"href":"https:\/\/raceandequality.org\/es\/wp-json\/wp\/v2\/media\/9462"}],"wp:attachment":[{"href":"https:\/\/raceandequality.org\/es\/wp-json\/wp\/v2\/media?parent=11815"}],"wp:term":[{"taxonomy":"category","embeddable":true,"href":"https:\/\/raceandequality.org\/es\/wp-json\/wp\/v2\/categories?post=11815"},{"taxonomy":"resources_country","embeddable":true,"href":"https:\/\/raceandequality.org\/es\/wp-json\/wp\/v2\/resources_country?post=11815"},{"taxonomy":"resources_language","embeddable":true,"href":"https:\/\/raceandequality.org\/es\/wp-json\/wp\/v2\/resources_language?post=11815"},{"taxonomy":"resources_audience","embeddable":true,"href":"https:\/\/raceandequality.org\/es\/wp-json\/wp\/v2\/resources_audience?post=11815"},{"taxonomy":"resources_format","embeddable":true,"href":"https:\/\/raceandequality.org\/es\/wp-json\/wp\/v2\/resources_format?post=11815"},{"taxonomy":"resources_topic","embeddable":true,"href":"https:\/\/raceandequality.org\/es\/wp-json\/wp\/v2\/resources_topic?post=11815"},{"taxonomy":"resources_year","embeddable":true,"href":"https:\/\/raceandequality.org\/es\/wp-json\/wp\/v2\/resources_year?post=11815"}],"curies":[{"name":"wp","href":"https:\/\/api.w.org\/{rel}","templated":true}]}}

Organización afrocolombiana y grupo de investigación de American University se articulan para documentar situación de derechos de la población afro &#8211; LGBTI en Colombia

<div class="wpb-content-wrapper"><p style="text-align: justify;">Grupo de investigación de American University en articulación con la Fundación Afrodescendiente por las Diversidades Sociales y Sexuales- SOMOS IDENTIDAD avanzan en la documentación de las violencias que atentan contra la vida e integridad de personas afrocolombianas por su orientación sexual o identidad de género diversa.</p>
<p style="text-align: justify;">Con el apoyo de la Oficina de Democracia, Derechos Humanos y Asuntos Laborales (DRL) de los Estados Unidos y en el marco del proyecto de investigación que Raza e Igualdad y siete organizaciones de América Latina y el Caribe vienen desarrollando, con el objetivo de documentar la situación de derechos que viven las personas afro y LGBTI de la Región; Somos Identidad en alianza con un grupo de investigación del Washington College of Law de American University, avanzan en la documentación y análisis del contexto político-legal en el que las personas afrocolombianas con orientaciones sexuales e identidades de género diversas se encuentran inmersas; considerando especialmente, todos aquellos aspectos que garantizan o imposibilitan el goce pleno de los derechos fundamentales del grupo de personas que viven bajo esta intersección.</p>
<p> [vc_row][vc_column width=»1/2&#8243;][vc_single_image image=»5490&#8243; img_size=»large»][/vc_column][vc_column width=»1/2&#8243;][vc_single_image image=»5486&#8243; img_size=»large»][/vc_column][/vc_row][vc_row][vc_column][vc_column_text]</p>
<p style="text-align: justify;">Según Johana Caicedo, representante legal de Somos Identidad, Colombia es uno de los países de la región que más reporta avances legislativos en materia de derechos de la población LGBTI y derechos de la población afrodescendiente, sin embargo, cuando se trata de la intersección de estas dos variables no existe un trabajo legislativo que garantice y vele por los derechos del conjunto de personas afro-LGBTI; y sin bien existe la legislación, su materialización en la garantía de los derechos todavía es débil y esto tiende a tener un impacto significativo en la exigibilidad de derechos de este grupo de personas estructural e históricamente marginadas, añadió Caicedo.</p>
<p>[/vc_column_text][/vc_column][/vc_row][vc_row][vc_column][vc_single_image image=»5488&#8243; img_size=»full»][/vc_column][/vc_row][vc_row][vc_column][vc_column_text]</p>
<p style="text-align: justify;">Durante las jornadas de trabajo entre la organización afrocolombiana de la Universidad del Valle del Cauca, y el grupo de investigación de American University, realizadas durante la última semana del mes de febrero y la primera semana de marzo de 2019, se llevaron a cabo reuniones con personas negra/afros diversas sexualmente en Cali; además de diferentes encuentros con activistas, representantes de organizaciones sociales afro y LGBTI como Santa María Fundación, además de espacios de diálogo con representantes de entidades gubernamentales como la gobernación del Valle del Cauca, la Alcaldía de Cali y la Fiscalía General de la Nación.</p>
<p>[/vc_column_text][/vc_column][/vc_row][vc_row][vc_column][vc_single_image image=»5491&#8243; img_size=»full»][/vc_column][/vc_row][vc_row][vc_column][vc_column_text]</p>
<p style="text-align: justify;">Se espere que este material de investigación aporte a la construcción de un mapa del estado de los derechos de la población afro – LGBTI en Colombia, además se consolide como una herramienta de incidencia ante el Sistema Interamericano a favor de este grupo de personas.</p>
<p>[/vc_column_text][/vc_column][/vc_row]</p>
</div>

<p>Grupo de investigación de American University en articulación con la Fundación Afrodescendiente por las Diversidades Sociales y Sexuales- SOMOS IDENTIDAD avanzan en la documentación de las violencias que atentan contra [&hellip;]</p>
