{"id":11912,"date":"2019-04-05T20:09:20","date_gmt":"2019-04-05T20:09:20","guid":{"rendered":"http:\/\/race01.wp\/resources\/remarcan-en-ginebra-la-necesidad-de-garantes-internacionales-para-asegurar-respeto-a-derechos-humanos-en-nicaragua\/"},"modified":"2023-05-10T11:53:17","modified_gmt":"2023-05-10T11:53:17","slug":"remarcan-en-ginebra-la-necesidad-de-garantes-internacionales-para-asegurar-respeto-a-derechos-humanos-en-nicaragua","status":"publish","type":"resources","link":"https:\/\/raceandequality.org\/es\/resources\/remarcan-en-ginebra-la-necesidad-de-garantes-internacionales-para-asegurar-respeto-a-derechos-humanos-en-nicaragua\/","title":{"rendered":"Remarcan en Ginebra la necesidad de garantes internacionales para asegurar respeto a derechos humanos en Nicaragua"},"content":{"rendered":"<div class=\"wpb-content-wrapper\"><p style=\"text-align: justify;\">Dos defensores de derechos humanos, un periodista y la familiar de un prisionero pol\u00edtico, todos nicarag\u00fcenses, expusieron el jueves 4 de abril en Ginebra el estado actual de deterioro de derechos humanos en su pa\u00eds y solicitaron m\u00e1s presi\u00f3n hacia el Gobierno nicarag\u00fcense para que este permita que sean garantes internacionales quienes aseguren los acuerdos que surjan de las negociaciones entre el Gobierno y la sociedad civil.<\/p>\n<p style=\"text-align: justify;\">Al evento \u201cDerechos, represalias y represi\u00f3n en Nicaragua\u201d, propiciado por las misiones de Estados Unidos, Argentina, Brasil, Chile y Georgia, y realizado en el Palacio de las Naciones de la ONU, se presentaron m\u00e1s de cuarenta misiones diplom\u00e1ticas que estaban interesadas en conocer de primera mano el desarrollo de la crisis iniciada en abril de 2018.<\/p>\n<p style=\"text-align: justify;\">Producto de la violenta represi\u00f3n estatal murieron 325 personas y m\u00e1s de 2 mil resultaron heridas, seg\u00fan la Comisi\u00f3n Interamericana de Derechos Humanos (CIDH) y hasta la fecha, al menos 647 personas contin\u00faan encarceladas por haber participado de las protestas c\u00edvicas. Adem\u00e1s, medios de comunicaci\u00f3n han sido cerrados, organizaciones fueron ilegalizadas y m\u00e1s de 50 mil personas debieron huir del pa\u00eds para evitar ser v\u00edctimas de la violencia.<\/p>\n<p>[vc_row][vc_column width=\u00bb2\/3&#8243;][vc_raw_html]JTNDYmxvY2txdW90ZSUyMGNsYXNzJTNEJTIydHdpdHRlci10d2VldCUyMiUyMGRhdGEtbGFuZyUzRCUyMmVzJTIyJTNFJTNDcCUyMGxhbmclM0QlMjJlcyUyMiUyMGRpciUzRCUyMmx0ciUyMiUzRSVGMCU5RiU5NCVCNExhcyUyMG1pc2lvbmVzJTIwZGUlMjBsYSUyMFVuaSVDMyVCM24lMjBFdXJvcGVhJTJDJTIwQiVDMyVBOWxnaWNhJTIweSUyMGVsJTIwUmVpbm8lMjBVbmlkbyUyMG1hbmlmZXN0YXJvbiUyMHN1JTIwcHJlb2N1cGFjaSVDMyVCM24lMjBwb3IlMjBsYSUyMHNpdHVhY2klQzMlQjNuJTIwZW4lMjAlM0NhJTIwaHJlZiUzRCUyMmh0dHBzJTNBJTJGJTJGdHdpdHRlci5jb20lMkZoYXNodGFnJTJGTmljYXJhZ3VhJTNGc3JjJTNEaGFzaCUyNmFtcCUzQnJlZl9zcmMlM0R0d3NyYyUyNTVFdGZ3JTIyJTNFJTIzTmljYXJhZ3VhJTNDJTJGYSUzRS4lMjBSZWlubyUyMFVuaWRvJTIwZGVzdGFjJUMzJUIzJTIwcXVlJTIwZXNwZXJhJTIwcXVlJTIwZWwlMjBHb2JpZXJubyUyMGRlJTIwTmljYXJhZ3VhJTIwYXByb3ZlY2glQzMlQTklMjBlbCUyMG1vbWVudG8lMjBwYXJhJTIwZGlhbG9nYXIlMjBjb24lMjBsYSUyMGNvbXVuaWRhZCUyMGludGVybmFjaW9uYWwuJTIwJTNDYSUyMGhyZWYlM0QlMjJodHRwcyUzQSUyRiUyRnQuY28lMkZRdTdIcjhIMUg5JTIyJTNFcGljLnR3aXR0ZXIuY29tJTJGUXU3SHI4SDFIOSUzQyUyRmElM0UlM0MlMkZwJTNFJTI2bWRhc2glM0IlMjBSYWNlJTIwYW5kJTIwRXF1YWxpdHklMjAlMjglNDByYWNlYW5kZXF1YWxpdHklMjklMjAlM0NhJTIwaHJlZiUzRCUyMmh0dHBzJTNBJTJGJTJGdHdpdHRlci5jb20lMkZyYWNlYW5kZXF1YWxpdHklMkZzdGF0dXMlMkYxMTEzODAwODQ4MzIzMjQ4MTMwJTNGcmVmX3NyYyUzRHR3c3JjJTI1NUV0ZnclMjIlM0U0JTIwZGUlMjBhYnJpbCUyMGRlJTIwMjAxOSUzQyUyRmElM0UlM0MlMkZibG9ja3F1b3RlJTNFJTBBJTNDc2NyaXB0JTIwYXN5bmMlMjBzcmMlM0QlMjJodHRwcyUzQSUyRiUyRnBsYXRmb3JtLnR3aXR0ZXIuY29tJTJGd2lkZ2V0cy5qcyUyMiUyMGNoYXJzZXQlM0QlMjJ1dGYtOCUyMiUzRSUzQyUyRnNjcmlwdCUzRSUwQQ==[\/vc_raw_html][\/vc_column][vc_column width=\u00bb1\/3&#8243;][vc_single_image image=\u00bb5689&#8243; img_size=\u00bbfull\u00bb add_caption=\u00bbyes\u00bb][vc_single_image image=\u00bb5687&#8243; img_size=\u00bbfull\u00bb add_caption=\u00bbyes\u00bb][\/vc_column][\/vc_row][vc_row][vc_column][vc_column_text]<\/p>\n<p style=\"text-align: justify;\">El moderador del evento fue Roger Carstens, Subsecretario de Estado Adjunto, de la Oficina de Democracia, Derechos Humanos y Trabajo, y los ponentes Paulo Abrao, Secretario Ejecutivo de la CIDH, Vilma N\u00fa\u00f1ez, presidenta del Centro Nicarag\u00fcense de Derechos Humanos (CENIDH), An\u00edbal Toru\u00f1o, director de Radio Dar\u00edo, y Winny Sobalvarro, del Comit\u00e9 Pro Liberaci\u00f3n de los Presos Pol\u00edticos de Nicaragua.<\/p>\n<p style=\"text-align: justify;\">Carstens sostuvo que es imprescindible \u201cver la liberaci\u00f3n de todos los prisioneros que fueron detenidos por su participaci\u00f3n pac\u00edfica en protestas de oposici\u00f3n; queremos que se rindan cuentas por cualquier crimen cometido en contra de esos prisioneros y contra todos los nicarag\u00fcenses durante el \u00faltimo a\u00f1o\u201d, y se\u00f1al\u00f3 que \u201cel respeto por los derechos humanos debe ser restituido\u201d en Nicaragua.<\/p>\n<p style=\"text-align: justify;\">Abrao manifest\u00f3 que sin la presencia de garantes internacionales, los familiares de las v\u00edctimas no tendr\u00e1n seguridad de que se cumplan los acuerdos que ya fueron asumidos por el Gobierno: \u201cno tendr\u00e1n seguridad de que los exiliados puedan regresar al pa\u00eds sin miedo y sin represalias, de que el proceso de liberaci\u00f3n de los presos pol\u00edticos seguir\u00e1 el debido protocolo, de que habr\u00e1 la devoluci\u00f3n de las personer\u00edas jur\u00eddicas de las organizaciones de derechos humanos que fueron cerradas en el pa\u00eds, que se restituir\u00e1 la libertad de prensa con la devoluci\u00f3n del patrimonio de los medios independientes, radios y televisiones que fueron cerrados\u201d.<\/p>\n<p style=\"text-align: justify;\">Tampoco, seg\u00fan Abrao, se podr\u00eda garantizar que \u201cel sistema electoral podr\u00e1 producir en el futuro nuevas elecciones que puedan ser consideradas leg\u00edtimas, y que el sistema de justicia del pa\u00eds tendr\u00e1 condiciones de alcanzar y responder a la demanda de las v\u00edctimas por las debidas sanciones de los responsables por estas graves violaciones de los derechos humanos\u201d.<\/p>\n<p style=\"text-align: justify;\">Vilma N\u00fa\u00f1ez, por su parte, sostuvo que ha sido vital para las y los defensores de derechos humanos y para la ciudadan\u00eda el apoyo de la comunidad internacional, tanto del trabajo de los mecanismos de protecci\u00f3n internacional de derechos humanos, como del compromiso con la democracia y los derechos humanos de distintos pa\u00edses.<\/p>\n<p>[\/vc_column_text][\/vc_column][\/vc_row][vc_row][vc_column width=\u00bb2\/3&#8243;][vc_column_text]El embajador de Argentina ante el Consejo de Derechos Humanos de la ONU, Carlos Foradori, record\u00f3 que en marzo pasado las delegaciones de Brasil, Canad\u00e1, Costa Rica, Chile, Colombia, Ecuador, Per\u00fa, Paraguay y Argentina, presentaron la resoluci\u00f3n L8 de \u201cProtecci\u00f3n y promoci\u00f3n de los derechos humanos en Nicaragua\u201d, misma que fue aprobada por el Consejo y que tiene como objetivos incorporar a la agenda internacional la situaci\u00f3n de los derechos humanos en ese pa\u00eds y propiciar que la Alta Comisionada Michelle Bachelet presente informaci\u00f3n sobre Nicaragua peri\u00f3dicamente ante el Consejo.[\/vc_column_text][\/vc_column][vc_column width=\u00bb1\/3&#8243;][vc_single_image image=\u00bb5691&#8243; img_size=\u00bbfull\u00bb add_caption=\u00bbyes\u00bb][\/vc_column][\/vc_row][vc_row][vc_column][vc_column_text]<\/p>\n<p style=\"text-align: justify;\">\u201cNuestros pa\u00edses contin\u00faan dando seguimiento a los <em>sponsors<\/em> para un proceso de di\u00e1logo en Nicaragua. Creemos que un di\u00e1logo inclusivo y significativo es la mejor manera de avanzar para garantizar una soluci\u00f3n pac\u00edfica a la situaci\u00f3n\u201d, agreg\u00f3 Foradori.<\/p>\n<p>[\/vc_column_text][\/vc_column][\/vc_row]<\/p>\n<\/div>","protected":false},"excerpt":{"rendered":"<p>Dos defensores de derechos humanos, un periodista y la familiar de un prisionero pol\u00edtico, todos nicarag\u00fcenses, expusieron el jueves 4 de abril en Ginebra el estado actual de deterioro de [&hellip;]<\/p>\n","protected":false},"author":15,"featured_media":9499,"parent":0,"menu_order":0,"template":"","format":"standard","categories":[1162,1169,1159,1163],"resources_country":[1199],"resources_language":[],"resources_audience":[],"resources_format":[],"resources_topic":[1100,1117,1109],"resources_year":[],"class_list":["post-11912","resources","type-resources","status-publish","format-standard","has-post-thumbnail","hentry","category-cidh","category-nicaragua","category-onu","category-regional","resources_country-nicaragua-es","resources_topic-cidh","resources_topic-onu","resources_topic-raza-e-igualdad"],"acf":[],"aioseo_notices":[],"_links":{"self":[{"href":"https:\/\/raceandequality.org\/es\/wp-json\/wp\/v2\/resources\/11912","targetHints":{"allow":["GET"]}}],"collection":[{"href":"https:\/\/raceandequality.org\/es\/wp-json\/wp\/v2\/resources"}],"about":[{"href":"https:\/\/raceandequality.org\/es\/wp-json\/wp\/v2\/types\/resources"}],"author":[{"embeddable":true,"href":"https:\/\/raceandequality.org\/es\/wp-json\/wp\/v2\/users\/15"}],"wp:featuredmedia":[{"embeddable":true,"href":"https:\/\/raceandequality.org\/es\/wp-json\/wp\/v2\/media\/9499"}],"wp:attachment":[{"href":"https:\/\/raceandequality.org\/es\/wp-json\/wp\/v2\/media?parent=11912"}],"wp:term":[{"taxonomy":"category","embeddable":true,"href":"https:\/\/raceandequality.org\/es\/wp-json\/wp\/v2\/categories?post=11912"},{"taxonomy":"resources_country","embeddable":true,"href":"https:\/\/raceandequality.org\/es\/wp-json\/wp\/v2\/resources_country?post=11912"},{"taxonomy":"resources_language","embeddable":true,"href":"https:\/\/raceandequality.org\/es\/wp-json\/wp\/v2\/resources_language?post=11912"},{"taxonomy":"resources_audience","embeddable":true,"href":"https:\/\/raceandequality.org\/es\/wp-json\/wp\/v2\/resources_audience?post=11912"},{"taxonomy":"resources_format","embeddable":true,"href":"https:\/\/raceandequality.org\/es\/wp-json\/wp\/v2\/resources_format?post=11912"},{"taxonomy":"resources_topic","embeddable":true,"href":"https:\/\/raceandequality.org\/es\/wp-json\/wp\/v2\/resources_topic?post=11912"},{"taxonomy":"resources_year","embeddable":true,"href":"https:\/\/raceandequality.org\/es\/wp-json\/wp\/v2\/resources_year?post=11912"}],"curies":[{"name":"wp","href":"https:\/\/api.w.org\/{rel}","templated":true}]}}

<div class="wpb-content-wrapper"><p style="text-align: justify;">Dos defensores de derechos humanos, un periodista y la familiar de un prisionero político, todos nicaragüenses, expusieron el jueves 4 de abril en Ginebra el estado actual de deterioro de derechos humanos en su país y solicitaron más presión hacia el Gobierno nicaragüense para que este permita que sean garantes internacionales quienes aseguren los acuerdos que surjan de las negociaciones entre el Gobierno y la sociedad civil.</p>
<p style="text-align: justify;">Al evento “Derechos, represalias y represión en Nicaragua”, propiciado por las misiones de Estados Unidos, Argentina, Brasil, Chile y Georgia, y realizado en el Palacio de las Naciones de la ONU, se presentaron más de cuarenta misiones diplomáticas que estaban interesadas en conocer de primera mano el desarrollo de la crisis iniciada en abril de 2018.</p>
<p style="text-align: justify;">Producto de la violenta represión estatal murieron 325 personas y más de 2 mil resultaron heridas, según la Comisión Interamericana de Derechos Humanos (CIDH) y hasta la fecha, al menos 647 personas continúan encarceladas por haber participado de las protestas cívicas. Además, medios de comunicación han sido cerrados, organizaciones fueron ilegalizadas y más de 50 mil personas debieron huir del país para evitar ser víctimas de la violencia.</p>
<p>[vc_row][vc_column width=»2/3&#8243;][vc_raw_html]JTNDYmxvY2txdW90ZSUyMGNsYXNzJTNEJTIydHdpdHRlci10d2VldCUyMiUyMGRhdGEtbGFuZyUzRCUyMmVzJTIyJTNFJTNDcCUyMGxhbmclM0QlMjJlcyUyMiUyMGRpciUzRCUyMmx0ciUyMiUzRSVGMCU5RiU5NCVCNExhcyUyMG1pc2lvbmVzJTIwZGUlMjBsYSUyMFVuaSVDMyVCM24lMjBFdXJvcGVhJTJDJTIwQiVDMyVBOWxnaWNhJTIweSUyMGVsJTIwUmVpbm8lMjBVbmlkbyUyMG1hbmlmZXN0YXJvbiUyMHN1JTIwcHJlb2N1cGFjaSVDMyVCM24lMjBwb3IlMjBsYSUyMHNpdHVhY2klQzMlQjNuJTIwZW4lMjAlM0NhJTIwaHJlZiUzRCUyMmh0dHBzJTNBJTJGJTJGdHdpdHRlci5jb20lMkZoYXNodGFnJTJGTmljYXJhZ3VhJTNGc3JjJTNEaGFzaCUyNmFtcCUzQnJlZl9zcmMlM0R0d3NyYyUyNTVFdGZ3JTIyJTNFJTIzTmljYXJhZ3VhJTNDJTJGYSUzRS4lMjBSZWlubyUyMFVuaWRvJTIwZGVzdGFjJUMzJUIzJTIwcXVlJTIwZXNwZXJhJTIwcXVlJTIwZWwlMjBHb2JpZXJubyUyMGRlJTIwTmljYXJhZ3VhJTIwYXByb3ZlY2glQzMlQTklMjBlbCUyMG1vbWVudG8lMjBwYXJhJTIwZGlhbG9nYXIlMjBjb24lMjBsYSUyMGNvbXVuaWRhZCUyMGludGVybmFjaW9uYWwuJTIwJTNDYSUyMGhyZWYlM0QlMjJodHRwcyUzQSUyRiUyRnQuY28lMkZRdTdIcjhIMUg5JTIyJTNFcGljLnR3aXR0ZXIuY29tJTJGUXU3SHI4SDFIOSUzQyUyRmElM0UlM0MlMkZwJTNFJTI2bWRhc2glM0IlMjBSYWNlJTIwYW5kJTIwRXF1YWxpdHklMjAlMjglNDByYWNlYW5kZXF1YWxpdHklMjklMjAlM0NhJTIwaHJlZiUzRCUyMmh0dHBzJTNBJTJGJTJGdHdpdHRlci5jb20lMkZyYWNlYW5kZXF1YWxpdHklMkZzdGF0dXMlMkYxMTEzODAwODQ4MzIzMjQ4MTMwJTNGcmVmX3NyYyUzRHR3c3JjJTI1NUV0ZnclMjIlM0U0JTIwZGUlMjBhYnJpbCUyMGRlJTIwMjAxOSUzQyUyRmElM0UlM0MlMkZibG9ja3F1b3RlJTNFJTBBJTNDc2NyaXB0JTIwYXN5bmMlMjBzcmMlM0QlMjJodHRwcyUzQSUyRiUyRnBsYXRmb3JtLnR3aXR0ZXIuY29tJTJGd2lkZ2V0cy5qcyUyMiUyMGNoYXJzZXQlM0QlMjJ1dGYtOCUyMiUzRSUzQyUyRnNjcmlwdCUzRSUwQQ==[/vc_raw_html][/vc_column][vc_column width=»1/3&#8243;][vc_single_image image=»5689&#8243; img_size=»full» add_caption=»yes»][vc_single_image image=»5687&#8243; img_size=»full» add_caption=»yes»][/vc_column][/vc_row][vc_row][vc_column][vc_column_text]</p>
<p style="text-align: justify;">El moderador del evento fue Roger Carstens, Subsecretario de Estado Adjunto, de la Oficina de Democracia, Derechos Humanos y Trabajo, y los ponentes Paulo Abrao, Secretario Ejecutivo de la CIDH, Vilma Núñez, presidenta del Centro Nicaragüense de Derechos Humanos (CENIDH), Aníbal Toruño, director de Radio Darío, y Winny Sobalvarro, del Comité Pro Liberación de los Presos Políticos de Nicaragua.</p>
<p style="text-align: justify;">Carstens sostuvo que es imprescindible “ver la liberación de todos los prisioneros que fueron detenidos por su participación pacífica en protestas de oposición; queremos que se rindan cuentas por cualquier crimen cometido en contra de esos prisioneros y contra todos los nicaragüenses durante el último año”, y señaló que “el respeto por los derechos humanos debe ser restituido” en Nicaragua.</p>
<p style="text-align: justify;">Abrao manifestó que sin la presencia de garantes internacionales, los familiares de las víctimas no tendrán seguridad de que se cumplan los acuerdos que ya fueron asumidos por el Gobierno: “no tendrán seguridad de que los exiliados puedan regresar al país sin miedo y sin represalias, de que el proceso de liberación de los presos políticos seguirá el debido protocolo, de que habrá la devolución de las personerías jurídicas de las organizaciones de derechos humanos que fueron cerradas en el país, que se restituirá la libertad de prensa con la devolución del patrimonio de los medios independientes, radios y televisiones que fueron cerrados”.</p>
<p style="text-align: justify;">Tampoco, según Abrao, se podría garantizar que “el sistema electoral podrá producir en el futuro nuevas elecciones que puedan ser consideradas legítimas, y que el sistema de justicia del país tendrá condiciones de alcanzar y responder a la demanda de las víctimas por las debidas sanciones de los responsables por estas graves violaciones de los derechos humanos”.</p>
<p style="text-align: justify;">Vilma Núñez, por su parte, sostuvo que ha sido vital para las y los defensores de derechos humanos y para la ciudadanía el apoyo de la comunidad internacional, tanto del trabajo de los mecanismos de protección internacional de derechos humanos, como del compromiso con la democracia y los derechos humanos de distintos países.</p>
<p>[/vc_column_text][/vc_column][/vc_row][vc_row][vc_column width=»2/3&#8243;][vc_column_text]El embajador de Argentina ante el Consejo de Derechos Humanos de la ONU, Carlos Foradori, recordó que en marzo pasado las delegaciones de Brasil, Canadá, Costa Rica, Chile, Colombia, Ecuador, Perú, Paraguay y Argentina, presentaron la resolución L8 de “Protección y promoción de los derechos humanos en Nicaragua”, misma que fue aprobada por el Consejo y que tiene como objetivos incorporar a la agenda internacional la situación de los derechos humanos en ese país y propiciar que la Alta Comisionada Michelle Bachelet presente información sobre Nicaragua periódicamente ante el Consejo.[/vc_column_text][/vc_column][vc_column width=»1/3&#8243;][vc_single_image image=»5691&#8243; img_size=»full» add_caption=»yes»][/vc_column][/vc_row][vc_row][vc_column][vc_column_text]</p>
<p style="text-align: justify;">“Nuestros países continúan dando seguimiento a los <em>sponsors</em> para un proceso de diálogo en Nicaragua. Creemos que un diálogo inclusivo y significativo es la mejor manera de avanzar para garantizar una solución pacífica a la situación”, agregó Foradori.</p>
<p>[/vc_column_text][/vc_column][/vc_row]</p>
</div>

<p>Dos defensores de derechos humanos, un periodista y la familiar de un prisionero político, todos nicaragüenses, expusieron el jueves 4 de abril en Ginebra el estado actual de deterioro de [&hellip;]</p>
