{"id":12061,"date":"2019-06-03T20:14:35","date_gmt":"2019-06-03T20:14:35","guid":{"rendered":"http:\/\/race01.wp\/resources\/organizaciones-exigen-liberacion-de-presos-as-politicas-en-nicaragua\/"},"modified":"2023-05-10T11:33:13","modified_gmt":"2023-05-10T11:33:13","slug":"organizaciones-exigen-liberacion-de-presos-as-politicas-en-nicaragua","status":"publish","type":"resources","link":"https:\/\/raceandequality.org\/es\/resources\/organizaciones-exigen-liberacion-de-presos-as-politicas-en-nicaragua\/","title":{"rendered":"Organizaciones exigen liberaci\u00f3n de presos\/as pol\u00edticas en Nicaragua"},"content":{"rendered":"<p>A 15 d\u00edas de que venza el plazo que el gobierno de Nicaragua fij\u00f3 para la liberaci\u00f3n absoluta de las personas privadas de libertad de manera arbitraria, la Iniciativa Mesoamericana de Defensoras, el Instituto de Raza, Igualdad y Derechos Humanos (Raza e Igualdad) y el Centro por la Justicia y el Derecho Internacional (CEJIL) lanzan una campa\u00f1a para exigir que el Estado de Nicaragua cumpla con el plazo establecido como m\u00e1ximo.<\/p>\n<p>La iniciativa digital se enmarca en el debate para dar salida a la crisis de derechos humanos que enfrenta el pa\u00eds desde abril de 2018, cuando gran parte de la poblaci\u00f3n fue reprimida, atacada y encarcelada por ejercer su derecho a la protesta social.<\/p>\n<p>\u201cPara CEJIL es imprescindible que los l\u00edderes y lideresas sociales que a\u00fan se encuentran bajo privaci\u00f3n de libertad de manera arbitraria recuperen su libertad de inmediato, acorde al compromiso que asumi\u00f3 el Estado\u201d, declar\u00f3 Claudia Paz y Paz, directora de CEJIL para Centroam\u00e9rica y M\u00e9xico.<\/p>\n<p>\u201cNos preocupan las condiciones de extrema precariedad, tortura, trato cruel, inhumano y degradante al interior de los penales, incluyendo violencia sexual, a la que siguen expuestas las mujeres presas pol\u00edticas que permanecen privadas de libertad. Por esta situaci\u00f3n, nos urge su liberaci\u00f3n y que se garanticen su integridad f\u00edsica y moral, haciendo responsable al Estado de cualquier consecuencia sobre su salud\u201d, agreg\u00f3 a trav\u00e9s de una declaraci\u00f3n oficial IM-Defensoras.<\/p>\n<p>\u00abRaza e Igualdad considera que la liberaci\u00f3n de presos y presas pol\u00edticas no debe tener dilaciones, a\u00fan m\u00e1s cuando en el \u00faltimo mes han quedado evidenciados los elevados riesgos en los que se encuentran la vida e integridad personal de estas personas\u00bb, dijo Ana Bola\u00f1os, Oficial del Programa Legal de Raza e Igualdad.<\/p>\n<p>Las organizaciones coordinadoras de la campa\u00f1a exigen, adem\u00e1s de la liberaci\u00f3n de presos y presas pol\u00edticas, que se cierren los procesos penales iniciados como represalia al ejercicio de la protesta social y como forma de amedrentar a la disidencia pol\u00edtica.<\/p>\n<p>Recientemente, la Corte Interamericana de Derechos Humanos exhort\u00f3 al Estado que diera respuesta pronta ante la incertidumbre que se encuentran las personas, sometidas a procesos penales espurios y violatorios de sus derechos. Esto, en la <a href=\"https:\/\/raceandequality.org\/808\">resoluci\u00f3n de medidas provisionales en favor de 17 personas privadas de libertad<\/a>, que a\u00fan no han sido liberadas en su totalidad.<\/p>\n<p>La campa\u00f1a se extender\u00e1 hasta el 18 de junio, el \u00faltimo plazo que tiene el gobierno de Nicaragua para cumplir con su compromiso.<\/p>\n","protected":false},"excerpt":{"rendered":"<p>A 15 d\u00edas de que venza el plazo que el gobierno de Nicaragua fij\u00f3 para la liberaci\u00f3n absoluta de las personas privadas de libertad de manera arbitraria, la Iniciativa Mesoamericana [&hellip;]<\/p>\n","protected":false},"author":15,"featured_media":12062,"parent":0,"menu_order":0,"template":"","format":"standard","categories":[1154,1169],"resources_country":[1199],"resources_language":[],"resources_audience":[],"resources_format":[],"resources_topic":[],"resources_year":[],"class_list":["post-12061","resources","type-resources","status-publish","format-standard","has-post-thumbnail","hentry","category-espanol","category-nicaragua","resources_country-nicaragua-es"],"acf":[],"aioseo_notices":[],"_links":{"self":[{"href":"https:\/\/raceandequality.org\/es\/wp-json\/wp\/v2\/resources\/12061","targetHints":{"allow":["GET"]}}],"collection":[{"href":"https:\/\/raceandequality.org\/es\/wp-json\/wp\/v2\/resources"}],"about":[{"href":"https:\/\/raceandequality.org\/es\/wp-json\/wp\/v2\/types\/resources"}],"author":[{"embeddable":true,"href":"https:\/\/raceandequality.org\/es\/wp-json\/wp\/v2\/users\/15"}],"wp:featuredmedia":[{"embeddable":true,"href":"https:\/\/raceandequality.org\/es\/wp-json\/wp\/v2\/media\/12062"}],"wp:attachment":[{"href":"https:\/\/raceandequality.org\/es\/wp-json\/wp\/v2\/media?parent=12061"}],"wp:term":[{"taxonomy":"category","embeddable":true,"href":"https:\/\/raceandequality.org\/es\/wp-json\/wp\/v2\/categories?post=12061"},{"taxonomy":"resources_country","embeddable":true,"href":"https:\/\/raceandequality.org\/es\/wp-json\/wp\/v2\/resources_country?post=12061"},{"taxonomy":"resources_language","embeddable":true,"href":"https:\/\/raceandequality.org\/es\/wp-json\/wp\/v2\/resources_language?post=12061"},{"taxonomy":"resources_audience","embeddable":true,"href":"https:\/\/raceandequality.org\/es\/wp-json\/wp\/v2\/resources_audience?post=12061"},{"taxonomy":"resources_format","embeddable":true,"href":"https:\/\/raceandequality.org\/es\/wp-json\/wp\/v2\/resources_format?post=12061"},{"taxonomy":"resources_topic","embeddable":true,"href":"https:\/\/raceandequality.org\/es\/wp-json\/wp\/v2\/resources_topic?post=12061"},{"taxonomy":"resources_year","embeddable":true,"href":"https:\/\/raceandequality.org\/es\/wp-json\/wp\/v2\/resources_year?post=12061"}],"curies":[{"name":"wp","href":"https:\/\/api.w.org\/{rel}","templated":true}]}}

Organizaciones exigen liberación de presos/as políticas en Nicaragua

<p>A 15 días de que venza el plazo que el gobierno de Nicaragua fijó para la liberación absoluta de las personas privadas de libertad de manera arbitraria, la Iniciativa Mesoamericana de Defensoras, el Instituto de Raza, Igualdad y Derechos Humanos (Raza e Igualdad) y el Centro por la Justicia y el Derecho Internacional (CEJIL) lanzan una campaña para exigir que el Estado de Nicaragua cumpla con el plazo establecido como máximo.</p>
<p>La iniciativa digital se enmarca en el debate para dar salida a la crisis de derechos humanos que enfrenta el país desde abril de 2018, cuando gran parte de la población fue reprimida, atacada y encarcelada por ejercer su derecho a la protesta social.</p>
<p>“Para CEJIL es imprescindible que los líderes y lideresas sociales que aún se encuentran bajo privación de libertad de manera arbitraria recuperen su libertad de inmediato, acorde al compromiso que asumió el Estado”, declaró Claudia Paz y Paz, directora de CEJIL para Centroamérica y México.</p>
<p>“Nos preocupan las condiciones de extrema precariedad, tortura, trato cruel, inhumano y degradante al interior de los penales, incluyendo violencia sexual, a la que siguen expuestas las mujeres presas políticas que permanecen privadas de libertad. Por esta situación, nos urge su liberación y que se garanticen su integridad física y moral, haciendo responsable al Estado de cualquier consecuencia sobre su salud”, agregó a través de una declaración oficial IM-Defensoras.</p>
<p>«Raza e Igualdad considera que la liberación de presos y presas políticas no debe tener dilaciones, aún más cuando en el último mes han quedado evidenciados los elevados riesgos en los que se encuentran la vida e integridad personal de estas personas», dijo Ana Bolaños, Oficial del Programa Legal de Raza e Igualdad.</p>
<p>Las organizaciones coordinadoras de la campaña exigen, además de la liberación de presos y presas políticas, que se cierren los procesos penales iniciados como represalia al ejercicio de la protesta social y como forma de amedrentar a la disidencia política.</p>
<p>Recientemente, la Corte Interamericana de Derechos Humanos exhortó al Estado que diera respuesta pronta ante la incertidumbre que se encuentran las personas, sometidas a procesos penales espurios y violatorios de sus derechos. Esto, en la <a href="https://raceandequality.org/808">resolución de medidas provisionales en favor de 17 personas privadas de libertad</a>, que aún no han sido liberadas en su totalidad.</p>
<p>La campaña se extenderá hasta el 18 de junio, el último plazo que tiene el gobierno de Nicaragua para cumplir con su compromiso.</p>

<p>A 15 días de que venza el plazo que el gobierno de Nicaragua fijó para la liberación absoluta de las personas privadas de libertad de manera arbitraria, la Iniciativa Mesoamericana [&hellip;]</p>
