{"id":12502,"date":"2019-09-03T19:48:25","date_gmt":"2019-09-03T19:48:25","guid":{"rendered":"http:\/\/race01.wp\/resources\/graves-violencias-contra-personas-lgbti-en-colombia-motivo-de-alerta-para-el-pais\/"},"modified":"2023-05-15T04:31:47","modified_gmt":"2023-05-15T04:31:47","slug":"graves-violencias-contra-personas-lgbti-en-colombia-motivo-de-alerta-para-el-pais","status":"publish","type":"resources","link":"https:\/\/raceandequality.org\/es\/resources\/graves-violencias-contra-personas-lgbti-en-colombia-motivo-de-alerta-para-el-pais\/","title":{"rendered":"Graves violencias contra personas LGBTI en Colombia motivo de alerta para el pa\u00eds"},"content":{"rendered":"<h3 style=\"text-align: justify;\"><span style=\"color: #993366;\">Amenazas a l\u00edder social en Bogot\u00e1<\/span><\/h3>\n<p style=\"text-align: justify;\">Durante la primera semana de Agosto, el l\u00edder social LGBTI <a href=\"https:\/\/raceandequality.org\/849\">Leonardo Fabio fue noticia a nivel nacional<\/a> debido a su delicada situaci\u00f3n de seguridad.<\/p>\n<p style=\"text-align: justify;\">Leonardo Fabio es un hombre que hace 25 a\u00f1os trabaja con juntas de acci\u00f3n comunal por la defensa de los derechos personas LGBTI. El pasado 6 de junio recibi\u00f3 panfletos con firmas de las AUC y de las \u00c1guilas Negras, que amenazaban con desaparecerlo por ser \u201cl\u00edder marica\u201d, defensor \u201cde los maricas\u201d y de \u201cpersonas que no merecen que los defiendan\u201d.<\/p>\n<p style=\"text-align: justify;\">Por esta raz\u00f3n, Fabio fue abordado y golpeado, y aunque solicit\u00f3 medidas de protecci\u00f3n a su seguridad, el proceso ante la Unidad Nacional de Protecci\u00f3n puede durar como m\u00ednimo 3 meses en estado de valoraci\u00f3n. Actualmente la Polic\u00eda de su cuadrante lo visita para cerciorarse de su estado de seguridad. Sin embargo, por dicha acci\u00f3n emprendida por la polic\u00eda, ha sido v\u00edctima de nuevos panfletos que llegan a su casa intimid\u00e1ndolo por haber acudido a las autoridades. En la semana del 8 de agosto, fue abordado nuevamente por las personas que lo hab\u00edan golpeado en la primera ocasi\u00f3n, lo subieron a un carro, le quitaron todo y lo dejaron en tirado en un potrero en Suba.<\/p>\n<p style=\"text-align: justify;\">Esta situaci\u00f3n revela el preocupante estado de vulnerabilidad a la que est\u00e1n expuestas personas reconocidas como l\u00edderes y lideresas de personas LGBTI en todo el territorio colombiano. Esto es a\u00fan m\u00e1s grave atendiendo al hecho de que la noticia se desarrolla en la ciudad con mayor capacidad de respuesta por parte de las autoridades para la protecci\u00f3n de seguridad de l\u00edderes sociales. As\u00ed, es preocupante que ni siquiera en Bogot\u00e1 existan garant\u00edas para estas personas, quienes son constantemente amenazadas y violentadas por su actuar como defensoras de derechos humanos.<\/p>\n<h3 style=\"text-align: justify;\"><span style=\"color: #993366;\">El Caribe Colombiano: entre violencia y resistencia<\/span><\/h3>\n<p style=\"text-align: justify;\">La inseguridad y la falta de medidas de protecci\u00f3n adecuadas para las personas LGBTI se hace sentir de mayor forma en el Caribe colombiano, donde dos personas LGBTI fueron asesinadas durante el mes.<\/p>\n<p style=\"text-align: justify;\">La primera v\u00edctima fue reportada en la tarde del primero de agosto. <a href=\"https:\/\/raceandequality.org\/850\">Ariel L\u00f3pez Romero<\/a>, un hombre gay de 43 a\u00f1os que fue encontrado&nbsp; degollado en el interior de su casa en el municipio de Soledad, Atl\u00e1ntico. Ariel L\u00f3pez era maestro de lenguas modernas, y dictaba talleres de formaci\u00f3n para personas LGBT en la Casa de Paz de Soledad, a trav\u00e9s de la corporaci\u00f3n Caribe Afirmativo.<\/p>\n<p style=\"text-align: justify;\">Seg\u00fan la corporaci\u00f3n Caribe Afirmativo, el docente no hab\u00eda sufrido de amenazas. Sin embargo, resaltan con preocupaci\u00f3n el incremento de homicidios contra hombres gay en sus residencias, as\u00ed como el incremento de violencia en general contra personas LGBTI en el Caribe.<\/p>\n<p style=\"text-align: justify;\">El homicidio de L\u00f3pez <a href=\"https:\/\/raceandequality.org\/851\">es el octavo registrado contra una persona LGBTI desde 2018<\/a> seg\u00fan cifras del observatorio de dicha organizaci\u00f3n, que gracias a su presencia en la regi\u00f3n ha permitido tener conocimiento de estos casos, que de otra forma quedar\u00edan invisibilizados ante la ausencia de organizaciones sociales y de acciones preventivas por parte del Estado.<\/p>\n<p style=\"text-align: justify;\">Por otro lado, <a href=\"https:\/\/raceandequality.org\/852\">Daniela Mart\u00ednez, una mujer trans de 53 a\u00f1os<\/a>, fue asesinada el 21 de agosto en el municipio de Cicuco, al sur del departamento de Bol\u00edvar. Su homicidio gener\u00f3 la indignaci\u00f3n de la comunidad, al haber sido abordada en la calle por tres sujetos con palos, piedras y otros objetos contundentes, con los que procedieron a agredirla y dejarla gravemente herida. La mujer muri\u00f3 ante la gravedad de dichas heridas en su cabeza y rostro.<\/p>\n<p style=\"text-align: justify;\">De acuerdo con Caribe Afirmativo, organizaci\u00f3n que tambi\u00e9n hizo la denuncia de este hecho, la v\u00edctima ya hab\u00eda sido agredida en el espacio p\u00fablico durante el mes de mayo, cuando \u201cla amarraron y le prendieron fuego en sus extremidades inferiores\u201d. La corporaci\u00f3n hizo el llamado a las autoridades para que se recaude toda la informaci\u00f3n para investigar este hecho como uno de violencia sistem\u00e1tica y sevicia.<\/p>\n<h3 style=\"text-align: justify;\"><span style=\"color: #993366;\">\u00bfDerechos en peligro? Proyecto de ley afectar\u00eda el matrimonio de parejas del mismo sexo<\/span><\/h3>\n<p style=\"text-align: justify;\">Como asunto que ser\u00e1 debate de pr\u00f3ximos meses, se destaca que la senadora Mar\u00eda del Rosario Guerra, del Centro Democr\u00e1tico, radic\u00f3 un <a href=\"https:\/\/raceandequality.org\/853\">proyecto de ley estatutaria<\/a> que extiende el derecho a la objeci\u00f3n de conciencia para las personas en nombre de instituciones del orden p\u00fablico o personas jur\u00eddicas aduciendo razones de orden religioso, filos\u00f3fico, \u00e9tico o moral. Esto representa particular peligro en casos en que se permita que notarios puedan negarse a celebrar matrimonios de parejas del mismo sexo.<\/p>\n<p style=\"text-align: justify;\">Esta propuesta generar\u00e1 un fuerte debate en el Congreso de la Rep\u00fablica, ya que este proyecto de ley no solo regular\u00e1 la objeci\u00f3n de conciencia en esta materia, sino en otros temas relacionados al ejercicio de dicho derecho en casos de la pr\u00e1ctica del aborto y la eutanasia.<\/p>\n","protected":false},"excerpt":{"rendered":"<p>Amenazas a l\u00edder social en Bogot\u00e1 Durante la primera semana de Agosto, el l\u00edder social LGBTI Leonardo Fabio fue noticia a nivel nacional debido a su delicada situaci\u00f3n de seguridad. [&hellip;]<\/p>\n","protected":false},"author":15,"featured_media":9785,"parent":0,"menu_order":0,"template":"","format":"standard","categories":[1122,1154,1172],"resources_country":[1191],"resources_language":[],"resources_audience":[],"resources_format":[],"resources_topic":[1104],"resources_year":[],"class_list":["post-12502","resources","type-resources","status-publish","format-standard","has-post-thumbnail","hentry","category-colombia","category-espanol","category-lgbti","resources_country-colombia-es","resources_topic-lgbti-es"],"acf":[],"aioseo_notices":[],"_links":{"self":[{"href":"https:\/\/raceandequality.org\/es\/wp-json\/wp\/v2\/resources\/12502","targetHints":{"allow":["GET"]}}],"collection":[{"href":"https:\/\/raceandequality.org\/es\/wp-json\/wp\/v2\/resources"}],"about":[{"href":"https:\/\/raceandequality.org\/es\/wp-json\/wp\/v2\/types\/resources"}],"author":[{"embeddable":true,"href":"https:\/\/raceandequality.org\/es\/wp-json\/wp\/v2\/users\/15"}],"wp:featuredmedia":[{"embeddable":true,"href":"https:\/\/raceandequality.org\/es\/wp-json\/wp\/v2\/media\/9785"}],"wp:attachment":[{"href":"https:\/\/raceandequality.org\/es\/wp-json\/wp\/v2\/media?parent=12502"}],"wp:term":[{"taxonomy":"category","embeddable":true,"href":"https:\/\/raceandequality.org\/es\/wp-json\/wp\/v2\/categories?post=12502"},{"taxonomy":"resources_country","embeddable":true,"href":"https:\/\/raceandequality.org\/es\/wp-json\/wp\/v2\/resources_country?post=12502"},{"taxonomy":"resources_language","embeddable":true,"href":"https:\/\/raceandequality.org\/es\/wp-json\/wp\/v2\/resources_language?post=12502"},{"taxonomy":"resources_audience","embeddable":true,"href":"https:\/\/raceandequality.org\/es\/wp-json\/wp\/v2\/resources_audience?post=12502"},{"taxonomy":"resources_format","embeddable":true,"href":"https:\/\/raceandequality.org\/es\/wp-json\/wp\/v2\/resources_format?post=12502"},{"taxonomy":"resources_topic","embeddable":true,"href":"https:\/\/raceandequality.org\/es\/wp-json\/wp\/v2\/resources_topic?post=12502"},{"taxonomy":"resources_year","embeddable":true,"href":"https:\/\/raceandequality.org\/es\/wp-json\/wp\/v2\/resources_year?post=12502"}],"curies":[{"name":"wp","href":"https:\/\/api.w.org\/{rel}","templated":true}]}}

Graves violencias contra personas LGBTI en Colombia motivo de alerta para el país

<h3 style="text-align: justify;"><span style="color: #993366;">Amenazas a líder social en Bogotá</span></h3>
<p style="text-align: justify;">Durante la primera semana de Agosto, el líder social LGBTI <a href="https://raceandequality.org/849">Leonardo Fabio fue noticia a nivel nacional</a> debido a su delicada situación de seguridad.</p>
<p style="text-align: justify;">Leonardo Fabio es un hombre que hace 25 años trabaja con juntas de acción comunal por la defensa de los derechos personas LGBTI. El pasado 6 de junio recibió panfletos con firmas de las AUC y de las Águilas Negras, que amenazaban con desaparecerlo por ser “líder marica”, defensor “de los maricas” y de “personas que no merecen que los defiendan”.</p>
<p style="text-align: justify;">Por esta razón, Fabio fue abordado y golpeado, y aunque solicitó medidas de protección a su seguridad, el proceso ante la Unidad Nacional de Protección puede durar como mínimo 3 meses en estado de valoración. Actualmente la Policía de su cuadrante lo visita para cerciorarse de su estado de seguridad. Sin embargo, por dicha acción emprendida por la policía, ha sido víctima de nuevos panfletos que llegan a su casa intimidándolo por haber acudido a las autoridades. En la semana del 8 de agosto, fue abordado nuevamente por las personas que lo habían golpeado en la primera ocasión, lo subieron a un carro, le quitaron todo y lo dejaron en tirado en un potrero en Suba.</p>
<p style="text-align: justify;">Esta situación revela el preocupante estado de vulnerabilidad a la que están expuestas personas reconocidas como líderes y lideresas de personas LGBTI en todo el territorio colombiano. Esto es aún más grave atendiendo al hecho de que la noticia se desarrolla en la ciudad con mayor capacidad de respuesta por parte de las autoridades para la protección de seguridad de líderes sociales. Así, es preocupante que ni siquiera en Bogotá existan garantías para estas personas, quienes son constantemente amenazadas y violentadas por su actuar como defensoras de derechos humanos.</p>
<h3 style="text-align: justify;"><span style="color: #993366;">El Caribe Colombiano: entre violencia y resistencia</span></h3>
<p style="text-align: justify;">La inseguridad y la falta de medidas de protección adecuadas para las personas LGBTI se hace sentir de mayor forma en el Caribe colombiano, donde dos personas LGBTI fueron asesinadas durante el mes.</p>
<p style="text-align: justify;">La primera víctima fue reportada en la tarde del primero de agosto. <a href="https://raceandequality.org/850">Ariel López Romero</a>, un hombre gay de 43 años que fue encontrado&nbsp; degollado en el interior de su casa en el municipio de Soledad, Atlántico. Ariel López era maestro de lenguas modernas, y dictaba talleres de formación para personas LGBT en la Casa de Paz de Soledad, a través de la corporación Caribe Afirmativo.</p>
<p style="text-align: justify;">Según la corporación Caribe Afirmativo, el docente no había sufrido de amenazas. Sin embargo, resaltan con preocupación el incremento de homicidios contra hombres gay en sus residencias, así como el incremento de violencia en general contra personas LGBTI en el Caribe.</p>
<p style="text-align: justify;">El homicidio de López <a href="https://raceandequality.org/851">es el octavo registrado contra una persona LGBTI desde 2018</a> según cifras del observatorio de dicha organización, que gracias a su presencia en la región ha permitido tener conocimiento de estos casos, que de otra forma quedarían invisibilizados ante la ausencia de organizaciones sociales y de acciones preventivas por parte del Estado.</p>
<p style="text-align: justify;">Por otro lado, <a href="https://raceandequality.org/852">Daniela Martínez, una mujer trans de 53 años</a>, fue asesinada el 21 de agosto en el municipio de Cicuco, al sur del departamento de Bolívar. Su homicidio generó la indignación de la comunidad, al haber sido abordada en la calle por tres sujetos con palos, piedras y otros objetos contundentes, con los que procedieron a agredirla y dejarla gravemente herida. La mujer murió ante la gravedad de dichas heridas en su cabeza y rostro.</p>
<p style="text-align: justify;">De acuerdo con Caribe Afirmativo, organización que también hizo la denuncia de este hecho, la víctima ya había sido agredida en el espacio público durante el mes de mayo, cuando “la amarraron y le prendieron fuego en sus extremidades inferiores”. La corporación hizo el llamado a las autoridades para que se recaude toda la información para investigar este hecho como uno de violencia sistemática y sevicia.</p>
<h3 style="text-align: justify;"><span style="color: #993366;">¿Derechos en peligro? Proyecto de ley afectaría el matrimonio de parejas del mismo sexo</span></h3>
<p style="text-align: justify;">Como asunto que será debate de próximos meses, se destaca que la senadora María del Rosario Guerra, del Centro Democrático, radicó un <a href="https://raceandequality.org/853">proyecto de ley estatutaria</a> que extiende el derecho a la objeción de conciencia para las personas en nombre de instituciones del orden público o personas jurídicas aduciendo razones de orden religioso, filosófico, ético o moral. Esto representa particular peligro en casos en que se permita que notarios puedan negarse a celebrar matrimonios de parejas del mismo sexo.</p>
<p style="text-align: justify;">Esta propuesta generará un fuerte debate en el Congreso de la República, ya que este proyecto de ley no solo regulará la objeción de conciencia en esta materia, sino en otros temas relacionados al ejercicio de dicho derecho en casos de la práctica del aborto y la eutanasia.</p>

<p>Amenazas a líder social en Bogotá Durante la primera semana de Agosto, el líder social LGBTI Leonardo Fabio fue noticia a nivel nacional debido a su delicada situación de seguridad. [&hellip;]</p>
