{"id":12527,"date":"2019-09-19T21:41:28","date_gmt":"2019-09-19T21:41:28","guid":{"rendered":"http:\/\/race01.wp\/resources\/organizaciones-de-cuba-y-nicaragua-presentan-situacion-de-derechos-humanos-en-el-173-periodo-de-sesiones-de-la-cidh\/"},"modified":"2023-05-10T11:38:18","modified_gmt":"2023-05-10T11:38:18","slug":"organizaciones-de-cuba-y-nicaragua-presentan-situacion-de-derechos-humanos-en-el-173-periodo-de-sesiones-de-la-cidh","status":"publish","type":"resources","link":"https:\/\/raceandequality.org\/es\/resources\/organizaciones-de-cuba-y-nicaragua-presentan-situacion-de-derechos-humanos-en-el-173-periodo-de-sesiones-de-la-cidh\/","title":{"rendered":"Organizaciones de Cuba y Nicaragua presentan situaci\u00f3n de derechos humanos en el 173 per\u00edodo de sesiones de la CIDH"},"content":{"rendered":"<div class=\"wpb-content-wrapper\"><p style=\"text-align: justify;\">En el marco del 173 per\u00edodo de sesiones de Audiencias Tem\u00e1ticas de la Comisi\u00f3n Interamericana de Derechos Humanos a realizarse del 23 de septiembre al 2 de octubre en Washington, DC; el Instituto Internacional sobre Raza, Igualdad y Derechos Humanos (Raza e Igualdad) de la mano de diferentes organizaciones de la sociedad civil cubanas y nicarag\u00fcenses denunciar\u00e1n la grave situaci\u00f3n que activistas, defensores de derechos humanos y periodistas independientes viven en sus respectivos pa\u00edses a causa de la represi\u00f3n, violencia y hostigamiento ejercida por los r\u00e9gimenes de Cuba y Nicaragua.\u00a0 Le invitamos a cononocer y participar v\u00eda web de las audiencias.<\/p>\n<p>[vc_row][vc_column width=\u00bb1\/2&#8243;][vc_single_image image=\u00bb7191&#8243; img_size=\u00bb800&#215;800&#8243;][\/vc_column][vc_column width=\u00bb1\/2&#8243;][vc_column_text]<\/p>\n<h4 style=\"text-align: justify;\">Lunes, 23 de septiembre de 2019<br \/>\nAudiencia: \u00abGraves violaciones a los derechos en Cuba\u00bb<\/h4>\n<p style=\"text-align: justify;\">A pesar de la entrada en vigor de una nueva constituci\u00f3n cubana los derechos fundamentales del pueblo contin\u00faan siendo vulnerados a causa de l\u00f3gicas arbitrarias y represivas que impiden el real y efectivo acceso de las y los cubanos a sus derechos fundamentales. A lo largo de esta Audiencia Tem\u00e1tica organizaciones de sociedad civil presentar\u00e1n la preocupante situaci\u00f3n de derechos que se vive en el pa\u00eds y las formas en que el Estado cubano opera para censurar y coartar las libertades de las y los cubanos. As\u00ed mismo, se presentar\u00e1 ante la Comisi\u00f3n Interamericana las m\u00faltiples formas de violencia que utiliza el Estado cubano para reprimir a las voces disidentes de las l\u00f3gicas del r\u00e9gimen.<\/p>\n<p>[\/vc_column_text][\/vc_column][\/vc_row][vc_row][vc_column width=\u00bb1\/2&#8243;][vc_single_image image=\u00bb7193&#8243; img_size=\u00bbfull\u00bb][\/vc_column][vc_column width=\u00bb1\/2&#8243;][vc_column_text]<\/p>\n<h4>Mi\u00e9rcoles, 25 de Septiembre de 2019<br \/>\nAudiencia:\u00a0 \u00abCumplimiento de Medidas Cautelares de protecci\u00f3n a favor de periodistas independientes en Nicaragua\u00bb<\/h4>\n<p style=\"text-align: justify;\">Ante la violaci\u00f3n sistem\u00e1tica del derecho a la libertad de expresi\u00f3n y de prensa que se agudiz\u00f3 en Nicaragua a partir del 18 de abril de 2018, esta audiencia tem\u00e1tica busca demandar el inmediato cumplimiento de las medidas cautelares otorgadas por la CIDH a los directores de medios y periodistas independientes censurados, hostigados, apresados y reprimidos a causa de su labor por el Estado de Nicaragua, mismo que hasta la fecha no ha adoptado las\u00a0 medidas necesarias para que las personas beneficiarias puedan desarrollar sus labores period\u00edsticas sin ser objeto de actos de intimidaci\u00f3n, amenazas u otros hechos de violencia en el ejercicio de las mismas.<\/p>\n<p>[\/vc_column_text][\/vc_column][\/vc_row]<\/p>\n<\/div>","protected":false},"excerpt":{"rendered":"<p>En el marco del 173 per\u00edodo de sesiones de Audiencias Tem\u00e1ticas de la Comisi\u00f3n Interamericana de Derechos Humanos a realizarse del 23 de septiembre al 2 de octubre en Washington, [&hellip;]<\/p>\n","protected":false},"author":15,"featured_media":12528,"parent":0,"menu_order":0,"template":"","format":"standard","categories":[1162,1169,1161],"resources_country":[1199],"resources_language":[],"resources_audience":[],"resources_format":[],"resources_topic":[1100,1106],"resources_year":[],"class_list":["post-12527","resources","type-resources","status-publish","format-standard","has-post-thumbnail","hentry","category-cidh","category-nicaragua","category-oea","resources_country-nicaragua-es","resources_topic-cidh","resources_topic-oea-es"],"acf":[],"aioseo_notices":[],"_links":{"self":[{"href":"https:\/\/raceandequality.org\/es\/wp-json\/wp\/v2\/resources\/12527","targetHints":{"allow":["GET"]}}],"collection":[{"href":"https:\/\/raceandequality.org\/es\/wp-json\/wp\/v2\/resources"}],"about":[{"href":"https:\/\/raceandequality.org\/es\/wp-json\/wp\/v2\/types\/resources"}],"author":[{"embeddable":true,"href":"https:\/\/raceandequality.org\/es\/wp-json\/wp\/v2\/users\/15"}],"wp:featuredmedia":[{"embeddable":true,"href":"https:\/\/raceandequality.org\/es\/wp-json\/wp\/v2\/media\/12528"}],"wp:attachment":[{"href":"https:\/\/raceandequality.org\/es\/wp-json\/wp\/v2\/media?parent=12527"}],"wp:term":[{"taxonomy":"category","embeddable":true,"href":"https:\/\/raceandequality.org\/es\/wp-json\/wp\/v2\/categories?post=12527"},{"taxonomy":"resources_country","embeddable":true,"href":"https:\/\/raceandequality.org\/es\/wp-json\/wp\/v2\/resources_country?post=12527"},{"taxonomy":"resources_language","embeddable":true,"href":"https:\/\/raceandequality.org\/es\/wp-json\/wp\/v2\/resources_language?post=12527"},{"taxonomy":"resources_audience","embeddable":true,"href":"https:\/\/raceandequality.org\/es\/wp-json\/wp\/v2\/resources_audience?post=12527"},{"taxonomy":"resources_format","embeddable":true,"href":"https:\/\/raceandequality.org\/es\/wp-json\/wp\/v2\/resources_format?post=12527"},{"taxonomy":"resources_topic","embeddable":true,"href":"https:\/\/raceandequality.org\/es\/wp-json\/wp\/v2\/resources_topic?post=12527"},{"taxonomy":"resources_year","embeddable":true,"href":"https:\/\/raceandequality.org\/es\/wp-json\/wp\/v2\/resources_year?post=12527"}],"curies":[{"name":"wp","href":"https:\/\/api.w.org\/{rel}","templated":true}]}}

Organizaciones de Cuba y Nicaragua presentan situación de derechos humanos en el 173 período de sesiones de la CIDH

<div class="wpb-content-wrapper"><p style="text-align: justify;">En el marco del 173 período de sesiones de Audiencias Temáticas de la Comisión Interamericana de Derechos Humanos a realizarse del 23 de septiembre al 2 de octubre en Washington, DC; el Instituto Internacional sobre Raza, Igualdad y Derechos Humanos (Raza e Igualdad) de la mano de diferentes organizaciones de la sociedad civil cubanas y nicaragüenses denunciarán la grave situación que activistas, defensores de derechos humanos y periodistas independientes viven en sus respectivos países a causa de la represión, violencia y hostigamiento ejercida por los régimenes de Cuba y Nicaragua.  Le invitamos a cononocer y participar vía web de las audiencias.</p>
<p>[vc_row][vc_column width=»1/2&#8243;][vc_single_image image=»7191&#8243; img_size=»800&#215;800&#8243;][/vc_column][vc_column width=»1/2&#8243;][vc_column_text]</p>
<h4 style="text-align: justify;">Lunes, 23 de septiembre de 2019<br />
Audiencia: «Graves violaciones a los derechos en Cuba»</h4>
<p style="text-align: justify;">A pesar de la entrada en vigor de una nueva constitución cubana los derechos fundamentales del pueblo continúan siendo vulnerados a causa de lógicas arbitrarias y represivas que impiden el real y efectivo acceso de las y los cubanos a sus derechos fundamentales. A lo largo de esta Audiencia Temática organizaciones de sociedad civil presentarán la preocupante situación de derechos que se vive en el país y las formas en que el Estado cubano opera para censurar y coartar las libertades de las y los cubanos. Así mismo, se presentará ante la Comisión Interamericana las múltiples formas de violencia que utiliza el Estado cubano para reprimir a las voces disidentes de las lógicas del régimen.</p>
<p>[/vc_column_text][/vc_column][/vc_row][vc_row][vc_column width=»1/2&#8243;][vc_single_image image=»7193&#8243; img_size=»full»][/vc_column][vc_column width=»1/2&#8243;][vc_column_text]</p>
<h4>Miércoles, 25 de Septiembre de 2019<br />
Audiencia:  «Cumplimiento de Medidas Cautelares de protección a favor de periodistas independientes en Nicaragua»</h4>
<p style="text-align: justify;">Ante la violación sistemática del derecho a la libertad de expresión y de prensa que se agudizó en Nicaragua a partir del 18 de abril de 2018, esta audiencia temática busca demandar el inmediato cumplimiento de las medidas cautelares otorgadas por la CIDH a los directores de medios y periodistas independientes censurados, hostigados, apresados y reprimidos a causa de su labor por el Estado de Nicaragua, mismo que hasta la fecha no ha adoptado las  medidas necesarias para que las personas beneficiarias puedan desarrollar sus labores periodísticas sin ser objeto de actos de intimidación, amenazas u otros hechos de violencia en el ejercicio de las mismas.</p>
<p>[/vc_column_text][/vc_column][/vc_row]</p>
</div>

<p>En el marco del 173 período de sesiones de Audiencias Temáticas de la Comisión Interamericana de Derechos Humanos a realizarse del 23 de septiembre al 2 de octubre en Washington, [&hellip;]</p>
