{"id":12573,"date":"2019-10-05T18:32:56","date_gmt":"2019-10-05T18:32:56","guid":{"rendered":"http:\/\/race01.wp\/resources\/raza-e-igualdad-rechaza-acusaciones-de-autoridades-del-regimen-cubano-contra-jose-daniel-ferrer-miembro-de-la-union-patriotica-de-cuba-unpacu\/"},"modified":"2023-05-15T04:53:39","modified_gmt":"2023-05-15T04:53:39","slug":"raza-e-igualdad-rechaza-acusaciones-de-autoridades-del-regimen-cubano-contra-jose-daniel-ferrer-miembro-de-la-union-patriotica-de-cuba-unpacu","status":"publish","type":"resources","link":"https:\/\/raceandequality.org\/es\/resources\/raza-e-igualdad-rechaza-acusaciones-de-autoridades-del-regimen-cubano-contra-jose-daniel-ferrer-miembro-de-la-union-patriotica-de-cuba-unpacu\/","title":{"rendered":"Raza e Igualdad rechaza acusaciones de autoridades del r\u00e9gimen cubano contra Jos\u00e9 Daniel Ferrer miembro de la Uni\u00f3n Patri\u00f3tica de Cuba, UNPACU"},"content":{"rendered":"\n<p class=\"justify-text\">El Instituto Internacional sobre Raza, Igualdad\ny Derechos Humanos (Raza e Igualdad) condena y rechaza categ\u00f3ricamente la\nrepresi\u00f3n y violaci\u00f3n a los derechos y libertades fundamentales del activista y\nl\u00edder pol\u00edtico Jos\u00e9 Daniel Ferrer, miembro de la Uni\u00f3n Patri\u00f3tica de Cuba,\nUNPACU, detenido arbitrariamente el pasado martes primero de octubre despu\u00e9s de\nun fuerte operativo militar llevado a cabo en las sedes de la organizaci\u00f3n.<\/p>\n\n\n\n<p class=\"justify-text\">El l\u00edder pol\u00edtico se encuentra actualmente detenido en el Centro de Operaciones de Vesalles, del Departamento de la Seguridad del Estado de Santiago de Cuba, acusado por su postura de desaf\u00edo al r\u00e9gimen cubano, por supuestamente apoyar medidas de pol\u00edtica de los Estados Unidos en contra del gobierno cubano, adem\u00e1s de ser acusado de agredir al activista Sergio Garc\u00eda Gonz\u00e1les, quien en d\u00eda pasados habr\u00eda sufrido un accidente en su motocicleta para posteriormente ser presionado por la seguridad del Estado para testificar en contra de Ferrer y otros activistas de la UNPACU, como autores de las lesiones sufridas.<\/p>\n\n\n\n<figure class=\"wp-block-embed-twitter wp-block-embed is-type-rich is-provider-twitter\"><div class=\"wp-block-embed__wrapper\">\n<blockquote class=\"twitter-tweet\" data-width=\"500\" data-dnt=\"true\"><p lang=\"es\" dir=\"ltr\">Soy la hija mayor de Jos\u00e9 Daniel Ferrer, quieren encarcelar a mi padre fabricando un falso delito de lesiones para q quede como preso com\u00fan y no como preso pol\u00edtico <a href=\"https:\/\/twitter.com\/hashtag\/LibertadYa?src=hash&amp;ref_src=twsrc%5Etfw\">#LibertadYa<\/a> <a href=\"https:\/\/twitter.com\/hashtag\/freeFerrer?src=hash&amp;ref_src=twsrc%5Etfw\">#freeFerrer<\/a><\/p>&mdash; Jos\u00e9 Daniel Ferrer (@jdanielferrer) <a href=\"https:\/\/twitter.com\/jdanielferrer\/status\/1180262756118908928?ref_src=twsrc%5Etfw\">October 4, 2019<\/a><\/blockquote><script async src=\"https:\/\/platform.twitter.com\/widgets.js\" charset=\"utf-8\"><\/script>\n<\/div><\/figure>\n\n\n\n<p style=\"text-align:center\"><em>\u201cLo tienen amenazado con llevarlo a la c\u00e1rcel queriendo fabricar un delito por supuestas lesiones, para que as\u00ed quede como un preso com\u00fan y no como un preso pol\u00edtico\u201d<\/em> se\u00f1al\u00f3 la hija de Ferrer en su cuenta de twitter.<\/p>\n\n\n\n<p class=\"justify-text\">A trav\u00e9s de un video publicado en las horas de la tarde del d\u00eda de ayer, el miembro de la UNPACU Carlos Amel Oliva entrevist\u00f3 a la esposa del activista Sergio Garc\u00eda Gonz\u00e1les, quien confirma que Ferrer no es responsable de las lesiones de su esposo.\u00a0\u00a0 Aunque el activista Garc\u00eda Gonz\u00e1les se ha rehusado a ser contactado por autoridades del gobierno y por representantes de la Uni\u00f3n Patri\u00f3tica de Cuba, el peligro de ser obligado a testificar contra Ferrer sigue siendo una posibilidad. <\/p>\n\n\n\n<figure class=\"wp-block-embed-facebook aligncenter wp-block-embed is-type-video is-provider-facebook justify-text\"><div class=\"wp-block-embed__wrapper\">\nhttps:\/\/www.facebook.com\/100010293360012\/videos\/959492631070507\/\n<\/div><\/figure>\n\n\n\n<p class=\"justify-text\">Ciertamente, no es la primera vez que el Estado cubano intenta fabricar un delito contra Jos\u00e9 Daniel Ferrer; el a\u00f1o pasado el l\u00edder pol\u00edtico tambi\u00e9n fue v\u00edctima de una campa\u00f1a de desprestigio que buscaba acusarlo de \u201casesinato\u201d del oficial de la polic\u00eda Dainier Su\u00e1rez Pag\u00e1n, quien intentaba incriminarlo al intentar ser atropellado por un carro.\u00a0 Para este entonces testigos comprobaron que Ferrer era inocente de los cargos por los que se le acusaba. <\/p>\n\n\n\n<p class=\"justify-text\">En su m\u00e1s reciente informe sobre el sistema de\njusticia en Cuba, Raza e Igualdad alerta sobre los m\u00e9todos utilizados por el\nEstado Cubano para incriminar, se\u00f1alar y acusar a opositores del r\u00e9gimen y\nsistema pol\u00edtico de Cuba; fabricando delitos que son sustentados a trav\u00e9s de un\nC\u00f3digo Penal que vagamente ha definido los delitos por los que frecuentemente se\nles acusa a activistas, defensores de derechos humanos y periodistas\nindependientes.<\/p>\n\n\n\n<p class=\"justify-text\">Como organizaci\u00f3n comprometida con los derechos humanos del pueblo cubano, hacemos un llamado al Estado cubano garantizar y respetar los derechos humanos del activista de la Uni\u00f3n Patri\u00f3tica de Cuba, Jos\u00e9 Daniel Ferrer, recordando que la libertad pol\u00edtica, as\u00ed como la libertad expresi\u00f3n, asociaci\u00f3n son derechos elementales de cualquier individuo sin importar nacionalidad o filiaci\u00f3n pol\u00edtica.&nbsp; Raza e Igualdad demanda la inmediata libertad del dirigente pol\u00edtico Ferrer as\u00ed como de los dem\u00e1s activistas que permanecen en arbitraria detenci\u00f3n. Solicitamos a la comunidad internacional pronunciarse ante estos hechos de evidente violaci\u00f3n y represi\u00f3n contra defensores y defensoras de derechos humanos. <\/p>\n\n\n\n<p>Fotograf\u00eda tomada de:  www.cibercuba.com<\/p>\n\n\n\n<p><\/p>\n","protected":false},"excerpt":{"rendered":"<p>El Instituto Internacional sobre Raza, Igualdad y Derechos Humanos (Raza e Igualdad) condena y rechaza categ\u00f3ricamente la represi\u00f3n y violaci\u00f3n a los derechos y libertades fundamentales del activista y l\u00edder [&hellip;]<\/p>\n","protected":false},"author":15,"featured_media":9781,"parent":0,"menu_order":0,"template":"","format":"standard","categories":[1165,1123],"resources_country":[1193],"resources_language":[],"resources_audience":[],"resources_format":[],"resources_topic":[1109],"resources_year":[],"class_list":["post-12573","resources","type-resources","status-publish","format-standard","has-post-thumbnail","hentry","category-blog-es","category-cuba","resources_country-cuba-es","resources_topic-raza-e-igualdad"],"acf":[],"aioseo_notices":[],"_links":{"self":[{"href":"https:\/\/raceandequality.org\/es\/wp-json\/wp\/v2\/resources\/12573","targetHints":{"allow":["GET"]}}],"collection":[{"href":"https:\/\/raceandequality.org\/es\/wp-json\/wp\/v2\/resources"}],"about":[{"href":"https:\/\/raceandequality.org\/es\/wp-json\/wp\/v2\/types\/resources"}],"author":[{"embeddable":true,"href":"https:\/\/raceandequality.org\/es\/wp-json\/wp\/v2\/users\/15"}],"wp:featuredmedia":[{"embeddable":true,"href":"https:\/\/raceandequality.org\/es\/wp-json\/wp\/v2\/media\/9781"}],"wp:attachment":[{"href":"https:\/\/raceandequality.org\/es\/wp-json\/wp\/v2\/media?parent=12573"}],"wp:term":[{"taxonomy":"category","embeddable":true,"href":"https:\/\/raceandequality.org\/es\/wp-json\/wp\/v2\/categories?post=12573"},{"taxonomy":"resources_country","embeddable":true,"href":"https:\/\/raceandequality.org\/es\/wp-json\/wp\/v2\/resources_country?post=12573"},{"taxonomy":"resources_language","embeddable":true,"href":"https:\/\/raceandequality.org\/es\/wp-json\/wp\/v2\/resources_language?post=12573"},{"taxonomy":"resources_audience","embeddable":true,"href":"https:\/\/raceandequality.org\/es\/wp-json\/wp\/v2\/resources_audience?post=12573"},{"taxonomy":"resources_format","embeddable":true,"href":"https:\/\/raceandequality.org\/es\/wp-json\/wp\/v2\/resources_format?post=12573"},{"taxonomy":"resources_topic","embeddable":true,"href":"https:\/\/raceandequality.org\/es\/wp-json\/wp\/v2\/resources_topic?post=12573"},{"taxonomy":"resources_year","embeddable":true,"href":"https:\/\/raceandequality.org\/es\/wp-json\/wp\/v2\/resources_year?post=12573"}],"curies":[{"name":"wp","href":"https:\/\/api.w.org\/{rel}","templated":true}]}}

Raza e Igualdad rechaza acusaciones de autoridades del régimen cubano contra José Daniel Ferrer miembro de la Unión Patriótica de Cuba, UNPACU

<p class="justify-text">El Instituto Internacional sobre Raza, Igualdad
y Derechos Humanos (Raza e Igualdad) condena y rechaza categóricamente la
represión y violación a los derechos y libertades fundamentales del activista y
líder político José Daniel Ferrer, miembro de la Unión Patriótica de Cuba,
UNPACU, detenido arbitrariamente el pasado martes primero de octubre después de
un fuerte operativo militar llevado a cabo en las sedes de la organización.</p>



<p class="justify-text">El líder político se encuentra actualmente detenido en el Centro de Operaciones de Vesalles, del Departamento de la Seguridad del Estado de Santiago de Cuba, acusado por su postura de desafío al régimen cubano, por supuestamente apoyar medidas de política de los Estados Unidos en contra del gobierno cubano, además de ser acusado de agredir al activista Sergio García Gonzáles, quien en día pasados habría sufrido un accidente en su motocicleta para posteriormente ser presionado por la seguridad del Estado para testificar en contra de Ferrer y otros activistas de la UNPACU, como autores de las lesiones sufridas.</p>



<figure class="wp-block-embed-twitter wp-block-embed is-type-rich is-provider-twitter"><div class="wp-block-embed__wrapper">
<blockquote class="twitter-tweet" data-width="500" data-dnt="true"><p lang="es" dir="ltr">Soy la hija mayor de José Daniel Ferrer, quieren encarcelar a mi padre fabricando un falso delito de lesiones para q quede como preso común y no como preso político <a href="https://twitter.com/hashtag/LibertadYa?src=hash&amp;ref_src=twsrc%5Etfw">#LibertadYa</a> <a href="https://twitter.com/hashtag/freeFerrer?src=hash&amp;ref_src=twsrc%5Etfw">#freeFerrer</a></p>&mdash; José Daniel Ferrer (@jdanielferrer) <a href="https://twitter.com/jdanielferrer/status/1180262756118908928?ref_src=twsrc%5Etfw">October 4, 2019</a></blockquote><script async src="https://platform.twitter.com/widgets.js" charset="utf-8"></script>
</div></figure>



<p style="text-align:center"><em>“Lo tienen amenazado con llevarlo a la cárcel queriendo fabricar un delito por supuestas lesiones, para que así quede como un preso común y no como un preso político”</em> señaló la hija de Ferrer en su cuenta de twitter.</p>



<p class="justify-text">A través de un video publicado en las horas de la tarde del día de ayer, el miembro de la UNPACU Carlos Amel Oliva entrevistó a la esposa del activista Sergio García Gonzáles, quien confirma que Ferrer no es responsable de las lesiones de su esposo.   Aunque el activista García Gonzáles se ha rehusado a ser contactado por autoridades del gobierno y por representantes de la Unión Patriótica de Cuba, el peligro de ser obligado a testificar contra Ferrer sigue siendo una posibilidad. </p>



<figure class="wp-block-embed-facebook aligncenter wp-block-embed is-type-video is-provider-facebook justify-text"><div class="wp-block-embed__wrapper">
https://www.facebook.com/100010293360012/videos/959492631070507/
</div></figure>



<p class="justify-text">Ciertamente, no es la primera vez que el Estado cubano intenta fabricar un delito contra José Daniel Ferrer; el año pasado el líder político también fue víctima de una campaña de desprestigio que buscaba acusarlo de “asesinato” del oficial de la policía Dainier Suárez Pagán, quien intentaba incriminarlo al intentar ser atropellado por un carro.  Para este entonces testigos comprobaron que Ferrer era inocente de los cargos por los que se le acusaba. </p>



<p class="justify-text">En su más reciente informe sobre el sistema de
justicia en Cuba, Raza e Igualdad alerta sobre los métodos utilizados por el
Estado Cubano para incriminar, señalar y acusar a opositores del régimen y
sistema político de Cuba; fabricando delitos que son sustentados a través de un
Código Penal que vagamente ha definido los delitos por los que frecuentemente se
les acusa a activistas, defensores de derechos humanos y periodistas
independientes.</p>



<p class="justify-text">Como organización comprometida con los derechos humanos del pueblo cubano, hacemos un llamado al Estado cubano garantizar y respetar los derechos humanos del activista de la Unión Patriótica de Cuba, José Daniel Ferrer, recordando que la libertad política, así como la libertad expresión, asociación son derechos elementales de cualquier individuo sin importar nacionalidad o filiación política.&nbsp; Raza e Igualdad demanda la inmediata libertad del dirigente político Ferrer así como de los demás activistas que permanecen en arbitraria detención. Solicitamos a la comunidad internacional pronunciarse ante estos hechos de evidente violación y represión contra defensores y defensoras de derechos humanos. </p>



<p>Fotografía tomada de:  www.cibercuba.com</p>



<p></p>

<p>El Instituto Internacional sobre Raza, Igualdad y Derechos Humanos (Raza e Igualdad) condena y rechaza categóricamente la represión y violación a los derechos y libertades fundamentales del activista y líder [&hellip;]</p>
