{"id":12841,"date":"2020-03-06T21:10:59","date_gmt":"2020-03-06T21:10:59","guid":{"rendered":"http:\/\/race01.wp\/resources\/pero-por-supuesto-que-si-raza-e-igualdad-se-une-a-la-campana-afro-censo-mexico\/"},"modified":"2023-05-10T11:28:25","modified_gmt":"2023-05-10T11:28:25","slug":"pero-por-supuesto-que-si-raza-e-igualdad-se-une-a-la-campana-afro-censo-mexico","status":"publish","type":"resources","link":"https:\/\/raceandequality.org\/es\/resources\/pero-por-supuesto-que-si-raza-e-igualdad-se-une-a-la-campana-afro-censo-mexico\/","title":{"rendered":"\u00abPero por supuesto que s\u00ed\u00bb: Raza e Igualdad se une a la campa\u00f1a Afro Censo M\u00e9xico"},"content":{"rendered":"\n<p class=\"justify-text\">Washington, DC. 6 de marzo de 2020.  En este censo 2020, M\u00e9xico incluir\u00e1 por primera vez una pregunta de autoidentificaci\u00f3n para el pueblo afrodescendiente del pa\u00eds; por esta raz\u00f3n, diversas organizaciones afromexicanas est\u00e1n impulsando la campa\u00f1a \u00abAfroCensoMX\u00bb un espacio que pretende  que las personas negras, afro mexicanas, o afrodescendientes que vivan en M\u00e9xico se identifiquen de manera afirmativa ante la pregunta de auto adscripci\u00f3n del Censo 2020 del pr\u00f3ximo mes de marzo. <\/p>\n\n\n\n<p class=\"justify-text\"> La campa\u00f1a que ha sido impulsada por la organizaci\u00f3n  Colectivo para Eliminar el Racismo en M\u00e9xico, COPERA, con el apoyo de la Fundaci\u00f3n Kellogg y el acompa\u00f1amiento de organizaciones de la sociedad civil afro mexicana, pretende adem\u00e1s, visibilizar la importancia y trascendencia del autoreconocimiento del pueblo afromexicano, pues al saber cu\u00e1ntos son d\u00f3nde est\u00e1n, qui\u00e9nes son y c\u00f3mo est\u00e1n, se podr\u00e1n realizar pol\u00edticas p\u00fablicas adecuadas y espec\u00edficas para solucionar los problemas que vive esta poblaci\u00f3n y trabajar para la garant\u00eda de sus derechos humanos en condiciones de igualdad. <\/p>\n\n\n\n<p class=\"justify-text\">El Instituto Internacional sobre Raza, Igualdad y Derechos Humanos, est\u00e1 trabajando de la mano de COPERA, l\u00edderes y lideresas afromexicanos para promover una mejor visibilizaci\u00f3n estad\u00edstica del Pueblo Afromexicano, Negro y afrodescendiente.<\/p>\n\n\n\n<p class=\"justify-text\">Les invitamos a conocer m\u00e1s sobre la campa\u00f1a en el portal web:   <a href=\"https:\/\/raceandequality.org\/275\">https:\/\/afrocenso.mx\/<\/a>  y unirse a esta iniciativa con el hashtag #AfroCensoMX<\/p>\n\n\n\n<figure class=\"wp-block-embed-wordpress wp-block-embed is-type-video is-provider-youtube\"><div class=\"wp-block-embed__wrapper\">\n<iframe title=\"Video de la Campa\u00f1a AfroCenso MX\" width=\"500\" height=\"281\" data-src=\"https:\/\/www.youtube.com\/embed\/2xjXMAyb1no?feature=oembed\" frameborder=\"0\" allow=\"accelerometer; autoplay; clipboard-write; encrypted-media; gyroscope; picture-in-picture; web-share\" referrerpolicy=\"strict-origin-when-cross-origin\" allowfullscreen src=\"data:image\/svg+xml;base64,PHN2ZyB3aWR0aD0iMSIgaGVpZ2h0PSIxIiB4bWxucz0iaHR0cDovL3d3dy53My5vcmcvMjAwMC9zdmciPjwvc3ZnPg==\" class=\"lazyload\" data-load-mode=\"1\"><\/iframe>\n<\/div><\/figure>\n","protected":false},"excerpt":{"rendered":"<p>Washington, DC. 6 de marzo de 2020. En este censo 2020, M\u00e9xico incluir\u00e1 por primera vez una pregunta de autoidentificaci\u00f3n para el pueblo afrodescendiente del pa\u00eds; por esta raz\u00f3n, diversas [&hellip;]<\/p>\n","protected":false},"author":15,"featured_media":10150,"parent":0,"menu_order":0,"template":"","format":"standard","categories":[1166],"resources_country":[1197],"resources_language":[],"resources_audience":[],"resources_format":[],"resources_topic":[],"resources_year":[],"class_list":["post-12841","resources","type-resources","status-publish","format-standard","has-post-thumbnail","hentry","category-mexico","resources_country-mexico-es"],"acf":[],"aioseo_notices":[],"_links":{"self":[{"href":"https:\/\/raceandequality.org\/es\/wp-json\/wp\/v2\/resources\/12841","targetHints":{"allow":["GET"]}}],"collection":[{"href":"https:\/\/raceandequality.org\/es\/wp-json\/wp\/v2\/resources"}],"about":[{"href":"https:\/\/raceandequality.org\/es\/wp-json\/wp\/v2\/types\/resources"}],"author":[{"embeddable":true,"href":"https:\/\/raceandequality.org\/es\/wp-json\/wp\/v2\/users\/15"}],"wp:featuredmedia":[{"embeddable":true,"href":"https:\/\/raceandequality.org\/es\/wp-json\/wp\/v2\/media\/10150"}],"wp:attachment":[{"href":"https:\/\/raceandequality.org\/es\/wp-json\/wp\/v2\/media?parent=12841"}],"wp:term":[{"taxonomy":"category","embeddable":true,"href":"https:\/\/raceandequality.org\/es\/wp-json\/wp\/v2\/categories?post=12841"},{"taxonomy":"resources_country","embeddable":true,"href":"https:\/\/raceandequality.org\/es\/wp-json\/wp\/v2\/resources_country?post=12841"},{"taxonomy":"resources_language","embeddable":true,"href":"https:\/\/raceandequality.org\/es\/wp-json\/wp\/v2\/resources_language?post=12841"},{"taxonomy":"resources_audience","embeddable":true,"href":"https:\/\/raceandequality.org\/es\/wp-json\/wp\/v2\/resources_audience?post=12841"},{"taxonomy":"resources_format","embeddable":true,"href":"https:\/\/raceandequality.org\/es\/wp-json\/wp\/v2\/resources_format?post=12841"},{"taxonomy":"resources_topic","embeddable":true,"href":"https:\/\/raceandequality.org\/es\/wp-json\/wp\/v2\/resources_topic?post=12841"},{"taxonomy":"resources_year","embeddable":true,"href":"https:\/\/raceandequality.org\/es\/wp-json\/wp\/v2\/resources_year?post=12841"}],"curies":[{"name":"wp","href":"https:\/\/api.w.org\/{rel}","templated":true}]}}

«Pero por supuesto que sí»: Raza e Igualdad se une a la campaña Afro Censo México

<p class="justify-text">Washington, DC. 6 de marzo de 2020.  En este censo 2020, México incluirá por primera vez una pregunta de autoidentificación para el pueblo afrodescendiente del país; por esta razón, diversas organizaciones afromexicanas están impulsando la campaña «AfroCensoMX» un espacio que pretende  que las personas negras, afro mexicanas, o afrodescendientes que vivan en México se identifiquen de manera afirmativa ante la pregunta de auto adscripción del Censo 2020 del próximo mes de marzo. </p>



<p class="justify-text"> La campaña que ha sido impulsada por la organización  Colectivo para Eliminar el Racismo en México, COPERA, con el apoyo de la Fundación Kellogg y el acompañamiento de organizaciones de la sociedad civil afro mexicana, pretende además, visibilizar la importancia y trascendencia del autoreconocimiento del pueblo afromexicano, pues al saber cuántos son dónde están, quiénes son y cómo están, se podrán realizar políticas públicas adecuadas y específicas para solucionar los problemas que vive esta población y trabajar para la garantía de sus derechos humanos en condiciones de igualdad. </p>



<p class="justify-text">El Instituto Internacional sobre Raza, Igualdad y Derechos Humanos, está trabajando de la mano de COPERA, líderes y lideresas afromexicanos para promover una mejor visibilización estadística del Pueblo Afromexicano, Negro y afrodescendiente.</p>



<p class="justify-text">Les invitamos a conocer más sobre la campaña en el portal web:   <a href="https://raceandequality.org/275">https://afrocenso.mx/</a>  y unirse a esta iniciativa con el hashtag #AfroCensoMX</p>



<figure class="wp-block-embed-wordpress wp-block-embed is-type-video is-provider-youtube"><div class="wp-block-embed__wrapper">
<iframe title="Video de la Campaña AfroCenso MX" width="500" height="281" data-src="https://www.youtube.com/embed/2xjXMAyb1no?feature=oembed" frameborder="0" allow="accelerometer; autoplay; clipboard-write; encrypted-media; gyroscope; picture-in-picture; web-share" referrerpolicy="strict-origin-when-cross-origin" allowfullscreen src="data:image/svg+xml;base64,PHN2ZyB3aWR0aD0iMSIgaGVpZ2h0PSIxIiB4bWxucz0iaHR0cDovL3d3dy53My5vcmcvMjAwMC9zdmciPjwvc3ZnPg==" class="lazyload" data-load-mode="1"></iframe>
</div></figure>

<p>Washington, DC. 6 de marzo de 2020. En este censo 2020, México incluirá por primera vez una pregunta de autoidentificación para el pueblo afrodescendiente del país; por esta razón, diversas [&hellip;]</p>
