{"id":12901,"date":"2020-04-20T13:35:29","date_gmt":"2020-04-20T13:35:29","guid":{"rendered":"http:\/\/race01.wp\/resources\/la-situacion-de-emergencia-por-covid-19-devela-la-preocupante-realidad-de-las-personas-lgbti-en-colombia\/"},"modified":"2023-05-15T04:31:49","modified_gmt":"2023-05-15T04:31:49","slug":"la-situacion-de-emergencia-por-covid-19-devela-la-preocupante-realidad-de-las-personas-lgbti-en-colombia","status":"publish","type":"resources","link":"https:\/\/raceandequality.org\/es\/resources\/la-situacion-de-emergencia-por-covid-19-devela-la-preocupante-realidad-de-las-personas-lgbti-en-colombia\/","title":{"rendered":"La situaci\u00f3n de emergencia por COVID 19 devela la preocupante realidad de las personas LGBTI en Colombia"},"content":{"rendered":"<div class=\"wpb-content-wrapper\"><p style=\"text-align: justify;\">El contexto de urgencia derivado de la Pandemia en Colombia ha dado paso a diversas reflexiones acerca de las formas de desigualdad que operan habitualmente sobre la poblaci\u00f3n LGBTI y que se recrudecen ante los cr\u00edticos episodios que hoy se viven.<\/p>\n<p style=\"text-align: justify;\">Con m\u00e1s de 2.500 casos de contagio en Colombia<a href=\"#_ftn1\" name=\"_ftnref1\">[1]<\/a>, Laura Poveda, Consultora para Colombia del Programa LGBTI de Raza e Igualdad se\u00f1ala:\u00a0 \u201cEs claro que la discriminaci\u00f3n estructural y sistem\u00e1tica en aspectos como salud, trabajo, educaci\u00f3n, entre otros escenarios, supone de entrada condiciones desiguales para hacer frente a los efectos de la pandemia y las medidas para su contenci\u00f3n\u00bb.<\/p>\n<p style=\"text-align: justify;\">Ante la falta de cifras oficiales que den cuenta del nivel de acceso a derechos de las personas LGBTI en el pa\u00eds, la Fundaci\u00f3n Arcoiris de Tumaco se ha dado a la tarea de adelantar un censo en el municipio de Tumaco, Nari\u00f1o, para conocer las condiciones de empleo y acceso a servicios p\u00fablicos con las que cuentan gays, lesbianas y transexuales en esta zona al suroriente del pa\u00eds<a href=\"#_ftn2\" name=\"_ftnref2\">[2]<\/a>.<\/p>\n<p style=\"text-align: justify;\">La dificultad de acceder a un empleo, a causa de estructuras de discriminaci\u00f3n social, obliga a la mayor parte de las personas LGBTI a recurrir a la informalidad como forma de obtener un ingreso, por tal raz\u00f3n, este se convierte en la mayor preocupaci\u00f3n, dada la medida de aislamiento decretada para el territorio nacional.<\/p>\n<p style=\"text-align: justify;\">Con especial preocupaci\u00f3n se observa la situaci\u00f3n de las personas trans que ejercen el trabajo sexual. Como lo han denunciado organizaciones como la Red Comunitaria Trans y Calle 7 Colombia, <em>\u201clas trabajadoras sexuales son directamente afectadas por la crisis sanitaria ya que muchas viven del d\u00eda a d\u00eda y no pueden salir a trabajar, por tanto, se han quedado sin un techo donde pasar la cuarentena y han tenido que verse forzadas a habitar la calle\u201d<\/em><a href=\"#_ftn3\" name=\"_ftnref3\">[3]<\/a>. Esta situaci\u00f3n implica adem\u00e1s que muches no se encuentren afiliades al sistema de salud, lo que aumenta la incertidumbre para acceder a servicios de atenci\u00f3n urgente, a\u00f1ade la abogada para temas LGBTI de Raza e Igualdad.<\/p>\n<p style=\"text-align: justify;\">En el \u00e1mbito educativo, la organizaci\u00f3n Somos Identidad de Cali se\u00f1ala que las opciones ofrecidas por las instituciones educativas para la continuaci\u00f3n de las clases por medio de herramientas tecnol\u00f3gicas, afecta y desconoce gravemente las condiciones de pobreza y falta de acceso a computadores y servicios de internet de les estudiantes, en especial de aquelles que se identifican como afro LGBTI<a href=\"#_ftn4\" name=\"_ftnref4\">[4]<\/a>.<\/p>\n<h4 style=\"text-align: justify;\"><strong>Las medidas para contrarrestar la emergencia pueden exacerbar la violencia y la discriminaci\u00f3n<\/strong><\/h4>\n<p style=\"text-align: justify;\">Las medidas de seguridad tomadas por el Gobierno Nacional, que incluyen la militarizaci\u00f3n de diferentes territorios y la implementaci\u00f3n de toques de queda, pone en grave riesgo la integridad de las personas LGBTI. Muestra de esto,\u00a0 son los ataques por parte de la polic\u00eda nacional a dos mujeres migrantes, trans trabajadas sexuales registrados durante el mes de marzo en la ciudad de Bogot\u00e1, y el ataque de una mujer trans en la ciudad de Medell\u00edn<a href=\"#_ftn5\" name=\"_ftnref5\">[5]<\/a>.\u00a0 Sumado a esto, el mi\u00e9rcoles 25 de marzo, el activista social y LGBT, Jhon Restrepo, sufri\u00f3 un brutal ataque en el marco de una actividad de asistencia social por la emergencia sanitaria en el barrio Esfuerzos de Paz de la Comuna 8 en Medell\u00edn<a href=\"#_ftn6\" name=\"_ftnref6\">[6]<\/a>.<\/p>\n<p style=\"text-align: justify;\">\u201c<em>Otro aspecto a tener en cuenta de cara a la crisis, es que, si bien la medida de aislamiento resulta ser la mejor opci\u00f3n para prevenir el contagio, el hogar puede convertirse en una amenaza para las personas LGBT<\/em>\u201d, precisa Poveda; quien adem\u00e1s se\u00f1ala que\u00a0 la situaci\u00f3n de las mujeres LBT preocupa especialmente pues, como lo han denuncian la Corporaci\u00f3n Caribe Afirmativo y la Fundaci\u00f3n Tri\u00e1ngulo:\u00a0 \u201cen este contexto de emergencia, los \u00edndices de violencia contra la mujer han aumentado, esto debido a las tensiones en el hogar<a href=\"#_ftn7\" name=\"_ftnref7\">[7]<\/a> y los episodios de lgbtfobia de personas cercanas a este\u201d.<\/p>\n<p style=\"text-align: justify;\">Adicional a esto, se suma la preocupaci\u00f3n en organizaciones LGBTI de todo el pa\u00eds por el Decreto expedido por la Alcald\u00eda de la ciudad de Bogot\u00e1, replicado d\u00edas despu\u00e9s en la ciudad de Cartagena<a href=\"#_ftn8\" name=\"_ftnref8\">[8]<\/a>, mediante el cual se implementa la medida de \u201cpico y g\u00e9nero\u201d para fiscalizar la salida de hombres y mujeres, permiti\u00e9ndoles salir a los hombres los d\u00edas impares y a las mujeres, los d\u00edas pares<a href=\"#_ftn9\" name=\"_ftnref9\">[9]<\/a>.\u00a0 \u201c<em>Si bien el documento es claro en se\u00f1alar que las personas con identidades de g\u00e9nero diversas podr\u00e1n salir el d\u00eda en que le est\u00e9 permitida la circulaci\u00f3n al g\u00e9nero con el que m\u00e1s se identifiquen, las m\u00faltiples agresiones registradas por parte de la Polic\u00eda Nacional hacia personas LGBT en estos contextos, ponen de manifiesto que no existen garant\u00edas reales para afirmar que las personas trans, no binaries y las mujeres en general, puedan circular con seguridad y garant\u00edas de respeto a sus derechos fundamentales<\/em>\u201d, se\u00f1ala Laura Poveda.<\/p>\n<p style=\"text-align: justify;\">A pesar del extenso marco legal que obliga a las autoridades garantizar la integridad y derechos de las personas LGBTI la experiencia ha demostrado que a\u00fan existen violaciones a dicha reglamentaci\u00f3n raz\u00f3n por la cual, muchos de los ataques a estas personas contin\u00faan en completa impunidad.<\/p>\n<h4 style=\"text-align: justify;\"><strong>Recomendaciones al Gobierno Nacional<\/strong><\/h4>\n<p style=\"text-align: justify;\">Debido a la preocupante situaci\u00f3n que enfrentan las personas LGBTI en el contexto de emergencia por COVID 19, Raza e Igualdad urge al Estado colombiano a:<\/p>\n<ol style=\"text-align: justify;\">\n<li>Involucrar a las comunidades afectadas, incluyendo la poblaci\u00f3n LGBT, en el dise\u00f1o e implementaci\u00f3n de todas las medidas de respuesta para generar confianza, garantizar acciones adecuadas y eficientes, evitar da\u00f1os indirectos o no intencionados y garantizar el intercambio frecuente de informaci\u00f3n.<\/li>\n<li>Agilizar el tiempo y mejorar los canales de respuesta para garantizar una atenci\u00f3n oportuna frente a las necesidades y la vulneraci\u00f3n de DDHH de personas LGBT de cara a la situaci\u00f3n de emergencia. De acuerdo con algunos testimonios, algunas entidades estatales han solicitado informaci\u00f3n sobre casos de atenci\u00f3n urgente para personas LGBT, prometi\u00e9ndoles ayudas como alimentaci\u00f3n, refugio, etc. Si bien estas organizaciones han entregado los datos, las ayudas estatales no llegan y no existe informaci\u00f3n oficial sobre los plazos y condiciones en que se entregar\u00edan.<\/li>\n<li>Es preciso que las medidas de atenci\u00f3n y contingencia se piensen desde un enfoque de derechos humanos que respete la diversidad y el autoreconocimiento de las personas LGBT, sumado a la urgencia de analizar las medidas en clave interseccional, incluyendo un enfoque de raza, migratorio, etario, etc. En el caso de las medidas de segregaci\u00f3n por g\u00e9nero, como el \u201cpico y g\u00e9nero\u201d implementados en Bogot\u00e1 y Cartagena, urgimos a estos gobiernos locales a explorar otro tipo de medidas que eliminen el riesgo de agresi\u00f3n y de vulneraci\u00f3n de derechos de las personas LGBT.<\/li>\n<li>Coordinar de la mano de los gobiernos locales, medidas para la garant\u00eda al acceso a la alimentaci\u00f3n, vivienda, servicios de salud y salubridad y otras necesidades b\u00e1sicas de las personas LGBT.<\/li>\n<\/ol>\n<p style=\"text-align: justify;\"><a href=\"#_ftnref1\" name=\"_ftn1\">[1]<\/a> \u00a0<a href=\"https:\/\/raceandequality.org\/313\">https:\/\/www.minsalud.gov.co\/salud\/publica\/PET\/Paginas\/Covid-19_copia.aspx<\/a><\/p>\n<p style=\"text-align: justify;\"><a href=\"#_ftnref2\" name=\"_ftn2\">[2]<\/a> Entrevista con Nixon Ortiz, Director de la Fundaci\u00f3n Arcoiris de Tumaco.<\/p>\n<p style=\"text-align: justify;\"><a href=\"#_ftnref3\" name=\"_ftn3\">[3]<\/a><a href=\"https:\/\/raceandequality.org\/314\">https:\/\/www.radionica.rocks\/analisis\/personas-vulnerables-coronavirus?fbclid=IwAR31fZ2ogdkABZAulJJZVEWjsLdyDlcuEC8nY4DF1xDdu0WbYGMv2-iJPqo<\/a><\/p>\n<p style=\"text-align: justify;\"><a href=\"#_ftnref4\" name=\"_ftn4\">[4]<\/a> Entrevista con Sandra Milena Arizabaleta, Directora de la Fundaci\u00f3n Afrodescendiente por las Diversidades Sociales y Sexuales \u2013 Somos Identidad.<\/p>\n<p style=\"text-align: justify;\"><a href=\"#_ftnref5\" name=\"_ftn5\">[5]<\/a> <a href=\"https:\/\/raceandequality.org\/315\">https:\/\/www.facebook.com\/watch\/?v=205516064072838<\/a><\/p>\n<p style=\"text-align: justify;\"><a href=\"#_ftnref6\" name=\"_ftn6\">[6]<\/a> <a href=\"https:\/\/raceandequality.org\/316\">https:\/\/www.elcolombiano.com\/antioquia\/atentado-en-contra-de-jhon-restrepo-lider-social-de-medellin-HM12694267<\/a><\/p>\n<p style=\"text-align: justify;\"><a href=\"#_ftnref7\" name=\"_ftn7\">[7]<\/a> <a href=\"https:\/\/raceandequality.org\/317\">https:\/\/caribeafirmativo.lgbt\/situacion-las-mujeres-lesbianas-bisexuales-trans-lbt-frente-la-pandemia-del-covid-19\/<\/a><\/p>\n<p style=\"text-align: justify;\"><a href=\"#_ftnref8\" name=\"_ftn8\">[8]<\/a><a href=\"https:\/\/raceandequality.org\/318\">https:\/\/caribeafirmativo.lgbt\/pico-genero-la-ciudad-cartagena-una-apuesta-aumenta-riesgo-violencias-hacia-las-personas-trans-reafirma-la-concepcion-binaria-del-genero\/<\/a><\/p>\n<p style=\"text-align: justify;\"><a href=\"#_ftnref9\" name=\"_ftn9\">[9]<\/a> <a href=\"https:\/\/raceandequality.org\/319\">https:\/\/www.eltiempo.com\/bogota\/organizaciones-de-personas-trans-rechazan-medida-de-pico-y-genero-en-bogota-482746<\/a><\/p>\n<p>[\/vc_column_text][\/vc_column][\/vc_row]<\/p>\n<\/div>","protected":false},"excerpt":{"rendered":"<p>El contexto de urgencia derivado de la Pandemia en Colombia ha dado paso a diversas reflexiones acerca de las formas de desigualdad que operan habitualmente sobre la poblaci\u00f3n LGBTI y [&hellip;]<\/p>\n","protected":false},"author":15,"featured_media":10226,"parent":0,"menu_order":0,"template":"","format":"standard","categories":[1122,1172],"resources_country":[1191],"resources_language":[],"resources_audience":[],"resources_format":[],"resources_topic":[1104],"resources_year":[],"class_list":["post-12901","resources","type-resources","status-publish","format-standard","has-post-thumbnail","hentry","category-colombia","category-lgbti","resources_country-colombia-es","resources_topic-lgbti-es"],"acf":[],"aioseo_notices":[],"_links":{"self":[{"href":"https:\/\/raceandequality.org\/es\/wp-json\/wp\/v2\/resources\/12901","targetHints":{"allow":["GET"]}}],"collection":[{"href":"https:\/\/raceandequality.org\/es\/wp-json\/wp\/v2\/resources"}],"about":[{"href":"https:\/\/raceandequality.org\/es\/wp-json\/wp\/v2\/types\/resources"}],"author":[{"embeddable":true,"href":"https:\/\/raceandequality.org\/es\/wp-json\/wp\/v2\/users\/15"}],"wp:featuredmedia":[{"embeddable":true,"href":"https:\/\/raceandequality.org\/es\/wp-json\/wp\/v2\/media\/10226"}],"wp:attachment":[{"href":"https:\/\/raceandequality.org\/es\/wp-json\/wp\/v2\/media?parent=12901"}],"wp:term":[{"taxonomy":"category","embeddable":true,"href":"https:\/\/raceandequality.org\/es\/wp-json\/wp\/v2\/categories?post=12901"},{"taxonomy":"resources_country","embeddable":true,"href":"https:\/\/raceandequality.org\/es\/wp-json\/wp\/v2\/resources_country?post=12901"},{"taxonomy":"resources_language","embeddable":true,"href":"https:\/\/raceandequality.org\/es\/wp-json\/wp\/v2\/resources_language?post=12901"},{"taxonomy":"resources_audience","embeddable":true,"href":"https:\/\/raceandequality.org\/es\/wp-json\/wp\/v2\/resources_audience?post=12901"},{"taxonomy":"resources_format","embeddable":true,"href":"https:\/\/raceandequality.org\/es\/wp-json\/wp\/v2\/resources_format?post=12901"},{"taxonomy":"resources_topic","embeddable":true,"href":"https:\/\/raceandequality.org\/es\/wp-json\/wp\/v2\/resources_topic?post=12901"},{"taxonomy":"resources_year","embeddable":true,"href":"https:\/\/raceandequality.org\/es\/wp-json\/wp\/v2\/resources_year?post=12901"}],"curies":[{"name":"wp","href":"https:\/\/api.w.org\/{rel}","templated":true}]}}

La situación de emergencia por COVID 19 devela la preocupante realidad de las personas LGBTI en Colombia

<div class="wpb-content-wrapper"><p style="text-align: justify;">El contexto de urgencia derivado de la Pandemia en Colombia ha dado paso a diversas reflexiones acerca de las formas de desigualdad que operan habitualmente sobre la población LGBTI y que se recrudecen ante los críticos episodios que hoy se viven.</p>
<p style="text-align: justify;">Con más de 2.500 casos de contagio en Colombia<a href="#_ftn1" name="_ftnref1">[1]</a>, Laura Poveda, Consultora para Colombia del Programa LGBTI de Raza e Igualdad señala:  “Es claro que la discriminación estructural y sistemática en aspectos como salud, trabajo, educación, entre otros escenarios, supone de entrada condiciones desiguales para hacer frente a los efectos de la pandemia y las medidas para su contención».</p>
<p style="text-align: justify;">Ante la falta de cifras oficiales que den cuenta del nivel de acceso a derechos de las personas LGBTI en el país, la Fundación Arcoiris de Tumaco se ha dado a la tarea de adelantar un censo en el municipio de Tumaco, Nariño, para conocer las condiciones de empleo y acceso a servicios públicos con las que cuentan gays, lesbianas y transexuales en esta zona al suroriente del país<a href="#_ftn2" name="_ftnref2">[2]</a>.</p>
<p style="text-align: justify;">La dificultad de acceder a un empleo, a causa de estructuras de discriminación social, obliga a la mayor parte de las personas LGBTI a recurrir a la informalidad como forma de obtener un ingreso, por tal razón, este se convierte en la mayor preocupación, dada la medida de aislamiento decretada para el territorio nacional.</p>
<p style="text-align: justify;">Con especial preocupación se observa la situación de las personas trans que ejercen el trabajo sexual. Como lo han denunciado organizaciones como la Red Comunitaria Trans y Calle 7 Colombia, <em>“las trabajadoras sexuales son directamente afectadas por la crisis sanitaria ya que muchas viven del día a día y no pueden salir a trabajar, por tanto, se han quedado sin un techo donde pasar la cuarentena y han tenido que verse forzadas a habitar la calle”</em><a href="#_ftn3" name="_ftnref3">[3]</a>. Esta situación implica además que muches no se encuentren afiliades al sistema de salud, lo que aumenta la incertidumbre para acceder a servicios de atención urgente, añade la abogada para temas LGBTI de Raza e Igualdad.</p>
<p style="text-align: justify;">En el ámbito educativo, la organización Somos Identidad de Cali señala que las opciones ofrecidas por las instituciones educativas para la continuación de las clases por medio de herramientas tecnológicas, afecta y desconoce gravemente las condiciones de pobreza y falta de acceso a computadores y servicios de internet de les estudiantes, en especial de aquelles que se identifican como afro LGBTI<a href="#_ftn4" name="_ftnref4">[4]</a>.</p>
<h4 style="text-align: justify;"><strong>Las medidas para contrarrestar la emergencia pueden exacerbar la violencia y la discriminación</strong></h4>
<p style="text-align: justify;">Las medidas de seguridad tomadas por el Gobierno Nacional, que incluyen la militarización de diferentes territorios y la implementación de toques de queda, pone en grave riesgo la integridad de las personas LGBTI. Muestra de esto,  son los ataques por parte de la policía nacional a dos mujeres migrantes, trans trabajadas sexuales registrados durante el mes de marzo en la ciudad de Bogotá, y el ataque de una mujer trans en la ciudad de Medellín<a href="#_ftn5" name="_ftnref5">[5]</a>.  Sumado a esto, el miércoles 25 de marzo, el activista social y LGBT, Jhon Restrepo, sufrió un brutal ataque en el marco de una actividad de asistencia social por la emergencia sanitaria en el barrio Esfuerzos de Paz de la Comuna 8 en Medellín<a href="#_ftn6" name="_ftnref6">[6]</a>.</p>
<p style="text-align: justify;">“<em>Otro aspecto a tener en cuenta de cara a la crisis, es que, si bien la medida de aislamiento resulta ser la mejor opción para prevenir el contagio, el hogar puede convertirse en una amenaza para las personas LGBT</em>”, precisa Poveda; quien además señala que  la situación de las mujeres LBT preocupa especialmente pues, como lo han denuncian la Corporación Caribe Afirmativo y la Fundación Triángulo:  “en este contexto de emergencia, los índices de violencia contra la mujer han aumentado, esto debido a las tensiones en el hogar<a href="#_ftn7" name="_ftnref7">[7]</a> y los episodios de lgbtfobia de personas cercanas a este”.</p>
<p style="text-align: justify;">Adicional a esto, se suma la preocupación en organizaciones LGBTI de todo el país por el Decreto expedido por la Alcaldía de la ciudad de Bogotá, replicado días después en la ciudad de Cartagena<a href="#_ftn8" name="_ftnref8">[8]</a>, mediante el cual se implementa la medida de “pico y género” para fiscalizar la salida de hombres y mujeres, permitiéndoles salir a los hombres los días impares y a las mujeres, los días pares<a href="#_ftn9" name="_ftnref9">[9]</a>.  “<em>Si bien el documento es claro en señalar que las personas con identidades de género diversas podrán salir el día en que le esté permitida la circulación al género con el que más se identifiquen, las múltiples agresiones registradas por parte de la Policía Nacional hacia personas LGBT en estos contextos, ponen de manifiesto que no existen garantías reales para afirmar que las personas trans, no binaries y las mujeres en general, puedan circular con seguridad y garantías de respeto a sus derechos fundamentales</em>”, señala Laura Poveda.</p>
<p style="text-align: justify;">A pesar del extenso marco legal que obliga a las autoridades garantizar la integridad y derechos de las personas LGBTI la experiencia ha demostrado que aún existen violaciones a dicha reglamentación razón por la cual, muchos de los ataques a estas personas continúan en completa impunidad.</p>
<h4 style="text-align: justify;"><strong>Recomendaciones al Gobierno Nacional</strong></h4>
<p style="text-align: justify;">Debido a la preocupante situación que enfrentan las personas LGBTI en el contexto de emergencia por COVID 19, Raza e Igualdad urge al Estado colombiano a:</p>
<ol style="text-align: justify;">
<li>Involucrar a las comunidades afectadas, incluyendo la población LGBT, en el diseño e implementación de todas las medidas de respuesta para generar confianza, garantizar acciones adecuadas y eficientes, evitar daños indirectos o no intencionados y garantizar el intercambio frecuente de información.</li>
<li>Agilizar el tiempo y mejorar los canales de respuesta para garantizar una atención oportuna frente a las necesidades y la vulneración de DDHH de personas LGBT de cara a la situación de emergencia. De acuerdo con algunos testimonios, algunas entidades estatales han solicitado información sobre casos de atención urgente para personas LGBT, prometiéndoles ayudas como alimentación, refugio, etc. Si bien estas organizaciones han entregado los datos, las ayudas estatales no llegan y no existe información oficial sobre los plazos y condiciones en que se entregarían.</li>
<li>Es preciso que las medidas de atención y contingencia se piensen desde un enfoque de derechos humanos que respete la diversidad y el autoreconocimiento de las personas LGBT, sumado a la urgencia de analizar las medidas en clave interseccional, incluyendo un enfoque de raza, migratorio, etario, etc. En el caso de las medidas de segregación por género, como el “pico y género” implementados en Bogotá y Cartagena, urgimos a estos gobiernos locales a explorar otro tipo de medidas que eliminen el riesgo de agresión y de vulneración de derechos de las personas LGBT.</li>
<li>Coordinar de la mano de los gobiernos locales, medidas para la garantía al acceso a la alimentación, vivienda, servicios de salud y salubridad y otras necesidades básicas de las personas LGBT.</li>
</ol>
<p style="text-align: justify;"><a href="#_ftnref1" name="_ftn1">[1]</a>  <a href="https://raceandequality.org/313">https://www.minsalud.gov.co/salud/publica/PET/Paginas/Covid-19_copia.aspx</a></p>
<p style="text-align: justify;"><a href="#_ftnref2" name="_ftn2">[2]</a> Entrevista con Nixon Ortiz, Director de la Fundación Arcoiris de Tumaco.</p>
<p style="text-align: justify;"><a href="#_ftnref3" name="_ftn3">[3]</a><a href="https://raceandequality.org/314">https://www.radionica.rocks/analisis/personas-vulnerables-coronavirus?fbclid=IwAR31fZ2ogdkABZAulJJZVEWjsLdyDlcuEC8nY4DF1xDdu0WbYGMv2-iJPqo</a></p>
<p style="text-align: justify;"><a href="#_ftnref4" name="_ftn4">[4]</a> Entrevista con Sandra Milena Arizabaleta, Directora de la Fundación Afrodescendiente por las Diversidades Sociales y Sexuales – Somos Identidad.</p>
<p style="text-align: justify;"><a href="#_ftnref5" name="_ftn5">[5]</a> <a href="https://raceandequality.org/315">https://www.facebook.com/watch/?v=205516064072838</a></p>
<p style="text-align: justify;"><a href="#_ftnref6" name="_ftn6">[6]</a> <a href="https://raceandequality.org/316">https://www.elcolombiano.com/antioquia/atentado-en-contra-de-jhon-restrepo-lider-social-de-medellin-HM12694267</a></p>
<p style="text-align: justify;"><a href="#_ftnref7" name="_ftn7">[7]</a> <a href="https://raceandequality.org/317">https://caribeafirmativo.lgbt/situacion-las-mujeres-lesbianas-bisexuales-trans-lbt-frente-la-pandemia-del-covid-19/</a></p>
<p style="text-align: justify;"><a href="#_ftnref8" name="_ftn8">[8]</a><a href="https://raceandequality.org/318">https://caribeafirmativo.lgbt/pico-genero-la-ciudad-cartagena-una-apuesta-aumenta-riesgo-violencias-hacia-las-personas-trans-reafirma-la-concepcion-binaria-del-genero/</a></p>
<p style="text-align: justify;"><a href="#_ftnref9" name="_ftn9">[9]</a> <a href="https://raceandequality.org/319">https://www.eltiempo.com/bogota/organizaciones-de-personas-trans-rechazan-medida-de-pico-y-genero-en-bogota-482746</a></p>
<p>[/vc_column_text][/vc_column][/vc_row]</p>
</div>

<p>El contexto de urgencia derivado de la Pandemia en Colombia ha dado paso a diversas reflexiones acerca de las formas de desigualdad que operan habitualmente sobre la población LGBTI y [&hellip;]</p>
