{"id":12915,"date":"2020-04-16T21:41:04","date_gmt":"2020-04-16T21:41:04","guid":{"rendered":"http:\/\/race01.wp\/resources\/historia-de-yolanda-santana-dama-de-blanco-ex-prisionera-politica-del-estado-cubano-pero-victima-de-represion\/"},"modified":"2023-04-29T19:58:12","modified_gmt":"2023-04-29T19:58:12","slug":"historia-de-yolanda-santana-dama-de-blanco-ex-prisionera-politica-del-estado-cubano-pero-victima-de-represion","status":"publish","type":"resources","link":"https:\/\/raceandequality.org\/es\/resources\/historia-de-yolanda-santana-dama-de-blanco-ex-prisionera-politica-del-estado-cubano-pero-victima-de-represion\/","title":{"rendered":"Historia de Yolanda Santana.  Dama de Blanco ex prisionera pol\u00edtica del Estado Cubano pero v\u00edctima de represi\u00f3n"},"content":{"rendered":"<div class=\"wpb-content-wrapper\"><p style=\"text-align: justify;\">Tantas veces la han detenido, que Yolanda ya no recuerda cu\u00e1ntas veces han sido. Cree que fueron unas 200 veces, pero la cifra podr\u00eda ser m\u00e1s alta. Los arrestos casi siempre suced\u00edan despu\u00e9s de ir a la iglesia, cuando las Damas de Blanco, el grupo al que pertenec\u00eda desde el 2013, protestaban por la libertad y la democracia del pueblo cubano.<\/p>\n<p style=\"text-align: justify;\">Algunas veces ocurr\u00eda en plena calle: la Seguridad del Estado las atacaba a golpes, las esposaba y las llevaba a la comisar\u00eda; otras veces, los agentes esperaban a que abordaran el transporte p\u00fablico despu\u00e9s de la protesta: deten\u00edan el bus, localizaban a las mujeres vestidas de blanco y las bajaban para golpearlas y escupirlas; y en varias ocasiones las tuvieron retenidas en una patrulla policial, con los vidrios arriba y bajo el sol abrasivo de La Habana en pleno verano.<\/p>\n<p>[vc_row][vc_column width=\u00bb1\/2&#8243;][vc_column_text]<\/p>\n<p style=\"text-align: justify;\">Casi siempre las liberaban muy tarde por la noche, pero en algunas ocasiones las reten\u00edan por m\u00e1s de 24 horas, sin poder comunicarse con sus familiares, sin acceso a comida ni a servicios higi\u00e9nicos. Lo seguro era que les impusieran multas de 150 pesos, bajo la excusa de que hab\u00edan violado dispositivos de la Seguridad del Estado.<\/p>\n<p style=\"text-align: justify;\">\u201cYo no puedo entender de que haya violado dispositivos de la Seguridad del Estado al salir yo de mi vivienda y tratar de llegar a una iglesia, yo no he cometido ning\u00fan delito\u201d, reflexiona Yolanda Santana, de 55 a\u00f1os.<\/p>\n<p>[\/vc_column_text][\/vc_column][vc_column width=\u00bb1\/2&#8243;][vc_single_image image=\u00bb8470&#8243; img_size=\u00bbfull\u00bb alignment=\u00bbright\u00bb][\/vc_column][\/vc_row][vc_row][vc_column][vc_column_text]<\/p>\n<p style=\"text-align: justify;\"><strong>Juicio<\/strong><\/p>\n<p style=\"text-align: justify;\">Y fue precisamente por esas multas que se iban acumulando, que un 6 de julio de 2018 la citaron al Tribunal de Arroyo Naranjo. Ese mismo d\u00eda, las autoridades judiciales le montaron un juicio expr\u00e9s y la condenaron a un a\u00f1o de prisi\u00f3n por incumplimiento de pago de 12 multas de 150 pesos. En las multas que le impusieron, la acusaban de venta il\u00edcita y tr\u00e1mites de licencia de venta, una acusaci\u00f3n que adem\u00e1s de ser ilegal, Yolanda desconoc\u00eda. La deuda, seg\u00fan el Estado cubano, ascend\u00eda a 18 mil pesos.<\/p>\n<p style=\"text-align: justify;\">\u201cNo me pusieron abogado y yo no puse tampoco. No pude presentar pruebas ni testigos a mi favor porque la Seguridad del Estado no lo permiti\u00f3\u201d, cuenta la activista. Ella se rehusaba a pagar las multas porque las detenciones hab\u00edan sido arbitrarias, y por lo tanto, las multas tambi\u00e9n lo eran.<\/p>\n<p style=\"text-align: justify;\"><strong>Prisi\u00f3n<\/strong><\/p>\n<p style=\"text-align: justify;\">Poco despu\u00e9s la trasladaron a la Prisi\u00f3n de Mujeres de Occidente, \u201cEl Guatao\u201d, una c\u00e1rcel que alberga a mujeres que han sido v\u00edctimas de las arbitrariedades del sistema de justicia penal de Cuba, incluyendo a las presas pol\u00edticas. Yolanda, como muchas otras mujeres, denunci\u00f3 que las condiciones en El Guatao eran deplorables: \u201cLa comida era podrida, causaba v\u00f3mitos, no te la pod\u00edas comer\u201d, cuenta. Adem\u00e1s de que hab\u00eda hacinamiento en las celdas, pues en cada una dorm\u00edan 28 reclusas, los polic\u00edas golpeaban a las mujeres, les quitaban el derecho a recibir visita conyugal y de hacer llamadas a sus familiares.<\/p>\n<p style=\"text-align: justify;\">Esto \u00faltimo le pas\u00f3 a Yolanda: por tres meses no tuvo derecho a usar el tel\u00e9fono, en represalia por haber denunciado las condiciones de la prisi\u00f3n. En un par de ocasiones, tambi\u00e9n fue hostigada por otras mujeres internas, quienes Yolanda cree fueron enviadas por la Seguridad del Estado.<\/p>\n<p style=\"text-align: justify;\">\u201cMis hijos, mi madre y mis nietos sufrieron mucho por esta condena, pero se mantuvieron fuertes apoy\u00e1ndome\u201d, asegura Yolanda.<\/p>\n<p style=\"text-align: justify;\">Cada vez que se desped\u00eda de sus familiares, quienes la visitaban en El Guatao, era una prueba de fuego para la activista cubana: \u201ctener que levantar la cabeza y tragarme mis l\u00e1grimas para que ellos no me vieran mal. Es muy triste estar en prisi\u00f3n\u201d, relata.<\/p>\n<p style=\"text-align: justify;\">Finalmente, el 6 de julio de 2019 Yolanda cumpli\u00f3 su condena y sali\u00f3 de prisi\u00f3n.<\/p>\n<p>[\/vc_column_text][\/vc_column][\/vc_row][vc_row][vc_column][vc_video link=\u00bbhttps:\/\/youtu.be\/vOl_vbbnXRk\u00bb align=\u00bbcenter\u00bb][\/vc_column][\/vc_row][vc_row][vc_column][vc_column_text]<\/p>\n<p style=\"text-align: justify;\"><strong>En casa, pero sin libertades<\/strong><\/p>\n<p style=\"text-align: justify;\">Yolanda comparte su hogar con su hijo, de 31 a\u00f1os, su nuera y su nieto de 12 a\u00f1os. Su otra hija, de 35 a\u00f1os, y sus otros tres nietos, todos menores de edad, viven muy cerca de ella. La activista fue \u201cmadre y padre para sus hijos\u201d y tambi\u00e9n es fuente de apoyo para sus nietos, quienes le llaman \u201cMima\u201d.<\/p>\n<p style=\"text-align: justify;\">Poco tiempo despu\u00e9s de salir de prisi\u00f3n, Yolanda se reintegr\u00f3 a su activismo dentro de las Damas de Blanco. Desde 2013 se hab\u00eda unido al grupo porque su propio hermano hab\u00eda sido un preso pol\u00edtico del Gobierno de Cuba. Sinti\u00f3 que era un deber unirse nuevamente a sus compa\u00f1eras para seguir haciendo incidencia por las personas apresadas por motivos pol\u00edticos.<\/p>\n<p style=\"text-align: justify;\">Hasta la fecha, la represi\u00f3n en su contra y las amenazas contin\u00faan por parte de los oficiales cubanos. Sus hijos tambi\u00e9n han sido detenidos en varias ocasiones. El pasado 15 de marzo, mientras sal\u00eda de la sede nacional de las Damas de Blanco, unos agentes se acercaron a Yolanda para amenazarla con que la llevar\u00edan nuevamente a prisi\u00f3n, pero esta vez por una condena de 4 a 8 a\u00f1os. En menos de un a\u00f1o que lleva en libertad, ya le han asignado nuevas multas como forma de amedrentarla.<\/p>\n<p style=\"text-align: justify;\">Pero la convicci\u00f3n de Yolanda es dif\u00edcil de tumbar. \u201cSi me toca nuevamente por mi activismo pol\u00edtico pues estoy lista, siempre estamos listas y mi familia preparada, si ellos pensaron que con eso iban a doblegar se equivocaron porque lo que hicieron fue fortalecerme\u201d.<\/p>\n<p>[\/vc_column_text][\/vc_column][\/vc_row]<\/p>\n<\/div>","protected":false},"excerpt":{"rendered":"<p>Tantas veces la han detenido, que Yolanda ya no recuerda cu\u00e1ntas veces han sido. Cree que fueron unas 200 veces, pero la cifra podr\u00eda ser m\u00e1s alta. Los arrestos casi [&hellip;]<\/p>\n","protected":false},"author":15,"featured_media":10215,"parent":0,"menu_order":0,"template":"","format":"standard","categories":[],"resources_country":[1193],"resources_language":[],"resources_audience":[],"resources_format":[],"resources_topic":[1109],"resources_year":[],"class_list":["post-12915","resources","type-resources","status-publish","format-standard","has-post-thumbnail","hentry","resources_country-cuba-es","resources_topic-raza-e-igualdad"],"acf":[],"aioseo_notices":[],"_links":{"self":[{"href":"https:\/\/raceandequality.org\/es\/wp-json\/wp\/v2\/resources\/12915","targetHints":{"allow":["GET"]}}],"collection":[{"href":"https:\/\/raceandequality.org\/es\/wp-json\/wp\/v2\/resources"}],"about":[{"href":"https:\/\/raceandequality.org\/es\/wp-json\/wp\/v2\/types\/resources"}],"author":[{"embeddable":true,"href":"https:\/\/raceandequality.org\/es\/wp-json\/wp\/v2\/users\/15"}],"wp:featuredmedia":[{"embeddable":true,"href":"https:\/\/raceandequality.org\/es\/wp-json\/wp\/v2\/media\/10215"}],"wp:attachment":[{"href":"https:\/\/raceandequality.org\/es\/wp-json\/wp\/v2\/media?parent=12915"}],"wp:term":[{"taxonomy":"category","embeddable":true,"href":"https:\/\/raceandequality.org\/es\/wp-json\/wp\/v2\/categories?post=12915"},{"taxonomy":"resources_country","embeddable":true,"href":"https:\/\/raceandequality.org\/es\/wp-json\/wp\/v2\/resources_country?post=12915"},{"taxonomy":"resources_language","embeddable":true,"href":"https:\/\/raceandequality.org\/es\/wp-json\/wp\/v2\/resources_language?post=12915"},{"taxonomy":"resources_audience","embeddable":true,"href":"https:\/\/raceandequality.org\/es\/wp-json\/wp\/v2\/resources_audience?post=12915"},{"taxonomy":"resources_format","embeddable":true,"href":"https:\/\/raceandequality.org\/es\/wp-json\/wp\/v2\/resources_format?post=12915"},{"taxonomy":"resources_topic","embeddable":true,"href":"https:\/\/raceandequality.org\/es\/wp-json\/wp\/v2\/resources_topic?post=12915"},{"taxonomy":"resources_year","embeddable":true,"href":"https:\/\/raceandequality.org\/es\/wp-json\/wp\/v2\/resources_year?post=12915"}],"curies":[{"name":"wp","href":"https:\/\/api.w.org\/{rel}","templated":true}]}}

Historia de Yolanda Santana.  Dama de Blanco ex prisionera política del Estado Cubano pero víctima de represión

<div class="wpb-content-wrapper"><p style="text-align: justify;">Tantas veces la han detenido, que Yolanda ya no recuerda cuántas veces han sido. Cree que fueron unas 200 veces, pero la cifra podría ser más alta. Los arrestos casi siempre sucedían después de ir a la iglesia, cuando las Damas de Blanco, el grupo al que pertenecía desde el 2013, protestaban por la libertad y la democracia del pueblo cubano.</p>
<p style="text-align: justify;">Algunas veces ocurría en plena calle: la Seguridad del Estado las atacaba a golpes, las esposaba y las llevaba a la comisaría; otras veces, los agentes esperaban a que abordaran el transporte público después de la protesta: detenían el bus, localizaban a las mujeres vestidas de blanco y las bajaban para golpearlas y escupirlas; y en varias ocasiones las tuvieron retenidas en una patrulla policial, con los vidrios arriba y bajo el sol abrasivo de La Habana en pleno verano.</p>
<p>[vc_row][vc_column width=»1/2&#8243;][vc_column_text]</p>
<p style="text-align: justify;">Casi siempre las liberaban muy tarde por la noche, pero en algunas ocasiones las retenían por más de 24 horas, sin poder comunicarse con sus familiares, sin acceso a comida ni a servicios higiénicos. Lo seguro era que les impusieran multas de 150 pesos, bajo la excusa de que habían violado dispositivos de la Seguridad del Estado.</p>
<p style="text-align: justify;">“Yo no puedo entender de que haya violado dispositivos de la Seguridad del Estado al salir yo de mi vivienda y tratar de llegar a una iglesia, yo no he cometido ningún delito”, reflexiona Yolanda Santana, de 55 años.</p>
<p>[/vc_column_text][/vc_column][vc_column width=»1/2&#8243;][vc_single_image image=»8470&#8243; img_size=»full» alignment=»right»][/vc_column][/vc_row][vc_row][vc_column][vc_column_text]</p>
<p style="text-align: justify;"><strong>Juicio</strong></p>
<p style="text-align: justify;">Y fue precisamente por esas multas que se iban acumulando, que un 6 de julio de 2018 la citaron al Tribunal de Arroyo Naranjo. Ese mismo día, las autoridades judiciales le montaron un juicio exprés y la condenaron a un año de prisión por incumplimiento de pago de 12 multas de 150 pesos. En las multas que le impusieron, la acusaban de venta ilícita y trámites de licencia de venta, una acusación que además de ser ilegal, Yolanda desconocía. La deuda, según el Estado cubano, ascendía a 18 mil pesos.</p>
<p style="text-align: justify;">“No me pusieron abogado y yo no puse tampoco. No pude presentar pruebas ni testigos a mi favor porque la Seguridad del Estado no lo permitió”, cuenta la activista. Ella se rehusaba a pagar las multas porque las detenciones habían sido arbitrarias, y por lo tanto, las multas también lo eran.</p>
<p style="text-align: justify;"><strong>Prisión</strong></p>
<p style="text-align: justify;">Poco después la trasladaron a la Prisión de Mujeres de Occidente, “El Guatao”, una cárcel que alberga a mujeres que han sido víctimas de las arbitrariedades del sistema de justicia penal de Cuba, incluyendo a las presas políticas. Yolanda, como muchas otras mujeres, denunció que las condiciones en El Guatao eran deplorables: “La comida era podrida, causaba vómitos, no te la podías comer”, cuenta. Además de que había hacinamiento en las celdas, pues en cada una dormían 28 reclusas, los policías golpeaban a las mujeres, les quitaban el derecho a recibir visita conyugal y de hacer llamadas a sus familiares.</p>
<p style="text-align: justify;">Esto último le pasó a Yolanda: por tres meses no tuvo derecho a usar el teléfono, en represalia por haber denunciado las condiciones de la prisión. En un par de ocasiones, también fue hostigada por otras mujeres internas, quienes Yolanda cree fueron enviadas por la Seguridad del Estado.</p>
<p style="text-align: justify;">“Mis hijos, mi madre y mis nietos sufrieron mucho por esta condena, pero se mantuvieron fuertes apoyándome”, asegura Yolanda.</p>
<p style="text-align: justify;">Cada vez que se despedía de sus familiares, quienes la visitaban en El Guatao, era una prueba de fuego para la activista cubana: “tener que levantar la cabeza y tragarme mis lágrimas para que ellos no me vieran mal. Es muy triste estar en prisión”, relata.</p>
<p style="text-align: justify;">Finalmente, el 6 de julio de 2019 Yolanda cumplió su condena y salió de prisión.</p>
<p>[/vc_column_text][/vc_column][/vc_row][vc_row][vc_column][vc_video link=»https://youtu.be/vOl_vbbnXRk» align=»center»][/vc_column][/vc_row][vc_row][vc_column][vc_column_text]</p>
<p style="text-align: justify;"><strong>En casa, pero sin libertades</strong></p>
<p style="text-align: justify;">Yolanda comparte su hogar con su hijo, de 31 años, su nuera y su nieto de 12 años. Su otra hija, de 35 años, y sus otros tres nietos, todos menores de edad, viven muy cerca de ella. La activista fue “madre y padre para sus hijos” y también es fuente de apoyo para sus nietos, quienes le llaman “Mima”.</p>
<p style="text-align: justify;">Poco tiempo después de salir de prisión, Yolanda se reintegró a su activismo dentro de las Damas de Blanco. Desde 2013 se había unido al grupo porque su propio hermano había sido un preso político del Gobierno de Cuba. Sintió que era un deber unirse nuevamente a sus compañeras para seguir haciendo incidencia por las personas apresadas por motivos políticos.</p>
<p style="text-align: justify;">Hasta la fecha, la represión en su contra y las amenazas continúan por parte de los oficiales cubanos. Sus hijos también han sido detenidos en varias ocasiones. El pasado 15 de marzo, mientras salía de la sede nacional de las Damas de Blanco, unos agentes se acercaron a Yolanda para amenazarla con que la llevarían nuevamente a prisión, pero esta vez por una condena de 4 a 8 años. En menos de un año que lleva en libertad, ya le han asignado nuevas multas como forma de amedrentarla.</p>
<p style="text-align: justify;">Pero la convicción de Yolanda es difícil de tumbar. “Si me toca nuevamente por mi activismo político pues estoy lista, siempre estamos listas y mi familia preparada, si ellos pensaron que con eso iban a doblegar se equivocaron porque lo que hicieron fue fortalecerme”.</p>
<p>[/vc_column_text][/vc_column][/vc_row]</p>
</div>

<p>Tantas veces la han detenido, que Yolanda ya no recuerda cuántas veces han sido. Cree que fueron unas 200 veces, pero la cifra podría ser más alta. Los arrestos casi [&hellip;]</p>
