{"id":12950,"date":"2020-05-01T04:10:15","date_gmt":"2020-05-01T04:10:15","guid":{"rendered":"http:\/\/race01.wp\/resources\/historia-de-nieves-matamoros-otra-activista-de-las-damas-de-blanco-victima-del-estado-cubano\/"},"modified":"2020-05-01T04:00:48","modified_gmt":"2020-05-01T04:00:48","slug":"historia-de-nieves-matamoros-otra-activista-de-las-damas-de-blanco-victima-del-estado-cubano","status":"publish","type":"resources","link":"https:\/\/raceandequality.org\/es\/resources\/historia-de-nieves-matamoros-otra-activista-de-las-damas-de-blanco-victima-del-estado-cubano\/","title":{"rendered":"\u201cHistoria de Nieves Matamoros:  Otra activista de las Damas de Blanco v\u00edctima del Estado Cubano\u201d"},"content":{"rendered":"<div class=\"wpb-content-wrapper\"><p>[vc_row][vc_column][vc_video link=\u00bbhttps:\/\/youtu.be\/VxFIz5-CI1E\u00bb el_aspect=\u00bb43&#8243; align=\u00bbcenter\u00bb][\/vc_column][\/vc_row]<\/p>\n<p style=\"text-align: justify;\">A su puesto llegaron las primeras veces a hostigarla. Nieves Matamoros, de 55 a\u00f1os, ten\u00eda un puesto de viandas en La Habana, en donde vend\u00eda todo tipo de productos agr\u00edcolas junto con su hijo, de 34 a\u00f1os. En varias ocasiones oficiales de polic\u00eda la multaron arbitrariamente, pero la situaci\u00f3n empeor\u00f3 cuando Nieves se uni\u00f3 a las Damas de Blanco en 2014. \u201cAll\u00ed fue cuando m\u00e1s me atosigaron y me presionaban con mi familia\u201d, recuerda.<\/p>\n<p style=\"text-align: justify;\">Nieves sal\u00eda vestida toda de blanco a pedir la liberaci\u00f3n de los presos pol\u00edticos en Cuba, y en varias ocasiones la detuvieron por 24 o 48 horas. Ella sab\u00eda que el riesgo de quedarse detenida era inminente, pero no dej\u00f3 de asistir a las manifestaciones.<\/p>\n<p style=\"text-align: justify;\">Los impuestos por altas cantidades, a ella y a su hijo, y las multas por esc\u00e1ndalo p\u00fablico que le asignaban cada domingo que sal\u00eda a protestar, se fueron acumulando. Para abril de 2018, Nieves le deb\u00eda al Estado 18 mil pesos cubanos y su hijo les deb\u00eda 13 mil. \u201cEran multas que yo no pod\u00eda pagar\u201d, aclara la activista. Nieves fue a la oficina de multas a pedir una pr\u00f3rroga o comodidades de pago, pero el oficial se neg\u00f3 argumentando que deb\u00eda pagarlo todo de una vez.<\/p>\n<p style=\"text-align: justify;\">Una citatoria judicial lleg\u00f3 a la casa de Nieves para el lunes 9 de abril de 2018, pero la Seguridad del Estado se encarg\u00f3 de detenerla un d\u00eda antes, cuando la activista se uni\u00f3 a una nueva caminata de las Damas de Blanco: la tiraron al piso, le dieron golpes y la trasladaron a la estaci\u00f3n policial.<\/p>\n<p style=\"text-align: justify;\">Al siguiente d\u00eda, Nieves fue llevada a juicio junto con su hijo. Uno de los testigos en el juicio fue el oficial al que Nieves fue a pedirle una pr\u00f3rroga, pero este testific\u00f3 que la activista nunca hab\u00eda ido a su oficina. As\u00ed, arbitrariamente y de forma expr\u00e9s, los condenaron a ambos a un a\u00f1o y seis meses por el incumplimiento de pago de multas, convierti\u00e9ndoles en dos v\u00edctimas m\u00e1s de la estrategia del Estado cubano de imponer multas arbitrarias a las personas que participan en protestas y luego encarcelarlas por no pagar las mismas. Actualmente, hay por lo menos siete presos pol\u00edticos cumpliendo condenas as\u00ed.<\/p>\n<p style=\"text-align: justify;\">\u201cYo les dije a los esbirros: lograron lo que ustedes quer\u00edan, pero voy a hacerles oposici\u00f3n desde all\u00e1 adentro\u201d, fue lo \u00faltimo que pudo decir Nieves en la sala judicial.<\/p>\n<p style=\"text-align: justify;\"><strong>Tiempo en prisi\u00f3n<\/strong><\/p>\n<p style=\"text-align: justify;\">Durante dos meses, Nieves estuvo recluida en la Prisi\u00f3n de Mujeres de Occidente \u201cEl Guatao\u201d, donde por una semana estuvo detenida en un calabozo, sin derecho a visitas ni contacto con otras reclusas. Despu\u00e9s la trasladaron a la Prisi\u00f3n de Mujeres \u201cLa Bellote\u201d, en la provincia de Matanzas, en donde estuvo durante once meses.<\/p>\n<p style=\"text-align: justify;\">En ambas c\u00e1rceles, Nieves asegura que las condiciones eran \u201cmal\u00edsimas\u201d. En Matanzas en varias ocasiones le quitaron el acceso a comunicaciones y a sus familiares les negaban la entrada sin raz\u00f3n v\u00e1lida. All\u00ed en prisi\u00f3n, a Nieves le detectaron un quiste en el ri\u00f1\u00f3n izquierdo. Ella cree que es por los golpes que recibi\u00f3 al momento de su detenci\u00f3n y otros que recibi\u00f3 en el costado durante el tiempo que estuvo encarcelada.<\/p>\n<p style=\"text-align: justify;\">\u201cMi familia sufri\u00f3 much\u00edsimo, a mi esposo le afect\u00f3 bastante, mi hija nunca pudo llegar a prisi\u00f3n\u201d, cuenta Nieves.<\/p>\n<p style=\"text-align: justify;\">Finalmente, despu\u00e9s de un nuevo traslado a El Guatao, Nieves fue liberada el 5 de octubre de 2019.<\/p>\n<p style=\"text-align: justify;\"><strong>En libertad<\/strong><\/p>\n<p style=\"text-align: justify;\">Pero sus problemas m\u00e9dicos salieron a luz. A finales de 2019 fue operada de dos fibromas. \u201cCreo que era el agua contaminada, la mala alimentaci\u00f3n, se fueron agrandado hasta que reventaron\u201d, conjetura.<\/p>\n<p style=\"text-align: justify;\">Actualmente, Nieves vive con su esposo, su hijo, que tambi\u00e9n fue liberado el a\u00f1o pasado, y sus tres nietecitos, todos menores de 12 a\u00f1os.<\/p>\n<p style=\"text-align: justify;\">Aunque no ha recibido amenazas directas de las autoridades cubanas, a\u00fan sufre las consecuencias de su detenci\u00f3n irregular: sigue enferma de los ri\u00f1ones, de los nervios, se recupera de sus recientes cirug\u00edas, por lo que no ha logrado abrir nuevamente su puesto de viandas ni se ha reincorporado a sus labores de activismo.<\/p>\n<p style=\"text-align: justify;\">Espera que al mejorar su salud, pueda retomar la vida que antes ten\u00eda.<\/p>\n<p>[\/vc_column_text][\/vc_column][\/vc_row]<\/p>\n<\/div>","protected":false},"excerpt":{"rendered":"<p>[vc_row][vc_column][vc_video link=\u00bbhttps:\/\/youtu.be\/VxFIz5-CI1E\u00bb el_aspect=\u00bb43&#8243; align=\u00bbcenter\u00bb][\/vc_column][\/vc_row] A su puesto llegaron las primeras veces a hostigarla. Nieves Matamoros, de 55 a\u00f1os, ten\u00eda un puesto de viandas en La Habana, en donde vend\u00eda todo [&hellip;]<\/p>\n","protected":false},"author":15,"featured_media":10234,"parent":0,"menu_order":0,"template":"","format":"standard","categories":[1123,1154],"resources_country":[1193],"resources_language":[],"resources_audience":[],"resources_format":[],"resources_topic":[],"resources_year":[],"class_list":["post-12950","resources","type-resources","status-publish","format-standard","has-post-thumbnail","hentry","category-cuba","category-espanol","resources_country-cuba-es"],"acf":[],"aioseo_notices":[],"_links":{"self":[{"href":"https:\/\/raceandequality.org\/es\/wp-json\/wp\/v2\/resources\/12950","targetHints":{"allow":["GET"]}}],"collection":[{"href":"https:\/\/raceandequality.org\/es\/wp-json\/wp\/v2\/resources"}],"about":[{"href":"https:\/\/raceandequality.org\/es\/wp-json\/wp\/v2\/types\/resources"}],"author":[{"embeddable":true,"href":"https:\/\/raceandequality.org\/es\/wp-json\/wp\/v2\/users\/15"}],"wp:featuredmedia":[{"embeddable":true,"href":"https:\/\/raceandequality.org\/es\/wp-json\/wp\/v2\/media\/10234"}],"wp:attachment":[{"href":"https:\/\/raceandequality.org\/es\/wp-json\/wp\/v2\/media?parent=12950"}],"wp:term":[{"taxonomy":"category","embeddable":true,"href":"https:\/\/raceandequality.org\/es\/wp-json\/wp\/v2\/categories?post=12950"},{"taxonomy":"resources_country","embeddable":true,"href":"https:\/\/raceandequality.org\/es\/wp-json\/wp\/v2\/resources_country?post=12950"},{"taxonomy":"resources_language","embeddable":true,"href":"https:\/\/raceandequality.org\/es\/wp-json\/wp\/v2\/resources_language?post=12950"},{"taxonomy":"resources_audience","embeddable":true,"href":"https:\/\/raceandequality.org\/es\/wp-json\/wp\/v2\/resources_audience?post=12950"},{"taxonomy":"resources_format","embeddable":true,"href":"https:\/\/raceandequality.org\/es\/wp-json\/wp\/v2\/resources_format?post=12950"},{"taxonomy":"resources_topic","embeddable":true,"href":"https:\/\/raceandequality.org\/es\/wp-json\/wp\/v2\/resources_topic?post=12950"},{"taxonomy":"resources_year","embeddable":true,"href":"https:\/\/raceandequality.org\/es\/wp-json\/wp\/v2\/resources_year?post=12950"}],"curies":[{"name":"wp","href":"https:\/\/api.w.org\/{rel}","templated":true}]}}

“Historia de Nieves Matamoros:  Otra activista de las Damas de Blanco víctima del Estado Cubano”

<div class="wpb-content-wrapper"><p>[vc_row][vc_column][vc_video link=»https://youtu.be/VxFIz5-CI1E» el_aspect=»43&#8243; align=»center»][/vc_column][/vc_row]</p>
<p style="text-align: justify;">A su puesto llegaron las primeras veces a hostigarla. Nieves Matamoros, de 55 años, tenía un puesto de viandas en La Habana, en donde vendía todo tipo de productos agrícolas junto con su hijo, de 34 años. En varias ocasiones oficiales de policía la multaron arbitrariamente, pero la situación empeoró cuando Nieves se unió a las Damas de Blanco en 2014. “Allí fue cuando más me atosigaron y me presionaban con mi familia”, recuerda.</p>
<p style="text-align: justify;">Nieves salía vestida toda de blanco a pedir la liberación de los presos políticos en Cuba, y en varias ocasiones la detuvieron por 24 o 48 horas. Ella sabía que el riesgo de quedarse detenida era inminente, pero no dejó de asistir a las manifestaciones.</p>
<p style="text-align: justify;">Los impuestos por altas cantidades, a ella y a su hijo, y las multas por escándalo público que le asignaban cada domingo que salía a protestar, se fueron acumulando. Para abril de 2018, Nieves le debía al Estado 18 mil pesos cubanos y su hijo les debía 13 mil. “Eran multas que yo no podía pagar”, aclara la activista. Nieves fue a la oficina de multas a pedir una prórroga o comodidades de pago, pero el oficial se negó argumentando que debía pagarlo todo de una vez.</p>
<p style="text-align: justify;">Una citatoria judicial llegó a la casa de Nieves para el lunes 9 de abril de 2018, pero la Seguridad del Estado se encargó de detenerla un día antes, cuando la activista se unió a una nueva caminata de las Damas de Blanco: la tiraron al piso, le dieron golpes y la trasladaron a la estación policial.</p>
<p style="text-align: justify;">Al siguiente día, Nieves fue llevada a juicio junto con su hijo. Uno de los testigos en el juicio fue el oficial al que Nieves fue a pedirle una prórroga, pero este testificó que la activista nunca había ido a su oficina. Así, arbitrariamente y de forma exprés, los condenaron a ambos a un año y seis meses por el incumplimiento de pago de multas, conviertiéndoles en dos víctimas más de la estrategia del Estado cubano de imponer multas arbitrarias a las personas que participan en protestas y luego encarcelarlas por no pagar las mismas. Actualmente, hay por lo menos siete presos políticos cumpliendo condenas así.</p>
<p style="text-align: justify;">“Yo les dije a los esbirros: lograron lo que ustedes querían, pero voy a hacerles oposición desde allá adentro”, fue lo último que pudo decir Nieves en la sala judicial.</p>
<p style="text-align: justify;"><strong>Tiempo en prisión</strong></p>
<p style="text-align: justify;">Durante dos meses, Nieves estuvo recluida en la Prisión de Mujeres de Occidente “El Guatao”, donde por una semana estuvo detenida en un calabozo, sin derecho a visitas ni contacto con otras reclusas. Después la trasladaron a la Prisión de Mujeres “La Bellote”, en la provincia de Matanzas, en donde estuvo durante once meses.</p>
<p style="text-align: justify;">En ambas cárceles, Nieves asegura que las condiciones eran “malísimas”. En Matanzas en varias ocasiones le quitaron el acceso a comunicaciones y a sus familiares les negaban la entrada sin razón válida. Allí en prisión, a Nieves le detectaron un quiste en el riñón izquierdo. Ella cree que es por los golpes que recibió al momento de su detención y otros que recibió en el costado durante el tiempo que estuvo encarcelada.</p>
<p style="text-align: justify;">“Mi familia sufrió muchísimo, a mi esposo le afectó bastante, mi hija nunca pudo llegar a prisión”, cuenta Nieves.</p>
<p style="text-align: justify;">Finalmente, después de un nuevo traslado a El Guatao, Nieves fue liberada el 5 de octubre de 2019.</p>
<p style="text-align: justify;"><strong>En libertad</strong></p>
<p style="text-align: justify;">Pero sus problemas médicos salieron a luz. A finales de 2019 fue operada de dos fibromas. “Creo que era el agua contaminada, la mala alimentación, se fueron agrandado hasta que reventaron”, conjetura.</p>
<p style="text-align: justify;">Actualmente, Nieves vive con su esposo, su hijo, que también fue liberado el año pasado, y sus tres nietecitos, todos menores de 12 años.</p>
<p style="text-align: justify;">Aunque no ha recibido amenazas directas de las autoridades cubanas, aún sufre las consecuencias de su detención irregular: sigue enferma de los riñones, de los nervios, se recupera de sus recientes cirugías, por lo que no ha logrado abrir nuevamente su puesto de viandas ni se ha reincorporado a sus labores de activismo.</p>
<p style="text-align: justify;">Espera que al mejorar su salud, pueda retomar la vida que antes tenía.</p>
<p>[/vc_column_text][/vc_column][/vc_row]</p>
</div>

<p>[vc_row][vc_column][vc_video link=»https://youtu.be/VxFIz5-CI1E» el_aspect=»43&#8243; align=»center»][/vc_column][/vc_row] A su puesto llegaron las primeras veces a hostigarla. Nieves Matamoros, de 55 años, tenía un puesto de viandas en La Habana, en donde vendía todo [&hellip;]</p>
