{"id":12951,"date":"2020-05-04T14:56:44","date_gmt":"2020-05-04T14:56:44","guid":{"rendered":"http:\/\/race01.wp\/resources\/en-el-dia-mundial-de-la-libertad-de-prensa-periodistas-nicaraguenses-exponen-los-desafios-a-los-que-se-enfrentan\/"},"modified":"2023-05-10T11:32:51","modified_gmt":"2023-05-10T11:32:51","slug":"en-el-dia-mundial-de-la-libertad-de-prensa-periodistas-nicaraguenses-exponen-los-desafios-a-los-que-se-enfrentan","status":"publish","type":"resources","link":"https:\/\/raceandequality.org\/es\/resources\/en-el-dia-mundial-de-la-libertad-de-prensa-periodistas-nicaraguenses-exponen-los-desafios-a-los-que-se-enfrentan\/","title":{"rendered":"En el D\u00eda Mundial de la Libertad de Prensa, periodistas nicarag\u00fcenses exponen los desaf\u00edos a los que se enfrentan"},"content":{"rendered":"<div class=\"wpb-content-wrapper\"><p style=\"text-align: justify;\"><strong>Washington D.C., 4 de mayo de 2020. <\/strong>En conmemoraci\u00f3n del D\u00eda Mundial de la Libertad de Prensa, el Instituto Internacional sobre Raza, Igualdad y Derechos Humanos (Raza e Igualdad), convers\u00f3 con cuatro periodistas y directores de medios nicarag\u00fcenses sobre el estado del periodismo independiente en el pa\u00eds que recientemente cumpli\u00f3 dos a\u00f1os sumergido en una grave crisis de derechos humanos.<\/p>\n<p style=\"text-align: justify;\">Los periodistas coincidieron en que la prensa independiente contin\u00faa resistiendo los ataques de las autoridades, los que han incluido el asesinato del periodista \u00c1ngel Gahona, la destrucci\u00f3n u ocupaci\u00f3n de medios de comunicaci\u00f3n, agresiones f\u00edsicas, amenazas, intimidaci\u00f3n, exilio forzado, censura, robo de equipos y el encarcelamiento de periodistas.<\/p>\n<p style=\"text-align: justify;\">\u201cLa labor de informar, investigar y comunicar, est\u00e1 bajo asedio y acoso gubernamental\u201d, asegura Patricia Orozco, directora del programa radial <a href=\"https:\/\/raceandequality.org\/910\">Onda Loca<\/a>l. Las oficinas desde donde se produc\u00eda el programa fueron allanadas en diciembre de 2018, cuando el legislativo nicarag\u00fcense cancel\u00f3 la personalidad jur\u00eddica a una organizaci\u00f3n socia, pero pese a las circunstancias dif\u00edciles los periodistas siguen informando.<\/p>\n<p style=\"text-align: justify;\">\u201cPeriodistas y comunicadores realizamos nuestra labor, bajo altos niveles de presi\u00f3n, riesgos y amenazas. Gran parte de los medios y comunicadores sociales trabajan desde el exilio; y los medios que a\u00fan contin\u00faan operando desde Nicaragua, que es el caso de Onda Local, lo hacen sometidos a amenazas y serias limitaciones financieras\u201d, explica Orozco.<\/p>\n<p style=\"text-align: justify;\">Por otro lado, los medios de comunicaci\u00f3n 100% Noticias y Confidencial, que fueron allanados arbitrariamente hace a\u00f1o y medio, contin\u00faan ocupados por la Polic\u00eda. Luc\u00eda Pineda, jefa de prensa de <a href=\"https:\/\/raceandequality.org\/259\">100% Noticias<\/a>, quien estuvo encarcelada durante seis meses por ejercer su oficio period\u00edstico, se\u00f1ala que el hecho de que haya \u201cpolic\u00edas en salas de redacci\u00f3n, donde tienen que haber periodistas, es la prueba que la libertad de prensa est\u00e1 bajo ataque\u201d.<\/p>\n<p style=\"text-align: justify;\">Para Carlos Fernando Chamorro, director de <a href=\"https:\/\/raceandequality.org\/339\">Confidencial<\/a>, \u201cen Nicaragua hoy se hace periodismo bajo el riesgo de la agresi\u00f3n f\u00edsica, el asalto, y el asedio de polic\u00edas y paramilitares, en condiciones de censura\u201d. Sin embargo, explica que durante estos dos a\u00f1os de crisis, \u201cla resistencia de la prensa ha descansado en el coraje de los reporteros y su compromiso profesional, \u00e9tico y pol\u00edtico, con el apego a la verdad a cualquier costo\u201d.<\/p>\n<p style=\"text-align: justify;\">\u00a0An\u00edbal Toru\u00f1o, director de<a href=\"https:\/\/raceandequality.org\/911\"> Radio Dar\u00edo<\/a>, una emisora que fue atacada y quemada por grupos paraestatales afines al Gobierno en abril de 2018, se\u00f1ala que hasta la fecha contin\u00faan trabajando bajo limitaciones. \u201cLos asedios no han cambiado, la dictadura se reinventa y ahora usa el mismo deseo del periodista en la b\u00fasqueda de la informaci\u00f3n para acusarlo o para inventarle o para hacer presi\u00f3n sobre los medios independientes y acusar(les) de desestabilizaci\u00f3n al gobierno\u201d.<\/p>\n<p style=\"text-align: justify;\">La Fundaci\u00f3n Violeta Barrios de Chamorro, que defiende en Nicaragua la libertad de expresi\u00f3n y el acceso a la informaci\u00f3n p\u00fablica, ha documentado en los \u00faltimos dos a\u00f1os m\u00e1s de 2 mil ataques a la libertad de prensa.<\/p>\n<p style=\"text-align: justify;\"><span style=\"color: #993366;\"><strong>En el contexto de la COVID-19<\/strong><\/span><\/p>\n<p style=\"text-align: justify;\">La COVID-19 ha supuesto otro gran desaf\u00edo para la prensa independiente, pues el acceso a la informaci\u00f3n veraz y transparente no ha sido posible ni para los periodistas ni para la poblaci\u00f3n en general.<\/p>\n<p style=\"text-align: justify;\">\u201cEn tiempos de la pandemia del coronavirus, el control sobre la informaci\u00f3n p\u00fablica ha sido a\u00fan m\u00e1s centralizado\u201d, detalla Carlos Fernando Chamorro, a\u00f1adiendo que en las conferencias de prensa del Ministerio de Salud est\u00e1 \u201cvetado\u201d el acceso a los medios independientes y la prensa internacional, por lo que \u201c\u00fanicamente pueden asistir los medios oficiales y los pertenecientes al consorcio privado de la familia presidencial\u201d.<\/p>\n<p style=\"text-align: justify;\">Patricia Orozco a\u00f1ade que la desinformaci\u00f3n \u201cha generado que muchas ciudadanas y ciudadanos informen (ellos mismos) de lo que ocurre en sus localidades, lo cual en muchas ocasiones es retomado por algunos medios independientes\u201d.<\/p>\n<p style=\"text-align: justify;\">Para Luc\u00eda Pineda, desde el Ejecutivo se \u201cminimiza la pandemia, su impacto, repercusiones, y tratan de descalificar el trabajo de los periodistas (\u2026) las alertas, las advertencias, que hacen profesionales de la salud entrevistados por periodistas independientes, el r\u00e9gimen las toma como \u201cgolpe de Estado\u201d o como \u201cnoticias falsas\u201d.<\/p>\n<p style=\"text-align: justify;\">En la misma l\u00ednea, An\u00edbal Toru\u00f1o resalta que los periodistas contin\u00faan \u201cen una lucha diaria de poder brindar a la naci\u00f3n una informaci\u00f3n veraz, con fuentes, cre\u00edble y en la batalla de poder compensar la enorme guerra en redes sociales porque generan noticias que distorsionan lo que est\u00e1 pasando en el pa\u00eds\u201d.<\/p>\n<p style=\"text-align: justify;\"><span style=\"color: #993366;\"><strong>Perspectivas a futuro<\/strong><\/span><\/p>\n<p style=\"text-align: justify;\">Para los periodistas entrevistados por Raza e Igualdad, a pesar de los ataques a la prensa, el compromiso es seguir informando y hacerlo con los m\u00e1s altos est\u00e1ndares. La mayor\u00eda de medios independientes transmiten a trav\u00e9s de redes sociales, como Confidencial y 100% Noticias, que ante la toma de sus instalaciones, divulgan sus contenidos en Youtube y Facebook para desafiar la censura televisiva. Mientras, las radios y programas radiales luchan d\u00eda a d\u00eda para poder continuar produciendo contenido de calidad que pueda a su vez ser retransmitido en otras comunidades del pa\u00eds.<\/p>\n<p style=\"text-align: justify;\">An\u00edbal Toru\u00f1o, quien actualmente est\u00e1 viviendo la cuarentena en las oficinas de Radio Dar\u00edo en conjunto con su equipo, asegura que seguir\u00e1n \u201cconstruyendo verdad, periodismo, (aunque sea) sumamente dif\u00edcil en las condiciones que nosotros vivimos\u201d.<\/p>\n<p style=\"text-align: justify;\">Como comparte Luc\u00eda Pineda: \u201cMi compromiso sigue firme, informar para que la gente tome sus decisiones de cuido en medio de esta pandemia. Informar porque callar ser\u00eda estar derrotada en la lucha de defensa de la libertad de prensa. La mejor lucha por la libertad de prensa es seguir informando\u201d.<\/p>\n<p><span style=\"color: #993366;\"><strong>Pronunciamiento\u00a0<\/strong><\/span><\/p>\n<p style=\"text-align: justify;\">Raza e Igualdad exhorta al Estado de Nicaragua a crear un entorno habilitante para la libertad de expresi\u00f3n y de prensa en Nicaragua que incluya la restituci\u00f3n de los bienes propiedad de Confidencial y 100% Noticias, garant\u00edas de seguridad para el ejercicio del periodismo independiente y las condiciones necesarias para que el periodismo independiente transmita en televisi\u00f3n abierta programas y opiniones que constituyen leg\u00edtimas expresiones de disidencia que son fundamentales para la vida en democracia.<\/p>\n<p>[vc_row][vc_column][vc_column_text]Foto de portada: <a href=\"https:\/\/raceandequality.org\/321\">Radialistas<\/a>[\/vc_column_text][\/vc_column][\/vc_row]<\/p>\n<\/div>","protected":false},"excerpt":{"rendered":"<p>Washington D.C., 4 de mayo de 2020. En conmemoraci\u00f3n del D\u00eda Mundial de la Libertad de Prensa, el Instituto Internacional sobre Raza, Igualdad y Derechos Humanos (Raza e Igualdad), convers\u00f3 [&hellip;]<\/p>\n","protected":false},"author":15,"featured_media":10238,"parent":0,"menu_order":0,"template":"","format":"standard","categories":[1154,1169],"resources_country":[1199],"resources_language":[],"resources_audience":[],"resources_format":[],"resources_topic":[],"resources_year":[],"class_list":["post-12951","resources","type-resources","status-publish","format-standard","has-post-thumbnail","hentry","category-espanol","category-nicaragua","resources_country-nicaragua-es"],"acf":[],"aioseo_notices":[],"_links":{"self":[{"href":"https:\/\/raceandequality.org\/es\/wp-json\/wp\/v2\/resources\/12951","targetHints":{"allow":["GET"]}}],"collection":[{"href":"https:\/\/raceandequality.org\/es\/wp-json\/wp\/v2\/resources"}],"about":[{"href":"https:\/\/raceandequality.org\/es\/wp-json\/wp\/v2\/types\/resources"}],"author":[{"embeddable":true,"href":"https:\/\/raceandequality.org\/es\/wp-json\/wp\/v2\/users\/15"}],"wp:featuredmedia":[{"embeddable":true,"href":"https:\/\/raceandequality.org\/es\/wp-json\/wp\/v2\/media\/10238"}],"wp:attachment":[{"href":"https:\/\/raceandequality.org\/es\/wp-json\/wp\/v2\/media?parent=12951"}],"wp:term":[{"taxonomy":"category","embeddable":true,"href":"https:\/\/raceandequality.org\/es\/wp-json\/wp\/v2\/categories?post=12951"},{"taxonomy":"resources_country","embeddable":true,"href":"https:\/\/raceandequality.org\/es\/wp-json\/wp\/v2\/resources_country?post=12951"},{"taxonomy":"resources_language","embeddable":true,"href":"https:\/\/raceandequality.org\/es\/wp-json\/wp\/v2\/resources_language?post=12951"},{"taxonomy":"resources_audience","embeddable":true,"href":"https:\/\/raceandequality.org\/es\/wp-json\/wp\/v2\/resources_audience?post=12951"},{"taxonomy":"resources_format","embeddable":true,"href":"https:\/\/raceandequality.org\/es\/wp-json\/wp\/v2\/resources_format?post=12951"},{"taxonomy":"resources_topic","embeddable":true,"href":"https:\/\/raceandequality.org\/es\/wp-json\/wp\/v2\/resources_topic?post=12951"},{"taxonomy":"resources_year","embeddable":true,"href":"https:\/\/raceandequality.org\/es\/wp-json\/wp\/v2\/resources_year?post=12951"}],"curies":[{"name":"wp","href":"https:\/\/api.w.org\/{rel}","templated":true}]}}

En el Día Mundial de la Libertad de Prensa, periodistas nicaragüenses exponen los desafíos a los que se enfrentan

<div class="wpb-content-wrapper"><p style="text-align: justify;"><strong>Washington D.C., 4 de mayo de 2020. </strong>En conmemoración del Día Mundial de la Libertad de Prensa, el Instituto Internacional sobre Raza, Igualdad y Derechos Humanos (Raza e Igualdad), conversó con cuatro periodistas y directores de medios nicaragüenses sobre el estado del periodismo independiente en el país que recientemente cumplió dos años sumergido en una grave crisis de derechos humanos.</p>
<p style="text-align: justify;">Los periodistas coincidieron en que la prensa independiente continúa resistiendo los ataques de las autoridades, los que han incluido el asesinato del periodista Ángel Gahona, la destrucción u ocupación de medios de comunicación, agresiones físicas, amenazas, intimidación, exilio forzado, censura, robo de equipos y el encarcelamiento de periodistas.</p>
<p style="text-align: justify;">“La labor de informar, investigar y comunicar, está bajo asedio y acoso gubernamental”, asegura Patricia Orozco, directora del programa radial <a href="https://raceandequality.org/910">Onda Loca</a>l. Las oficinas desde donde se producía el programa fueron allanadas en diciembre de 2018, cuando el legislativo nicaragüense canceló la personalidad jurídica a una organización socia, pero pese a las circunstancias difíciles los periodistas siguen informando.</p>
<p style="text-align: justify;">“Periodistas y comunicadores realizamos nuestra labor, bajo altos niveles de presión, riesgos y amenazas. Gran parte de los medios y comunicadores sociales trabajan desde el exilio; y los medios que aún continúan operando desde Nicaragua, que es el caso de Onda Local, lo hacen sometidos a amenazas y serias limitaciones financieras”, explica Orozco.</p>
<p style="text-align: justify;">Por otro lado, los medios de comunicación 100% Noticias y Confidencial, que fueron allanados arbitrariamente hace año y medio, continúan ocupados por la Policía. Lucía Pineda, jefa de prensa de <a href="https://raceandequality.org/259">100% Noticias</a>, quien estuvo encarcelada durante seis meses por ejercer su oficio periodístico, señala que el hecho de que haya “policías en salas de redacción, donde tienen que haber periodistas, es la prueba que la libertad de prensa está bajo ataque”.</p>
<p style="text-align: justify;">Para Carlos Fernando Chamorro, director de <a href="https://raceandequality.org/339">Confidencial</a>, “en Nicaragua hoy se hace periodismo bajo el riesgo de la agresión física, el asalto, y el asedio de policías y paramilitares, en condiciones de censura”. Sin embargo, explica que durante estos dos años de crisis, “la resistencia de la prensa ha descansado en el coraje de los reporteros y su compromiso profesional, ético y político, con el apego a la verdad a cualquier costo”.</p>
<p style="text-align: justify;"> Aníbal Toruño, director de<a href="https://raceandequality.org/911"> Radio Darío</a>, una emisora que fue atacada y quemada por grupos paraestatales afines al Gobierno en abril de 2018, señala que hasta la fecha continúan trabajando bajo limitaciones. “Los asedios no han cambiado, la dictadura se reinventa y ahora usa el mismo deseo del periodista en la búsqueda de la información para acusarlo o para inventarle o para hacer presión sobre los medios independientes y acusar(les) de desestabilización al gobierno”.</p>
<p style="text-align: justify;">La Fundación Violeta Barrios de Chamorro, que defiende en Nicaragua la libertad de expresión y el acceso a la información pública, ha documentado en los últimos dos años más de 2 mil ataques a la libertad de prensa.</p>
<p style="text-align: justify;"><span style="color: #993366;"><strong>En el contexto de la COVID-19</strong></span></p>
<p style="text-align: justify;">La COVID-19 ha supuesto otro gran desafío para la prensa independiente, pues el acceso a la información veraz y transparente no ha sido posible ni para los periodistas ni para la población en general.</p>
<p style="text-align: justify;">“En tiempos de la pandemia del coronavirus, el control sobre la información pública ha sido aún más centralizado”, detalla Carlos Fernando Chamorro, añadiendo que en las conferencias de prensa del Ministerio de Salud está “vetado” el acceso a los medios independientes y la prensa internacional, por lo que “únicamente pueden asistir los medios oficiales y los pertenecientes al consorcio privado de la familia presidencial”.</p>
<p style="text-align: justify;">Patricia Orozco añade que la desinformación “ha generado que muchas ciudadanas y ciudadanos informen (ellos mismos) de lo que ocurre en sus localidades, lo cual en muchas ocasiones es retomado por algunos medios independientes”.</p>
<p style="text-align: justify;">Para Lucía Pineda, desde el Ejecutivo se “minimiza la pandemia, su impacto, repercusiones, y tratan de descalificar el trabajo de los periodistas (…) las alertas, las advertencias, que hacen profesionales de la salud entrevistados por periodistas independientes, el régimen las toma como “golpe de Estado” o como “noticias falsas”.</p>
<p style="text-align: justify;">En la misma línea, Aníbal Toruño resalta que los periodistas continúan “en una lucha diaria de poder brindar a la nación una información veraz, con fuentes, creíble y en la batalla de poder compensar la enorme guerra en redes sociales porque generan noticias que distorsionan lo que está pasando en el país”.</p>
<p style="text-align: justify;"><span style="color: #993366;"><strong>Perspectivas a futuro</strong></span></p>
<p style="text-align: justify;">Para los periodistas entrevistados por Raza e Igualdad, a pesar de los ataques a la prensa, el compromiso es seguir informando y hacerlo con los más altos estándares. La mayoría de medios independientes transmiten a través de redes sociales, como Confidencial y 100% Noticias, que ante la toma de sus instalaciones, divulgan sus contenidos en Youtube y Facebook para desafiar la censura televisiva. Mientras, las radios y programas radiales luchan día a día para poder continuar produciendo contenido de calidad que pueda a su vez ser retransmitido en otras comunidades del país.</p>
<p style="text-align: justify;">Aníbal Toruño, quien actualmente está viviendo la cuarentena en las oficinas de Radio Darío en conjunto con su equipo, asegura que seguirán “construyendo verdad, periodismo, (aunque sea) sumamente difícil en las condiciones que nosotros vivimos”.</p>
<p style="text-align: justify;">Como comparte Lucía Pineda: “Mi compromiso sigue firme, informar para que la gente tome sus decisiones de cuido en medio de esta pandemia. Informar porque callar sería estar derrotada en la lucha de defensa de la libertad de prensa. La mejor lucha por la libertad de prensa es seguir informando”.</p>
<p><span style="color: #993366;"><strong>Pronunciamiento </strong></span></p>
<p style="text-align: justify;">Raza e Igualdad exhorta al Estado de Nicaragua a crear un entorno habilitante para la libertad de expresión y de prensa en Nicaragua que incluya la restitución de los bienes propiedad de Confidencial y 100% Noticias, garantías de seguridad para el ejercicio del periodismo independiente y las condiciones necesarias para que el periodismo independiente transmita en televisión abierta programas y opiniones que constituyen legítimas expresiones de disidencia que son fundamentales para la vida en democracia.</p>
<p>[vc_row][vc_column][vc_column_text]Foto de portada: <a href="https://raceandequality.org/321">Radialistas</a>[/vc_column_text][/vc_column][/vc_row]</p>
</div>

<p>Washington D.C., 4 de mayo de 2020. En conmemoración del Día Mundial de la Libertad de Prensa, el Instituto Internacional sobre Raza, Igualdad y Derechos Humanos (Raza e Igualdad), conversó [&hellip;]</p>
