{"id":13124,"date":"2020-07-29T17:07:34","date_gmt":"2020-07-29T17:07:34","guid":{"rendered":"http:\/\/race01.wp\/resources\/lideresas-de-mexico-guatemala-y-colombia-exponen-la-problematica-que-enfrentan-las-mujeres-afrodescendientes-en-medio-de-la-pandemia-de-covid-19-e-instan-a-los-estados-a-tomar-politicas-adecuadas-par\/"},"modified":"2023-05-15T04:31:51","modified_gmt":"2023-05-15T04:31:51","slug":"lideresas-de-mexico-guatemala-y-colombia-exponen-la-problematica-que-enfrentan-las-mujeres-afrodescendientes-en-medio-de-la-pandemia-de-covid-19-e-instan-a-los-estados-a-tomar-politicas-adecuadas-par","status":"publish","type":"resources","link":"https:\/\/raceandequality.org\/es\/resources\/lideresas-de-mexico-guatemala-y-colombia-exponen-la-problematica-que-enfrentan-las-mujeres-afrodescendientes-en-medio-de-la-pandemia-de-covid-19-e-instan-a-los-estados-a-tomar-politicas-adecuadas-par\/","title":{"rendered":"Lideresas de M\u00e9xico, Guatemala y Colombia exponen la problem\u00e1tica que enfrentan las mujeres afrodescendientes en medio de la pandemia de Covid-19 e instan a los Estados a tomar pol\u00edticas adecuadas para su protecci\u00f3n"},"content":{"rendered":"<p style=\"text-align: justify;\"><strong>Washington D.C. 29 de julio de 2020<\/strong>.- En ocasi\u00f3n del <a href=\"https:\/\/raceandequality.org\/969\"><strong>D\u00eda Internacional de la Mujer Afrolatinoamericana, Afrocaribe\u00f1a y de la Di\u00e1spora<\/strong><\/a>, celebrado el s\u00e1bado 25 de julio, lideresas que promueven y defienden los derechos de las personas afrodescendientes en M\u00e9xico, Guatemala y Colombia abordaron en un seminario virtual los problemas que enfrentan las mujeres afrodescendientes en el contexto de la pandemia de Covid-19, destacando las m\u00faltiples formas de violencia y discriminaci\u00f3n a las que est\u00e1n expuestas por raza, clase y g\u00e9nero.<\/p>\n<p style=\"text-align: justify;\">La coordinaci\u00f3n del webinar, denominado <a href=\"https:\/\/raceandequality.org\/395\"><strong>\u201cRacismos y mujeres Afrodescendientes: proyecciones post-pandemia\u201d<\/strong><\/a>, estuvo a cargo de Elvia Duque, una de las oficiales del programa de Am\u00e9rica Latina del Instituto Internacional sobre Raza, Igualdad y Derechos Humanos (Raza e Igualdad), y tuvo una buena aceptaci\u00f3n entre el p\u00fablico, pues solo por medio de la plataforma Zoom se conectaron 70 personas, mientras que la transmisi\u00f3n en vivo por la p\u00e1gina de Raza e Igualdad en Facebook fue compartida 76 veces, tuvo 35 comentarios de usuarios y usuarias de diferentes pa\u00edses y hasta este mi\u00e9rcoles la publicaci\u00f3n hab\u00eda alcanzado a 6,248 personas, seg\u00fan las estad\u00edsticas brindadas por esta red social.<\/p>\n<p style=\"text-align: justify;\"><strong>Un contexto adverso<\/strong><\/p>\n<p style=\"text-align: justify;\">Retomando las palabras de la profesora brasile\u00f1a Joana dos Passos, Elia Avenda\u00f1o, doctora en Derecho e Investigadora del Programa Universitario de Estudios de la Diversidad Cultural y la Interculturalidad de la Universidad Nacional Aut\u00f3noma de M\u00e9xico, se\u00f1al\u00f3 que \u201cel racismo es una pandemia permanente\u201d y que, por tanto, M\u00e9xico enfrenta la pandemia de Covid-19 bajo varias situaciones desventajosas, como el hecho que al inicio de este a\u00f1o el Ejecutivo suprimi\u00f3 el Seguro Popular, al que estaba adscrito el 52.8% de las personas afrodescendientes en el pa\u00eds. La especialista explic\u00f3 que esta medida se dio por la creaci\u00f3n del Instituto de Salud para el Bienestar (Insabi), sin embargo, este estar\u00e1 completamente instalado y funcional hasta finales de a\u00f1o.<\/p>\n<p style=\"text-align: justify;\">Avenda\u00f1o afirm\u00f3 que en M\u00e9xico existen desigualdades estructurales que ponen en mayor riesgo de contagio a las personas que tienen carencias econ\u00f3micas y limitaciones de acceso a los servicios de salud, entre las que se encuentran las personas ind\u00edgenas y afrodescendientes. \u201cHasta este momento llevamos 42,645 personas muertas por la pandemia y no sabemos cu\u00e1ntas son afrodescendientes. En el sistema de salud se supone que est\u00e1n atendiendo a todas las personas que acuden, aunque no tengan un sistema de salud, sin embargo, se le est\u00e1 dando preferencia a aquellas personas que tiene m\u00e1s posibilidades de sobrevivir y en este caso no est\u00e1n incluidas las que tienen antecedentes de desigualdad, de marginaci\u00f3n, de exclusi\u00f3n y de pobreza\u201d, dijo.<\/p>\n<p style=\"text-align: justify;\">La antrop\u00f3loga y profesora investigadora de la Universidad Veracruzana, Sagrario Cruz Carretero, centr\u00f3 su intervenci\u00f3n en la <a href=\"https:\/\/raceandequality.org\/970\"><strong>evidencia sobre la herencia africana en M\u00e9xico<\/strong><\/a> para contrarrestarla con el hecho que desde diversos sectores de la sociedad persiste la negaci\u00f3n de esta realidad, lo cual desemboca en la falta de pol\u00edticas adecuadas a las realidades y necesidades de la poblaci\u00f3n afrodescendiente. \u201c\u00bfPor qu\u00e9 no hay una identidad generalizada de ser afrodescendiente o negro en M\u00e9xico? Hay una negaci\u00f3n debido al racismo y al miedo a la p\u00e9rdida del privilegio blanco que es una serie de herramientas que tenemos y que permiten tener mejores oportunidades en la vida\u201d, precis\u00f3.<\/p>\n<p style=\"text-align: justify;\">Por su parte, Astrid Cuero, afrocolombiana y l\u00edder de procesos de formaci\u00f3n feminista y antirracista en el Grupo Latinoamericano de Estudio, Formaci\u00f3n y Acci\u00f3n Feminista (GLEFAS), manifest\u00f3 que \u201cla pandemia est\u00e1 racializada\u201d y, en el caso de Colombia, ha dado lugar al recrudecimiento de la violencia en los territorios y al aumento de los asesinatos de l\u00edderes y lideresas afrocolombianos e ind\u00edgenas, quedando en evidencia la desprotecci\u00f3n del Estado y la falta de garantizas m\u00ednimas para la protecci\u00f3n de sus derechos fundamentales.<\/p>\n<p style=\"text-align: justify;\">\u201cMucha gente negra no tiene trabajos estables, viven de la econom\u00eda informal y el Estado sin darles condiciones para confinarse de forma digna, pues c\u00f3mo la gente negra empobrecida va a poder confinarse, tiene que salir a trabajar y esto los expone\u201d, afirm\u00f3 Cuero, quien hizo hincapi\u00e9 en que esta poblaci\u00f3n afrodescendiente no solo est\u00e1 vulnerable a la pandemia de Covid-19, sino a la violencia de grupos paramilitares.<\/p>\n<p style=\"text-align: justify;\">Tanya Duarte, afromexicana y directora del Proyecto Afrodescendencia M\u00e9xico, apunt\u00f3 que \u201ces una cuesti\u00f3n de privilegio y de clase c\u00f3mo uno puede resistir el encierro\u201d, y puso como ejemplo que muchas familias est\u00e1n sacando a sus hijos e hijas de las escuelas porque no cuentan con los recursos para que accedan a las clases en l\u00ednea. La lideresa indic\u00f3 adem\u00e1s que el racismo est\u00e1 afectando fuertemente a los migrantes afrodescendientes que residen o est\u00e1n de paso por M\u00e9xico, pues forman parte de la poblaci\u00f3n marginada de la respuesta al Covid-19 o quedan expuestos al crimen organizado, respectivamente.<\/p>\n<p style=\"text-align: justify;\"><strong>Urgen pol\u00edticas adecuadas <\/strong><\/p>\n<p style=\"text-align: justify;\">En tanto, Joanna Wheterborn, guatemalteca afrodescendiente e integrante del Consejo Consultivo de la Red de Mujeres Afrolatinoamericanas, Afrocaribe\u00f1as y de la Di\u00e1spora (RMAAD), se\u00f1al\u00f3 que, con el confinamiento por la pandemia, los niveles de violencia de g\u00e9nero dentro de los hogares han aumentado desproporcionadamente. Wheterborn llam\u00f3 la atenci\u00f3n sobre la necesidad de actualizar las cifras sobre poblaci\u00f3n afrodescendiente en Guatemala y dem\u00e1s pa\u00edses de la regi\u00f3n, pues \u201ccomo no nos cuentan, no nos ven, y como no nos ven no nos atienden\u201d, dijo.<\/p>\n<p style=\"text-align: justify;\">Las panelistas concluyeron que el racismo es la pandemia del pueblo afrodescendiente y por ende las soluciones ante el COVID-19 deben de ser dirigidas comprendiendo que las mujeres afrodescendientes son uno de los grupos prioritarios a incluirse en los programas y planes de los Estados. Tambi\u00e9n, recalcaron la necesidad de contar con datos estad\u00edsticos sectoriales actualizados y desagregados incluyendo la raza\/etnia y g\u00e9nero para dar soluciones adecuadas a los afrodescendientes.<\/p>\n<p style=\"text-align: justify;\">Al final del conversatorio, Elvia Duque, en representaci\u00f3n de Raza e Igualdad, motiv\u00f3 al p\u00fablico a continuar haciendo uso de instancias regionales e internacionales como la Convenci\u00f3n sobre la Eliminaci\u00f3n de toda forma de Discriminaci\u00f3n contra la Mujer (CEDAW), el Comit\u00e9 para la Eliminaci\u00f3n de la Discriminaci\u00f3n Racial (CERD), y la Relator\u00eda sobre los Derechos de las Personas Afrodescendientes y contra la Discriminaci\u00f3n Racial, por ser instancias que permiten alzar las voces de las mujeres afrodescendientes fuera del \u00e1mbito nacional, donde muchas veces sus voces son ignoradas y silenciadas.<\/p>\n<p>Mira aqu\u00ed la grabaci\u00f3n del conversatorio:<\/p>\n<p style=\"padding-left: 160px;\"><iframe style=\"border: none; overflow: hidden;\" data-src=\"https:\/\/www.facebook.com\/plugins\/video.php?href=https%3A%2F%2Fwww.facebook.com%2Fraceandequality%2Fvideos%2F1084230545307050%2F&amp;show_text=0&amp;width=560\" width=\"560\" height=\"315\" frameborder=\"0\" scrolling=\"no\" allowfullscreen=\"allowfullscreen\" src=\"data:image\/svg+xml;base64,PHN2ZyB3aWR0aD0iMSIgaGVpZ2h0PSIxIiB4bWxucz0iaHR0cDovL3d3dy53My5vcmcvMjAwMC9zdmciPjwvc3ZnPg==\" class=\"lazyload\" data-load-mode=\"1\"><\/iframe><\/p>\n","protected":false},"excerpt":{"rendered":"<p>Washington D.C. 29 de julio de 2020.- En ocasi\u00f3n del D\u00eda Internacional de la Mujer Afrolatinoamericana, Afrocaribe\u00f1a y de la Di\u00e1spora, celebrado el s\u00e1bado 25 de julio, lideresas que promueven [&hellip;]<\/p>\n","protected":false},"author":15,"featured_media":10352,"parent":0,"menu_order":0,"template":"","format":"standard","categories":[1122,1154,1166],"resources_country":[1191,1197],"resources_language":[],"resources_audience":[],"resources_format":[],"resources_topic":[],"resources_year":[],"class_list":["post-13124","resources","type-resources","status-publish","format-standard","has-post-thumbnail","hentry","category-colombia","category-espanol","category-mexico","resources_country-colombia-es","resources_country-mexico-es"],"acf":[],"aioseo_notices":[],"_links":{"self":[{"href":"https:\/\/raceandequality.org\/es\/wp-json\/wp\/v2\/resources\/13124","targetHints":{"allow":["GET"]}}],"collection":[{"href":"https:\/\/raceandequality.org\/es\/wp-json\/wp\/v2\/resources"}],"about":[{"href":"https:\/\/raceandequality.org\/es\/wp-json\/wp\/v2\/types\/resources"}],"author":[{"embeddable":true,"href":"https:\/\/raceandequality.org\/es\/wp-json\/wp\/v2\/users\/15"}],"wp:featuredmedia":[{"embeddable":true,"href":"https:\/\/raceandequality.org\/es\/wp-json\/wp\/v2\/media\/10352"}],"wp:attachment":[{"href":"https:\/\/raceandequality.org\/es\/wp-json\/wp\/v2\/media?parent=13124"}],"wp:term":[{"taxonomy":"category","embeddable":true,"href":"https:\/\/raceandequality.org\/es\/wp-json\/wp\/v2\/categories?post=13124"},{"taxonomy":"resources_country","embeddable":true,"href":"https:\/\/raceandequality.org\/es\/wp-json\/wp\/v2\/resources_country?post=13124"},{"taxonomy":"resources_language","embeddable":true,"href":"https:\/\/raceandequality.org\/es\/wp-json\/wp\/v2\/resources_language?post=13124"},{"taxonomy":"resources_audience","embeddable":true,"href":"https:\/\/raceandequality.org\/es\/wp-json\/wp\/v2\/resources_audience?post=13124"},{"taxonomy":"resources_format","embeddable":true,"href":"https:\/\/raceandequality.org\/es\/wp-json\/wp\/v2\/resources_format?post=13124"},{"taxonomy":"resources_topic","embeddable":true,"href":"https:\/\/raceandequality.org\/es\/wp-json\/wp\/v2\/resources_topic?post=13124"},{"taxonomy":"resources_year","embeddable":true,"href":"https:\/\/raceandequality.org\/es\/wp-json\/wp\/v2\/resources_year?post=13124"}],"curies":[{"name":"wp","href":"https:\/\/api.w.org\/{rel}","templated":true}]}}

Lideresas de México, Guatemala y Colombia exponen la problemática que enfrentan las mujeres afrodescendientes en medio de la pandemia de Covid-19 e instan a los Estados a tomar políticas adecuadas para su protección

<p style="text-align: justify;"><strong>Washington D.C. 29 de julio de 2020</strong>.- En ocasión del <a href="https://raceandequality.org/969"><strong>Día Internacional de la Mujer Afrolatinoamericana, Afrocaribeña y de la Diáspora</strong></a>, celebrado el sábado 25 de julio, lideresas que promueven y defienden los derechos de las personas afrodescendientes en México, Guatemala y Colombia abordaron en un seminario virtual los problemas que enfrentan las mujeres afrodescendientes en el contexto de la pandemia de Covid-19, destacando las múltiples formas de violencia y discriminación a las que están expuestas por raza, clase y género.</p>
<p style="text-align: justify;">La coordinación del webinar, denominado <a href="https://raceandequality.org/395"><strong>“Racismos y mujeres Afrodescendientes: proyecciones post-pandemia”</strong></a>, estuvo a cargo de Elvia Duque, una de las oficiales del programa de América Latina del Instituto Internacional sobre Raza, Igualdad y Derechos Humanos (Raza e Igualdad), y tuvo una buena aceptación entre el público, pues solo por medio de la plataforma Zoom se conectaron 70 personas, mientras que la transmisión en vivo por la página de Raza e Igualdad en Facebook fue compartida 76 veces, tuvo 35 comentarios de usuarios y usuarias de diferentes países y hasta este miércoles la publicación había alcanzado a 6,248 personas, según las estadísticas brindadas por esta red social.</p>
<p style="text-align: justify;"><strong>Un contexto adverso</strong></p>
<p style="text-align: justify;">Retomando las palabras de la profesora brasileña Joana dos Passos, Elia Avendaño, doctora en Derecho e Investigadora del Programa Universitario de Estudios de la Diversidad Cultural y la Interculturalidad de la Universidad Nacional Autónoma de México, señaló que “el racismo es una pandemia permanente” y que, por tanto, México enfrenta la pandemia de Covid-19 bajo varias situaciones desventajosas, como el hecho que al inicio de este año el Ejecutivo suprimió el Seguro Popular, al que estaba adscrito el 52.8% de las personas afrodescendientes en el país. La especialista explicó que esta medida se dio por la creación del Instituto de Salud para el Bienestar (Insabi), sin embargo, este estará completamente instalado y funcional hasta finales de año.</p>
<p style="text-align: justify;">Avendaño afirmó que en México existen desigualdades estructurales que ponen en mayor riesgo de contagio a las personas que tienen carencias económicas y limitaciones de acceso a los servicios de salud, entre las que se encuentran las personas indígenas y afrodescendientes. “Hasta este momento llevamos 42,645 personas muertas por la pandemia y no sabemos cuántas son afrodescendientes. En el sistema de salud se supone que están atendiendo a todas las personas que acuden, aunque no tengan un sistema de salud, sin embargo, se le está dando preferencia a aquellas personas que tiene más posibilidades de sobrevivir y en este caso no están incluidas las que tienen antecedentes de desigualdad, de marginación, de exclusión y de pobreza”, dijo.</p>
<p style="text-align: justify;">La antropóloga y profesora investigadora de la Universidad Veracruzana, Sagrario Cruz Carretero, centró su intervención en la <a href="https://raceandequality.org/970"><strong>evidencia sobre la herencia africana en México</strong></a> para contrarrestarla con el hecho que desde diversos sectores de la sociedad persiste la negación de esta realidad, lo cual desemboca en la falta de políticas adecuadas a las realidades y necesidades de la población afrodescendiente. “¿Por qué no hay una identidad generalizada de ser afrodescendiente o negro en México? Hay una negación debido al racismo y al miedo a la pérdida del privilegio blanco que es una serie de herramientas que tenemos y que permiten tener mejores oportunidades en la vida”, precisó.</p>
<p style="text-align: justify;">Por su parte, Astrid Cuero, afrocolombiana y líder de procesos de formación feminista y antirracista en el Grupo Latinoamericano de Estudio, Formación y Acción Feminista (GLEFAS), manifestó que “la pandemia está racializada” y, en el caso de Colombia, ha dado lugar al recrudecimiento de la violencia en los territorios y al aumento de los asesinatos de líderes y lideresas afrocolombianos e indígenas, quedando en evidencia la desprotección del Estado y la falta de garantizas mínimas para la protección de sus derechos fundamentales.</p>
<p style="text-align: justify;">“Mucha gente negra no tiene trabajos estables, viven de la economía informal y el Estado sin darles condiciones para confinarse de forma digna, pues cómo la gente negra empobrecida va a poder confinarse, tiene que salir a trabajar y esto los expone”, afirmó Cuero, quien hizo hincapié en que esta población afrodescendiente no solo está vulnerable a la pandemia de Covid-19, sino a la violencia de grupos paramilitares.</p>
<p style="text-align: justify;">Tanya Duarte, afromexicana y directora del Proyecto Afrodescendencia México, apuntó que “es una cuestión de privilegio y de clase cómo uno puede resistir el encierro”, y puso como ejemplo que muchas familias están sacando a sus hijos e hijas de las escuelas porque no cuentan con los recursos para que accedan a las clases en línea. La lideresa indicó además que el racismo está afectando fuertemente a los migrantes afrodescendientes que residen o están de paso por México, pues forman parte de la población marginada de la respuesta al Covid-19 o quedan expuestos al crimen organizado, respectivamente.</p>
<p style="text-align: justify;"><strong>Urgen políticas adecuadas </strong></p>
<p style="text-align: justify;">En tanto, Joanna Wheterborn, guatemalteca afrodescendiente e integrante del Consejo Consultivo de la Red de Mujeres Afrolatinoamericanas, Afrocaribeñas y de la Diáspora (RMAAD), señaló que, con el confinamiento por la pandemia, los niveles de violencia de género dentro de los hogares han aumentado desproporcionadamente. Wheterborn llamó la atención sobre la necesidad de actualizar las cifras sobre población afrodescendiente en Guatemala y demás países de la región, pues “como no nos cuentan, no nos ven, y como no nos ven no nos atienden”, dijo.</p>
<p style="text-align: justify;">Las panelistas concluyeron que el racismo es la pandemia del pueblo afrodescendiente y por ende las soluciones ante el COVID-19 deben de ser dirigidas comprendiendo que las mujeres afrodescendientes son uno de los grupos prioritarios a incluirse en los programas y planes de los Estados. También, recalcaron la necesidad de contar con datos estadísticos sectoriales actualizados y desagregados incluyendo la raza/etnia y género para dar soluciones adecuadas a los afrodescendientes.</p>
<p style="text-align: justify;">Al final del conversatorio, Elvia Duque, en representación de Raza e Igualdad, motivó al público a continuar haciendo uso de instancias regionales e internacionales como la Convención sobre la Eliminación de toda forma de Discriminación contra la Mujer (CEDAW), el Comité para la Eliminación de la Discriminación Racial (CERD), y la Relatoría sobre los Derechos de las Personas Afrodescendientes y contra la Discriminación Racial, por ser instancias que permiten alzar las voces de las mujeres afrodescendientes fuera del ámbito nacional, donde muchas veces sus voces son ignoradas y silenciadas.</p>
<p>Mira aquí la grabación del conversatorio:</p>
<p style="padding-left: 160px;"><iframe style="border: none; overflow: hidden;" data-src="https://www.facebook.com/plugins/video.php?href=https%3A%2F%2Fwww.facebook.com%2Fraceandequality%2Fvideos%2F1084230545307050%2F&amp;show_text=0&amp;width=560" width="560" height="315" frameborder="0" scrolling="no" allowfullscreen="allowfullscreen" src="data:image/svg+xml;base64,PHN2ZyB3aWR0aD0iMSIgaGVpZ2h0PSIxIiB4bWxucz0iaHR0cDovL3d3dy53My5vcmcvMjAwMC9zdmciPjwvc3ZnPg==" class="lazyload" data-load-mode="1"></iframe></p>

<p>Washington D.C. 29 de julio de 2020.- En ocasión del Día Internacional de la Mujer Afrolatinoamericana, Afrocaribeña y de la Diáspora, celebrado el sábado 25 de julio, lideresas que promueven [&hellip;]</p>
