{"id":13260,"date":"2020-10-22T17:36:06","date_gmt":"2020-10-22T17:36:06","guid":{"rendered":"http:\/\/race01.wp\/resources\/relatora-especial-de-naciones-unidas-sobre-defensores-de-derechos-humanos-llama-a-los-gobiernos-a-cumplir-su-obligacion-de-proteger-la-vida-de-defensoras-y-defensores\/"},"modified":"2023-05-15T04:36:28","modified_gmt":"2023-05-15T04:36:28","slug":"relatora-especial-de-naciones-unidas-sobre-defensores-de-derechos-humanos-llama-a-los-gobiernos-a-cumplir-su-obligacion-de-proteger-la-vida-de-defensoras-y-defensores","status":"publish","type":"resources","link":"https:\/\/raceandequality.org\/es\/resources\/relatora-especial-de-naciones-unidas-sobre-defensores-de-derechos-humanos-llama-a-los-gobiernos-a-cumplir-su-obligacion-de-proteger-la-vida-de-defensoras-y-defensores\/","title":{"rendered":"Relatora Especial de Naciones Unidas sobre Defensores de Derechos Humanos llama a los Gobiernos a cumplir su obligaci\u00f3n de proteger la vida de defensoras y defensores"},"content":{"rendered":"<p style=\"text-align: justify;\"><strong>Washington D.C., 22 de octubre de 2020.<\/strong>&#8211; La Relatora Especial de Naciones Unidas sobre Defensores de Derechos Humanos, Mary Lawlor, llam\u00f3 a los Gobiernos a cumplir con su obligaci\u00f3n de proteger la vida de las y los defensores de derechos humanos, en un encuentro que sostuvo este martes 20 de octubre con las defensoras Erlendy Cuero Bravo, de Colombia, y Alma Sinumlag, de Filipinas, en el que conoci\u00f3 detalles sobre la situaci\u00f3n de amenazas que enfrentan estas lideresas por la labor que desempe\u00f1an en sus comunidades.<\/p>\n<p style=\"text-align: justify;\">El encuentro, que se denomin\u00f3 \u201c<strong><em>Advertencias finales: amenazas de muerte contra defensores de derechos humanos<\/em><\/strong>\u201d, fue realizado con el apoyo del Instituto sobre Raza, Igualdad y Derechos Humanos (Raza e Igualdad), y cont\u00f3 con la participaci\u00f3n de Iain Levine, asesor sobre derechos humanos en Facebook. El moderador fue Otto Saki, oficial del programa Compromiso C\u00edvico y de Gobierno, de la Fundaci\u00f3n Ford, quien al inicio del evento pidi\u00f3 un momento de silencio en memoria de todas las v\u00edctimas mortales del Covid-19.<\/p>\n<p style=\"text-align: justify;\"><strong>Una prioridad<\/strong><\/p>\n<p style=\"text-align: justify;\">La Relatora Especial mencion\u00f3 que durante su mandato su prioridad ser\u00e1n los asesinatos de personas que se dedican a la defensa de derechos humanos, y en vista de que estos frecuentemente son antecedidos por amenazas que reciben las y los defensores tanto en sus localidades como a trav\u00e9s de plataformas de internet, pondr\u00e1 especial atenci\u00f3n a dicha situaci\u00f3n.<\/p>\n<p style=\"text-align: justify;\">\u201cSabemos que en cada continente mujeres y hombres son asesinados por ser defensores de derechos humanos, y sabemos que estos asesinatos no son actos de violencia al azar, sino que son premeditados y dirigidos (\u2026) y sabemos que muchos de estos asesinatos son antecedidos por amenazas de muerte\u201d, puntualiz\u00f3.<\/p>\n<p style=\"text-align: justify;\">Lawlor present\u00f3 el lunes 19 de octubre <a href=\"https:\/\/raceandequality.org\/1016\">su primer informe como Relatora Especial<\/a> ante la Asamblea General de Naciones Unidas y se encuentra preparando otro enfocado en los asesinatos de defensoras y defensores de derechos humanos en todo el mundo.<\/p>\n<p style=\"text-align: justify;\"><strong>El caso de Erlendy Cuero Bravo<\/strong><\/p>\n<p style=\"text-align: justify;\">La lideresa afrocolombiana y vicepresidenta de la Asociaci\u00f3n Nacional de Afrocolombianos Desplazados (AFRODES), Erlendy Cuero Bravo, fue invitada por la Relatora para exponer su caso, pues desde que inici\u00f3 hace m\u00e1s de 20 a\u00f1os la labor de defender los derechos humanos de las y los afrocolombianos v\u00edctimas del conflicto armado en Colombia, ha sido objetivo de atentados y amenazas contra su vida, la de su familia y la de compa\u00f1eros y compa\u00f1eras de su organizaci\u00f3n, seg\u00fan cont\u00f3 ella misma en el evento.<\/p>\n<p style=\"text-align: justify;\">\u201cQuiero enfatizar que la situaci\u00f3n de amenazas que hoy sigo enfrentando es la situaci\u00f3n de cientos de l\u00edderes y lideresas de las comunidades afrocolombianas e ind\u00edgenas de mi pa\u00eds\u201d, apunt\u00f3 Cuero Bravo, quien record\u00f3 que el pa\u00eds sigue sumido en el conflicto armado que inici\u00f3 hace m\u00e1s de 50 a\u00f1os, a pesar de la firma de los Acuerdos de Paz en 2016, siendo las comunidades afrocolombianas e ind\u00edgenas las m\u00e1s afectadas entre los m\u00e1s de 8.5 millones v\u00edctimas a nivel nacional. \u201cAl menos 2 millones de las personas desplazadas somos afrocolombianos\u201d, enfatiz\u00f3.<\/p>\n<p style=\"text-align: justify;\">\u201cLa mayor\u00eda de las amenazas las he recibido a trav\u00e9s de panfletos que ha llegado a trav\u00e9s de Whatsapp, mi correo electr\u00f3nico y Facebook, pero tambi\u00e9n he recibido esos panfletos en mi propia residencia y la sede de mi organizaci\u00f3n. La autor\u00eda de la mayor\u00eda de esos panfletos ha sido de grupos paramilitares, pero tambi\u00e9n ha habido panfletos de grupos guerrilleros y agrupaciones de narcotraficantes\u201d, expuso.<\/p>\n<p style=\"text-align: justify;\">La lideresa indic\u00f3 que en estas amenazas le aseguran que la asesinar\u00e1n a ella y a sus familiares, as\u00ed como le exigen que abandone sus actividades de liderazgo e incluso su lugar de residencia, se\u00f1al\u00e1ndola como colaboradora de la guerrilla y como un obst\u00e1culo en las pol\u00edticas del Gobierno. Cuero Bravo dijo que esta situaci\u00f3n se ve agravada por la indiferencia y falta de empat\u00eda del Gobierno, pues a pesar de que actualmente cuenta con un guardaespaldas y un veh\u00edculo blindado, esto fue posible por las medidas cautelares que le otorg\u00f3 la Comisi\u00f3n Interamericana de Derechos Humanos (CIDH).<\/p>\n<p style=\"text-align: justify;\">\u201cSolicitamos respetuosamente que, en cumplimiento de su mandato, exhorte al Gobierno de Colombia adoptar las medidas que le hemos propuesto, como reformar los procedimientos de evaluaci\u00f3n de riesgo para garantizar que los defensores en alto riesgo reciban medidas de protecci\u00f3n efectivas e implementar medidas de protecci\u00f3n colectivas en las comunidades y organizaciones que contin\u00faan en situaci\u00f3n de riesgo\u201d, dijo.<\/p>\n<p style=\"text-align: justify;\"><strong>El caso de Alma Sinumlag <\/strong><\/p>\n<p style=\"text-align: justify;\">Alma Sinumlag, defensora de los derechos humanos de los Pueblos Ind\u00edgenas (IPHRD) de La Cordillera, en Filipinas, expuso que en su caso las amenazas llegan principalmente a trav\u00e9s de las redes sociales, donde constantemente se realizan publicaciones que la identifican con su nombre completo, fotograf\u00edas sola o acompa\u00f1ada de otros activistas y la califican como una \u201ccriminal\u201d o \u201cterrorista\u201d. La lideresa denunci\u00f3 que han logrado identificar que la mayor\u00eda de las cuentas desde las cuales se realizan dichas amenazas est\u00e1n ligadas al Gobierno, la Polic\u00eda o el Ej\u00e9rcito, siendo Facebook la plataforma m\u00e1s utilizado.<\/p>\n<p style=\"text-align: justify;\">Uno de los objetivos de la Relatora Lawlor es dialogar con representantes de empresas de tecnolog\u00eda para conocer c\u00f3mo reaccionan ante a la evidencia de amenazas de muerte que se realizan en sus plataformas, por lo que el evento tuvo la participaci\u00f3n de Iain Levine, asesor sobre derechos humanos en Facebook. Levine asegur\u00f3 que la protecci\u00f3n de defensores de derechos humanos es un reto para las empresas de redes sociales, por lo que en el grupo que \u00e9l dirige es una prioridad.<\/p>\n<p style=\"text-align: justify;\">\u201cQueremos que Facebook sea una plataforma clave para los defensores de derechos humanos, queremos ser una plataforma donde puedan promover los derechos humanos, ser activos, incidir, organizar y crear comunidad, dijo. El experto se\u00f1al\u00f3 que es importante que las amenazas sean reportadas por los medios establecidos en la red social, aunque reconoci\u00f3 que, si estas se realizan por canales privados como Whatsapp, para ellos es mucho m\u00e1s dif\u00edcil darles seguimiento.<\/p>\n<p style=\"text-align: justify;\"><strong>Llamado a los Gobiernos<\/strong><\/p>\n<p style=\"text-align: justify;\">La Relatora Mary Lawlor aconsej\u00f3 a las y los defensores de derechos humanos elaborar su propio plan de seguridad, incluyendo la medida de abandonar sus localidades en caso de que los casos sean extremos. Tambi\u00e9n invit\u00f3 a las defensoras participantes en el evento a buscar el apoyo de la embajada de los Pa\u00edses Bajos en sus pa\u00edses.<\/p>\n<p style=\"text-align: justify;\">En ese sentido, Mark Reichwein, de la misi\u00f3n de Pa\u00edses Bajos ante Naciones Unidas, intervino reafirmando el compromiso de este organismo y de su Gobierno para defender a las y los defensores de derechos humanos que enfrentan amenazas y persecuci\u00f3n.<\/p>\n<p style=\"text-align: justify;\">Sin embargo, Lawlor indic\u00f3 que son los Gobiernos los que deben aplicar leyes y pol\u00edticas para proteger a las y los defensores de derechos humanos. \u201cY para comenzar deber\u00edan de reconocer p\u00fablicamente el valor del trabajo de los defensores de derechos humanos (&#8230;) en correspondencia con su obligaci\u00f3n bajo la Declaraci\u00f3n sobre Defensores de Derechos Humanos y porque los defensores trabajan de acuerdo con la Declaraci\u00f3n Universal de Derechos Humanos\u201d, manifest\u00f3.<\/p>\n","protected":false},"excerpt":{"rendered":"<p>Washington D.C., 22 de octubre de 2020.&#8211; La Relatora Especial de Naciones Unidas sobre Defensores de Derechos Humanos, Mary Lawlor, llam\u00f3 a los Gobiernos a cumplir con su obligaci\u00f3n de [&hellip;]<\/p>\n","protected":false},"author":15,"featured_media":10416,"parent":0,"menu_order":0,"template":"","format":"standard","categories":[1122,1154,1159],"resources_country":[1191],"resources_language":[],"resources_audience":[],"resources_format":[],"resources_topic":[1117],"resources_year":[],"class_list":["post-13260","resources","type-resources","status-publish","format-standard","has-post-thumbnail","hentry","category-colombia","category-espanol","category-onu","resources_country-colombia-es","resources_topic-onu"],"acf":[],"aioseo_notices":[],"_links":{"self":[{"href":"https:\/\/raceandequality.org\/es\/wp-json\/wp\/v2\/resources\/13260","targetHints":{"allow":["GET"]}}],"collection":[{"href":"https:\/\/raceandequality.org\/es\/wp-json\/wp\/v2\/resources"}],"about":[{"href":"https:\/\/raceandequality.org\/es\/wp-json\/wp\/v2\/types\/resources"}],"author":[{"embeddable":true,"href":"https:\/\/raceandequality.org\/es\/wp-json\/wp\/v2\/users\/15"}],"wp:featuredmedia":[{"embeddable":true,"href":"https:\/\/raceandequality.org\/es\/wp-json\/wp\/v2\/media\/10416"}],"wp:attachment":[{"href":"https:\/\/raceandequality.org\/es\/wp-json\/wp\/v2\/media?parent=13260"}],"wp:term":[{"taxonomy":"category","embeddable":true,"href":"https:\/\/raceandequality.org\/es\/wp-json\/wp\/v2\/categories?post=13260"},{"taxonomy":"resources_country","embeddable":true,"href":"https:\/\/raceandequality.org\/es\/wp-json\/wp\/v2\/resources_country?post=13260"},{"taxonomy":"resources_language","embeddable":true,"href":"https:\/\/raceandequality.org\/es\/wp-json\/wp\/v2\/resources_language?post=13260"},{"taxonomy":"resources_audience","embeddable":true,"href":"https:\/\/raceandequality.org\/es\/wp-json\/wp\/v2\/resources_audience?post=13260"},{"taxonomy":"resources_format","embeddable":true,"href":"https:\/\/raceandequality.org\/es\/wp-json\/wp\/v2\/resources_format?post=13260"},{"taxonomy":"resources_topic","embeddable":true,"href":"https:\/\/raceandequality.org\/es\/wp-json\/wp\/v2\/resources_topic?post=13260"},{"taxonomy":"resources_year","embeddable":true,"href":"https:\/\/raceandequality.org\/es\/wp-json\/wp\/v2\/resources_year?post=13260"}],"curies":[{"name":"wp","href":"https:\/\/api.w.org\/{rel}","templated":true}]}}

Relatora Especial de Naciones Unidas sobre Defensores de Derechos Humanos llama a los Gobiernos a cumplir su obligación de proteger la vida de defensoras y defensores

<p style="text-align: justify;"><strong>Washington D.C., 22 de octubre de 2020.</strong>&#8211; La Relatora Especial de Naciones Unidas sobre Defensores de Derechos Humanos, Mary Lawlor, llamó a los Gobiernos a cumplir con su obligación de proteger la vida de las y los defensores de derechos humanos, en un encuentro que sostuvo este martes 20 de octubre con las defensoras Erlendy Cuero Bravo, de Colombia, y Alma Sinumlag, de Filipinas, en el que conoció detalles sobre la situación de amenazas que enfrentan estas lideresas por la labor que desempeñan en sus comunidades.</p>
<p style="text-align: justify;">El encuentro, que se denominó “<strong><em>Advertencias finales: amenazas de muerte contra defensores de derechos humanos</em></strong>”, fue realizado con el apoyo del Instituto sobre Raza, Igualdad y Derechos Humanos (Raza e Igualdad), y contó con la participación de Iain Levine, asesor sobre derechos humanos en Facebook. El moderador fue Otto Saki, oficial del programa Compromiso Cívico y de Gobierno, de la Fundación Ford, quien al inicio del evento pidió un momento de silencio en memoria de todas las víctimas mortales del Covid-19.</p>
<p style="text-align: justify;"><strong>Una prioridad</strong></p>
<p style="text-align: justify;">La Relatora Especial mencionó que durante su mandato su prioridad serán los asesinatos de personas que se dedican a la defensa de derechos humanos, y en vista de que estos frecuentemente son antecedidos por amenazas que reciben las y los defensores tanto en sus localidades como a través de plataformas de internet, pondrá especial atención a dicha situación.</p>
<p style="text-align: justify;">“Sabemos que en cada continente mujeres y hombres son asesinados por ser defensores de derechos humanos, y sabemos que estos asesinatos no son actos de violencia al azar, sino que son premeditados y dirigidos (…) y sabemos que muchos de estos asesinatos son antecedidos por amenazas de muerte”, puntualizó.</p>
<p style="text-align: justify;">Lawlor presentó el lunes 19 de octubre <a href="https://raceandequality.org/1016">su primer informe como Relatora Especial</a> ante la Asamblea General de Naciones Unidas y se encuentra preparando otro enfocado en los asesinatos de defensoras y defensores de derechos humanos en todo el mundo.</p>
<p style="text-align: justify;"><strong>El caso de Erlendy Cuero Bravo</strong></p>
<p style="text-align: justify;">La lideresa afrocolombiana y vicepresidenta de la Asociación Nacional de Afrocolombianos Desplazados (AFRODES), Erlendy Cuero Bravo, fue invitada por la Relatora para exponer su caso, pues desde que inició hace más de 20 años la labor de defender los derechos humanos de las y los afrocolombianos víctimas del conflicto armado en Colombia, ha sido objetivo de atentados y amenazas contra su vida, la de su familia y la de compañeros y compañeras de su organización, según contó ella misma en el evento.</p>
<p style="text-align: justify;">“Quiero enfatizar que la situación de amenazas que hoy sigo enfrentando es la situación de cientos de líderes y lideresas de las comunidades afrocolombianas e indígenas de mi país”, apuntó Cuero Bravo, quien recordó que el país sigue sumido en el conflicto armado que inició hace más de 50 años, a pesar de la firma de los Acuerdos de Paz en 2016, siendo las comunidades afrocolombianas e indígenas las más afectadas entre los más de 8.5 millones víctimas a nivel nacional. “Al menos 2 millones de las personas desplazadas somos afrocolombianos”, enfatizó.</p>
<p style="text-align: justify;">“La mayoría de las amenazas las he recibido a través de panfletos que ha llegado a través de Whatsapp, mi correo electrónico y Facebook, pero también he recibido esos panfletos en mi propia residencia y la sede de mi organización. La autoría de la mayoría de esos panfletos ha sido de grupos paramilitares, pero también ha habido panfletos de grupos guerrilleros y agrupaciones de narcotraficantes”, expuso.</p>
<p style="text-align: justify;">La lideresa indicó que en estas amenazas le aseguran que la asesinarán a ella y a sus familiares, así como le exigen que abandone sus actividades de liderazgo e incluso su lugar de residencia, señalándola como colaboradora de la guerrilla y como un obstáculo en las políticas del Gobierno. Cuero Bravo dijo que esta situación se ve agravada por la indiferencia y falta de empatía del Gobierno, pues a pesar de que actualmente cuenta con un guardaespaldas y un vehículo blindado, esto fue posible por las medidas cautelares que le otorgó la Comisión Interamericana de Derechos Humanos (CIDH).</p>
<p style="text-align: justify;">“Solicitamos respetuosamente que, en cumplimiento de su mandato, exhorte al Gobierno de Colombia adoptar las medidas que le hemos propuesto, como reformar los procedimientos de evaluación de riesgo para garantizar que los defensores en alto riesgo reciban medidas de protección efectivas e implementar medidas de protección colectivas en las comunidades y organizaciones que continúan en situación de riesgo”, dijo.</p>
<p style="text-align: justify;"><strong>El caso de Alma Sinumlag </strong></p>
<p style="text-align: justify;">Alma Sinumlag, defensora de los derechos humanos de los Pueblos Indígenas (IPHRD) de La Cordillera, en Filipinas, expuso que en su caso las amenazas llegan principalmente a través de las redes sociales, donde constantemente se realizan publicaciones que la identifican con su nombre completo, fotografías sola o acompañada de otros activistas y la califican como una “criminal” o “terrorista”. La lideresa denunció que han logrado identificar que la mayoría de las cuentas desde las cuales se realizan dichas amenazas están ligadas al Gobierno, la Policía o el Ejército, siendo Facebook la plataforma más utilizado.</p>
<p style="text-align: justify;">Uno de los objetivos de la Relatora Lawlor es dialogar con representantes de empresas de tecnología para conocer cómo reaccionan ante a la evidencia de amenazas de muerte que se realizan en sus plataformas, por lo que el evento tuvo la participación de Iain Levine, asesor sobre derechos humanos en Facebook. Levine aseguró que la protección de defensores de derechos humanos es un reto para las empresas de redes sociales, por lo que en el grupo que él dirige es una prioridad.</p>
<p style="text-align: justify;">“Queremos que Facebook sea una plataforma clave para los defensores de derechos humanos, queremos ser una plataforma donde puedan promover los derechos humanos, ser activos, incidir, organizar y crear comunidad, dijo. El experto señaló que es importante que las amenazas sean reportadas por los medios establecidos en la red social, aunque reconoció que, si estas se realizan por canales privados como Whatsapp, para ellos es mucho más difícil darles seguimiento.</p>
<p style="text-align: justify;"><strong>Llamado a los Gobiernos</strong></p>
<p style="text-align: justify;">La Relatora Mary Lawlor aconsejó a las y los defensores de derechos humanos elaborar su propio plan de seguridad, incluyendo la medida de abandonar sus localidades en caso de que los casos sean extremos. También invitó a las defensoras participantes en el evento a buscar el apoyo de la embajada de los Países Bajos en sus países.</p>
<p style="text-align: justify;">En ese sentido, Mark Reichwein, de la misión de Países Bajos ante Naciones Unidas, intervino reafirmando el compromiso de este organismo y de su Gobierno para defender a las y los defensores de derechos humanos que enfrentan amenazas y persecución.</p>
<p style="text-align: justify;">Sin embargo, Lawlor indicó que son los Gobiernos los que deben aplicar leyes y políticas para proteger a las y los defensores de derechos humanos. “Y para comenzar deberían de reconocer públicamente el valor del trabajo de los defensores de derechos humanos (&#8230;) en correspondencia con su obligación bajo la Declaración sobre Defensores de Derechos Humanos y porque los defensores trabajan de acuerdo con la Declaración Universal de Derechos Humanos”, manifestó.</p>

<p>Washington D.C., 22 de octubre de 2020.&#8211; La Relatora Especial de Naciones Unidas sobre Defensores de Derechos Humanos, Mary Lawlor, llamó a los Gobiernos a cumplir con su obligación de [&hellip;]</p>
