{"id":13297,"date":"2020-11-19T21:46:42","date_gmt":"2020-11-19T21:46:42","guid":{"rendered":"http:\/\/race01.wp\/resources\/raza-e-igualdad-denuncia-asedio-del-gobierno-cubano-en-contra-de-la-periodista-independiente-maria-matienzo-y-de-la-activista-kirenia-yalit-nunez-perez-y-exige-respeto-a-la-libertad-de-expresion-en-me\/"},"modified":"2020-11-19T20:28:11","modified_gmt":"2020-11-19T20:28:11","slug":"raza-e-igualdad-denuncia-asedio-del-gobierno-cubano-en-contra-de-la-periodista-independiente-maria-matienzo-y-de-la-activista-kirenia-yalit-nunez-perez-y-exige-respeto-a-la-libertad-de-expresion-en-me","status":"publish","type":"resources","link":"https:\/\/raceandequality.org\/es\/resources\/raza-e-igualdad-denuncia-asedio-del-gobierno-cubano-en-contra-de-la-periodista-independiente-maria-matienzo-y-de-la-activista-kirenia-yalit-nunez-perez-y-exige-respeto-a-la-libertad-de-expresion-en-me\/","title":{"rendered":"Raza e Igualdad denuncia asedio del Gobierno cubano en contra de la periodista independiente Mar\u00eda Matienzo y de la activista Kirenia Yalit N\u00fa\u00f1ez P\u00e9rez y exige respeto a la libertad de expresi\u00f3n en medio de la campa\u00f1a por la liberaci\u00f3n del activista Denis Sol\u00eds"},"content":{"rendered":"<p style=\"text-align: justify;\"><strong>Washington D.C., 19 de noviembre de 2020.<\/strong>&#8211; El Instituto sobre Raza, Igualdad y Derechos Humanos (Raza e Igualdad) condena y denuncia ante la comunidad internacional el asedio que mantiene la Polic\u00eda y la Seguridad del Estado de Cuba en contra de la periodista independiente y escritora Mar\u00eda Matienzo y de su pareja, la activista Kirenia Yalit N\u00fa\u00f1ez P\u00e9rez. Desde el martes 17 de noviembre, al menos cuatro oficiales con una patrulla se mantienen afuera de su casa en La Habana y las amenazan con llevarlas a la c\u00e1rcel cuando hacen intentos de salir.<\/p>\n<p style=\"text-align: justify;\">En comunicaci\u00f3n con Raza e Igualdad, Matienzo se\u00f1al\u00f3 que esta acci\u00f3n de represi\u00f3n se debe a la participaci\u00f3n que tanto ella como N\u00fa\u00f1ez P\u00e9rez han tenido en la campa\u00f1a del Movimiento San Isidro para exigir la liberaci\u00f3n del activista y m\u00fasico Denis Sol\u00eds, quien fue arrestado el pasado nueve de noviembre en la capital cubana y condenado dos d\u00edas despu\u00e9s a ocho meses de prisi\u00f3n en un juicio sumario por el supuesto delito de \u201cdesacato\u201d.<\/p>\n<p style=\"text-align: justify;\">Matienzo apunt\u00f3 que el primer d\u00eda de asedio intentaron salir de su casa, pero al acercarse a la calle, los oficiales encendieron la patrulla buscando acercase a ellas y arrestarlas. Adem\u00e1s, su pareja estuvo sin datos de internet en su celular durante medio d\u00eda, hecho que atribuyen a una acci\u00f3n deliberada desde la Empresa de Telecomunicaciones (ETECSA), pues es muy com\u00fan que activistas y opositores experimenten la suspensi\u00f3n del servicio.<\/p>\n<p style=\"text-align: justify;\">La tambi\u00e9n periodista de CubaNet afirm\u00f3 que este tipo de asedio es una pr\u00e1ctica habitual. \u201cA veces nos dejan salir y nos apresan a mitad de camino; en marzo, a Kirenia la dejaron llegar a las cercan\u00edas del lugar donde iba a tener una reuni\u00f3n y la apresaron, la montaron a una patrulla bajo el sol y la interrogaron\u201d, dijo Matienzo, quien agreg\u00f3 que el pasado diez de octubre su pareja enfrent\u00f3 algo muy similar: mientras caminaba hacia la sede del Movimiento San Isidro fue arrestada y llevada a una estaci\u00f3n policial donde la mantuvieron m\u00e1s de cinco horas.<\/p>\n<p style=\"text-align: justify;\">A ello se suma que en marzo pasado N\u00fa\u00f1ez P\u00e9rez, quien es psic\u00f3loga y coordinadora de la Mesa de Di\u00e1logo de la Juventud Cubana, recibi\u00f3 una multa de 100 pesos tras ser acusada falsamente de saltar un dispositivo de seguridad. En enero le entregaron una carta de advertencia en la que la amenazaron con arrestarla y procesarla por \u201cintroducir material contrarrevolucionario\u201d al pa\u00eds.<\/p>\n<p style=\"text-align: justify;\"><strong>Jornada de represi\u00f3n<\/strong><\/p>\n<p style=\"text-align: justify;\">La periodista y escritora Mar\u00eda Matienzo hizo hincapi\u00e9 en que ella y su pareja no son las \u00fanicas v\u00edctimas de esta jornada de asedio y persecuci\u00f3n, sino que hay decenas de personas que han sido golpeadas, amenazadas y arrestadas desde la semana pasada, luego de que el Movimiento San Isidro decidiera emprender una serie de acciones para protestar por la detenci\u00f3n arbitraria del activista Denis Sol\u00eds y exigir su liberaci\u00f3n.<\/p>\n<p style=\"text-align: justify;\">\u201cCreo que Denis Sol\u00eds forma parte de un perfil racial sobre el que se ensa\u00f1an m\u00e1s teniendo en cuenta que vivimos en una dictadura machista, homof\u00f3bica y racista (\u2026) es insostenible la situaci\u00f3n de falta de libertad de expresi\u00f3n en la Isla, pero hemos decidido no callarnos, la gente tiene que ir despertando porque este es un mal que nos aqueja a todos por igual\u201d, expres\u00f3.<\/p>\n<p style=\"text-align: justify;\">Ante esta jornada de represi\u00f3n, al menos nueves activistas de un grupo que se encuentra en la sede del Movimiento San Isidro decidieron iniciar la tarde del mi\u00e9rcoles una huelga de hambre. Seg\u00fan Matienzo, en total son 14 personas las que permanecen en las instalaciones del Movimiento, pues se reunieron ah\u00ed hace tres d\u00edas para hacer una peregrinaci\u00f3n po\u00e9tica por la liberaci\u00f3n de Denis Sol\u00eds, pero un grupo de alrededor de 100 hombres entre civiles, polic\u00edas y agentes de la Seguridad del Estado llegaron a rodearlos para impedir su salida, y despu\u00e9s incautaron la comida que les estaba compartiendo una vecina.<\/p>\n<p style=\"text-align: justify;\">Desde Raza e Igualdad condenamos estas acciones que son violatorias de derechos humanos y requerimos al Gobierno cubano adoptar las medidas necesarias para asegurar la protecci\u00f3n inmediata de Mar\u00eda Matienzo y Kirenia Yalit N\u00fa\u00f1ez P\u00e9rez. Recordamos que a la luz de los instrumentos internacionales de derechos humanos como la Declaraci\u00f3n Universal de Derechos Humanos y la Declaraci\u00f3n Americana de los Derechos y Deberes del Hombre, la libertad de expresi\u00f3n es un derecho que debe ser garantizado por todos los Estados.<\/p>\n<p>&nbsp;<\/p>\n<p><em>La imagen que acompa\u00f1a este art\u00edculo corresponde a dos fotograf\u00edas de la patrulla que asedia la casa de Mar\u00eda Matienzo y Kirenia Yalit N\u00fa\u00f1ez P\u00e9rez.\u00a0<\/em><\/p>\n","protected":false},"excerpt":{"rendered":"<p>Washington D.C., 19 de noviembre de 2020.&#8211; El Instituto sobre Raza, Igualdad y Derechos Humanos (Raza e Igualdad) condena y denuncia ante la comunidad internacional el asedio que mantiene la [&hellip;]<\/p>\n","protected":false},"author":15,"featured_media":10444,"parent":0,"menu_order":0,"template":"","format":"standard","categories":[1123,1154],"resources_country":[1193],"resources_language":[],"resources_audience":[],"resources_format":[],"resources_topic":[1100,1109],"resources_year":[],"class_list":["post-13297","resources","type-resources","status-publish","format-standard","has-post-thumbnail","hentry","category-cuba","category-espanol","resources_country-cuba-es","resources_topic-cidh","resources_topic-raza-e-igualdad"],"acf":[],"aioseo_notices":[],"_links":{"self":[{"href":"https:\/\/raceandequality.org\/es\/wp-json\/wp\/v2\/resources\/13297","targetHints":{"allow":["GET"]}}],"collection":[{"href":"https:\/\/raceandequality.org\/es\/wp-json\/wp\/v2\/resources"}],"about":[{"href":"https:\/\/raceandequality.org\/es\/wp-json\/wp\/v2\/types\/resources"}],"author":[{"embeddable":true,"href":"https:\/\/raceandequality.org\/es\/wp-json\/wp\/v2\/users\/15"}],"wp:featuredmedia":[{"embeddable":true,"href":"https:\/\/raceandequality.org\/es\/wp-json\/wp\/v2\/media\/10444"}],"wp:attachment":[{"href":"https:\/\/raceandequality.org\/es\/wp-json\/wp\/v2\/media?parent=13297"}],"wp:term":[{"taxonomy":"category","embeddable":true,"href":"https:\/\/raceandequality.org\/es\/wp-json\/wp\/v2\/categories?post=13297"},{"taxonomy":"resources_country","embeddable":true,"href":"https:\/\/raceandequality.org\/es\/wp-json\/wp\/v2\/resources_country?post=13297"},{"taxonomy":"resources_language","embeddable":true,"href":"https:\/\/raceandequality.org\/es\/wp-json\/wp\/v2\/resources_language?post=13297"},{"taxonomy":"resources_audience","embeddable":true,"href":"https:\/\/raceandequality.org\/es\/wp-json\/wp\/v2\/resources_audience?post=13297"},{"taxonomy":"resources_format","embeddable":true,"href":"https:\/\/raceandequality.org\/es\/wp-json\/wp\/v2\/resources_format?post=13297"},{"taxonomy":"resources_topic","embeddable":true,"href":"https:\/\/raceandequality.org\/es\/wp-json\/wp\/v2\/resources_topic?post=13297"},{"taxonomy":"resources_year","embeddable":true,"href":"https:\/\/raceandequality.org\/es\/wp-json\/wp\/v2\/resources_year?post=13297"}],"curies":[{"name":"wp","href":"https:\/\/api.w.org\/{rel}","templated":true}]}}

Raza e Igualdad denuncia asedio del Gobierno cubano en contra de la periodista independiente María Matienzo y de la activista Kirenia Yalit Núñez Pérez y exige respeto a la libertad de expresión en medio de la campaña por la liberación del activista Denis Solís

<p style="text-align: justify;"><strong>Washington D.C., 19 de noviembre de 2020.</strong>&#8211; El Instituto sobre Raza, Igualdad y Derechos Humanos (Raza e Igualdad) condena y denuncia ante la comunidad internacional el asedio que mantiene la Policía y la Seguridad del Estado de Cuba en contra de la periodista independiente y escritora María Matienzo y de su pareja, la activista Kirenia Yalit Núñez Pérez. Desde el martes 17 de noviembre, al menos cuatro oficiales con una patrulla se mantienen afuera de su casa en La Habana y las amenazan con llevarlas a la cárcel cuando hacen intentos de salir.</p>
<p style="text-align: justify;">En comunicación con Raza e Igualdad, Matienzo señaló que esta acción de represión se debe a la participación que tanto ella como Núñez Pérez han tenido en la campaña del Movimiento San Isidro para exigir la liberación del activista y músico Denis Solís, quien fue arrestado el pasado nueve de noviembre en la capital cubana y condenado dos días después a ocho meses de prisión en un juicio sumario por el supuesto delito de “desacato”.</p>
<p style="text-align: justify;">Matienzo apuntó que el primer día de asedio intentaron salir de su casa, pero al acercarse a la calle, los oficiales encendieron la patrulla buscando acercase a ellas y arrestarlas. Además, su pareja estuvo sin datos de internet en su celular durante medio día, hecho que atribuyen a una acción deliberada desde la Empresa de Telecomunicaciones (ETECSA), pues es muy común que activistas y opositores experimenten la suspensión del servicio.</p>
<p style="text-align: justify;">La también periodista de CubaNet afirmó que este tipo de asedio es una práctica habitual. “A veces nos dejan salir y nos apresan a mitad de camino; en marzo, a Kirenia la dejaron llegar a las cercanías del lugar donde iba a tener una reunión y la apresaron, la montaron a una patrulla bajo el sol y la interrogaron”, dijo Matienzo, quien agregó que el pasado diez de octubre su pareja enfrentó algo muy similar: mientras caminaba hacia la sede del Movimiento San Isidro fue arrestada y llevada a una estación policial donde la mantuvieron más de cinco horas.</p>
<p style="text-align: justify;">A ello se suma que en marzo pasado Núñez Pérez, quien es psicóloga y coordinadora de la Mesa de Diálogo de la Juventud Cubana, recibió una multa de 100 pesos tras ser acusada falsamente de saltar un dispositivo de seguridad. En enero le entregaron una carta de advertencia en la que la amenazaron con arrestarla y procesarla por “introducir material contrarrevolucionario” al país.</p>
<p style="text-align: justify;"><strong>Jornada de represión</strong></p>
<p style="text-align: justify;">La periodista y escritora María Matienzo hizo hincapié en que ella y su pareja no son las únicas víctimas de esta jornada de asedio y persecución, sino que hay decenas de personas que han sido golpeadas, amenazadas y arrestadas desde la semana pasada, luego de que el Movimiento San Isidro decidiera emprender una serie de acciones para protestar por la detención arbitraria del activista Denis Solís y exigir su liberación.</p>
<p style="text-align: justify;">“Creo que Denis Solís forma parte de un perfil racial sobre el que se ensañan más teniendo en cuenta que vivimos en una dictadura machista, homofóbica y racista (…) es insostenible la situación de falta de libertad de expresión en la Isla, pero hemos decidido no callarnos, la gente tiene que ir despertando porque este es un mal que nos aqueja a todos por igual”, expresó.</p>
<p style="text-align: justify;">Ante esta jornada de represión, al menos nueves activistas de un grupo que se encuentra en la sede del Movimiento San Isidro decidieron iniciar la tarde del miércoles una huelga de hambre. Según Matienzo, en total son 14 personas las que permanecen en las instalaciones del Movimiento, pues se reunieron ahí hace tres días para hacer una peregrinación poética por la liberación de Denis Solís, pero un grupo de alrededor de 100 hombres entre civiles, policías y agentes de la Seguridad del Estado llegaron a rodearlos para impedir su salida, y después incautaron la comida que les estaba compartiendo una vecina.</p>
<p style="text-align: justify;">Desde Raza e Igualdad condenamos estas acciones que son violatorias de derechos humanos y requerimos al Gobierno cubano adoptar las medidas necesarias para asegurar la protección inmediata de María Matienzo y Kirenia Yalit Núñez Pérez. Recordamos que a la luz de los instrumentos internacionales de derechos humanos como la Declaración Universal de Derechos Humanos y la Declaración Americana de los Derechos y Deberes del Hombre, la libertad de expresión es un derecho que debe ser garantizado por todos los Estados.</p>
<p>&nbsp;</p>
<p><em>La imagen que acompaña este artículo corresponde a dos fotografías de la patrulla que asedia la casa de María Matienzo y Kirenia Yalit Núñez Pérez. </em></p>
