{"id":13309,"date":"2020-11-20T15:41:08","date_gmt":"2020-11-20T15:41:08","guid":{"rendered":"http:\/\/race01.wp\/resources\/raza-e-igualdad-invita-al-webinar-participacion-politica-de-mujeres-afrodescendientes-en-america-latina-y-el-caribe-retos-y-oportunidades\/"},"modified":"2023-05-15T04:53:39","modified_gmt":"2023-05-15T04:53:39","slug":"raza-e-igualdad-invita-al-webinar-participacion-politica-de-mujeres-afrodescendientes-en-america-latina-y-el-caribe-retos-y-oportunidades","status":"publish","type":"resources","link":"https:\/\/raceandequality.org\/es\/resources\/raza-e-igualdad-invita-al-webinar-participacion-politica-de-mujeres-afrodescendientes-en-america-latina-y-el-caribe-retos-y-oportunidades\/","title":{"rendered":"Raza e Igualdad invita al webinar Participaci\u00f3n Pol\u00edtica de Mujeres Afrodescendientes en Am\u00e9rica Latina y el Caribe: Retos y Oportunidades"},"content":{"rendered":"<p style=\"text-align: justify;\"><strong>Washington D.C., 20 de noviembre de 2020.<\/strong>&#8211; El Instituto sobre Raza, Igualdad y Derechos Humanos (Raza e Igualdad), junto a la Red de Mujeres Afrolatinoamericanas, Afrocaribe\u00f1as y de la Di\u00e1spora, invita al webinar <em><strong>Participaci\u00f3n Pol\u00edtica de Mujeres Afrodescendientes en Am\u00e9rica Latina y el Caribe: Retos y Oportunidades<\/strong>. <\/em>Este evento virtual se realizar\u00e1 en ocasi\u00f3n del D\u00eda Internacional de la Eliminaci\u00f3n de la Violencia contra la Mujer, que se conmemora cada 25 de noviembre, y busca ser un espacio de di\u00e1logo sur-sur entre mujeres afrodescendientes que han participado en espacios pol\u00edticos-electorales.<\/p>\n<p style=\"text-align: justify;\">El evento se llevar\u00e1 a cabo el pr\u00f3ximo martes 24 de noviembre a las 5:00 pm (hora de Colombia) y contar\u00e1 con la participaci\u00f3n de Epsy Campbell Barr, Vicepresidenta de Costa Rica; Francia M\u00e1rquez, activista y precandidata presidencial colombiana; Johana Berm\u00fadez, diputada del Congreso Nacional de Honduras; Janaina Oliveira, secretaria nacional LBGT del Partido de los Trabajadores de Brasil, y una representante de la sociedad civil independiente de Cuba. En tanto, a conducci\u00f3n estar\u00e1 a cargo de Paola Ya\u00f1ez, coordinadora de la Red de Mujeres Afrolatinas, Afrocaribe\u00f1as y de la Di\u00e1spora.<\/p>\n<p style=\"text-align: justify;\">A lo largo del evento, las panelistas expondr\u00e1n su experiencia participando en espacios pol\u00edticos-electorales en diferentes pa\u00edses de la regi\u00f3n, y ofrecer\u00e1n recomendaciones para otras mujeres en situaciones similares. A trav\u00e9s de este webinar, se busca promover un dialogo sur-sur entre mujeres afrodescendientes que han participado en espacios pol\u00edticos.<\/p>\n<p style=\"text-align: justify;\">El evento se desarrollar\u00e1 en la plataforma Zoom. Para inscribirse acceda a este enlace <strong><a href=\"https:\/\/raceandequality.org\/1026\">https:\/\/bit.ly\/3faBSqy<\/a><\/strong>, o bien, se puede seguir la transmisi\u00f3n en vivo en la p\u00e1gina de Raza e Igualdad en Facebook: <strong><a href=\"https:\/\/raceandequality.org\/11\">https:\/\/www.facebook.com\/raceandequality<\/a><\/strong>. Cabe destacar que en Zoom habr\u00e1 interpretaci\u00f3n simult\u00e1nea espa\u00f1ol \/ portugu\u00e9s.<\/p>\n<p style=\"text-align: justify;\">Raza e Igualdad invita a seguir las actualizaciones previas al evento, las cuales se estar\u00e1n publicando en las redes sociales de la organizaci\u00f3n y de Caribe Afirmativo y la Misi\u00f3n de Observaci\u00f3n Electoral, organizaciones colombianas que apoyan en la convocatoria.<\/p>\n<p style=\"text-align: justify;\">Para m\u00e1s informaci\u00f3n sobre este webinar, puede contactarse con Melissa Monroy por medio del correo <strong><a href=\"mailto:monroy@oldrace.wp\">monroy@oldrace.wp<\/a><\/strong><\/p>\n","protected":false},"excerpt":{"rendered":"<p>Washington D.C., 20 de noviembre de 2020.&#8211; El Instituto sobre Raza, Igualdad y Derechos Humanos (Raza e Igualdad), junto a la Red de Mujeres Afrolatinoamericanas, Afrocaribe\u00f1as y de la Di\u00e1spora, [&hellip;]<\/p>\n","protected":false},"author":15,"featured_media":13310,"parent":0,"menu_order":0,"template":"","format":"standard","categories":[1160,1122,1123,1154],"resources_country":[1189,1191,1193],"resources_language":[],"resources_audience":[],"resources_format":[],"resources_topic":[],"resources_year":[],"class_list":["post-13309","resources","type-resources","status-publish","format-standard","has-post-thumbnail","hentry","category-brazil-es","category-colombia","category-cuba","category-espanol","resources_country-brasil","resources_country-colombia-es","resources_country-cuba-es"],"acf":[],"aioseo_notices":[],"_links":{"self":[{"href":"https:\/\/raceandequality.org\/es\/wp-json\/wp\/v2\/resources\/13309","targetHints":{"allow":["GET"]}}],"collection":[{"href":"https:\/\/raceandequality.org\/es\/wp-json\/wp\/v2\/resources"}],"about":[{"href":"https:\/\/raceandequality.org\/es\/wp-json\/wp\/v2\/types\/resources"}],"author":[{"embeddable":true,"href":"https:\/\/raceandequality.org\/es\/wp-json\/wp\/v2\/users\/15"}],"wp:featuredmedia":[{"embeddable":true,"href":"https:\/\/raceandequality.org\/es\/wp-json\/wp\/v2\/media\/13310"}],"wp:attachment":[{"href":"https:\/\/raceandequality.org\/es\/wp-json\/wp\/v2\/media?parent=13309"}],"wp:term":[{"taxonomy":"category","embeddable":true,"href":"https:\/\/raceandequality.org\/es\/wp-json\/wp\/v2\/categories?post=13309"},{"taxonomy":"resources_country","embeddable":true,"href":"https:\/\/raceandequality.org\/es\/wp-json\/wp\/v2\/resources_country?post=13309"},{"taxonomy":"resources_language","embeddable":true,"href":"https:\/\/raceandequality.org\/es\/wp-json\/wp\/v2\/resources_language?post=13309"},{"taxonomy":"resources_audience","embeddable":true,"href":"https:\/\/raceandequality.org\/es\/wp-json\/wp\/v2\/resources_audience?post=13309"},{"taxonomy":"resources_format","embeddable":true,"href":"https:\/\/raceandequality.org\/es\/wp-json\/wp\/v2\/resources_format?post=13309"},{"taxonomy":"resources_topic","embeddable":true,"href":"https:\/\/raceandequality.org\/es\/wp-json\/wp\/v2\/resources_topic?post=13309"},{"taxonomy":"resources_year","embeddable":true,"href":"https:\/\/raceandequality.org\/es\/wp-json\/wp\/v2\/resources_year?post=13309"}],"curies":[{"name":"wp","href":"https:\/\/api.w.org\/{rel}","templated":true}]}}

Raza e Igualdad invita al webinar Participación Política de Mujeres Afrodescendientes en América Latina y el Caribe: Retos y Oportunidades

<p style="text-align: justify;"><strong>Washington D.C., 20 de noviembre de 2020.</strong>&#8211; El Instituto sobre Raza, Igualdad y Derechos Humanos (Raza e Igualdad), junto a la Red de Mujeres Afrolatinoamericanas, Afrocaribeñas y de la Diáspora, invita al webinar <em><strong>Participación Política de Mujeres Afrodescendientes en América Latina y el Caribe: Retos y Oportunidades</strong>. </em>Este evento virtual se realizará en ocasión del Día Internacional de la Eliminación de la Violencia contra la Mujer, que se conmemora cada 25 de noviembre, y busca ser un espacio de diálogo sur-sur entre mujeres afrodescendientes que han participado en espacios políticos-electorales.</p>
<p style="text-align: justify;">El evento se llevará a cabo el próximo martes 24 de noviembre a las 5:00 pm (hora de Colombia) y contará con la participación de Epsy Campbell Barr, Vicepresidenta de Costa Rica; Francia Márquez, activista y precandidata presidencial colombiana; Johana Bermúdez, diputada del Congreso Nacional de Honduras; Janaina Oliveira, secretaria nacional LBGT del Partido de los Trabajadores de Brasil, y una representante de la sociedad civil independiente de Cuba. En tanto, a conducción estará a cargo de Paola Yañez, coordinadora de la Red de Mujeres Afrolatinas, Afrocaribeñas y de la Diáspora.</p>
<p style="text-align: justify;">A lo largo del evento, las panelistas expondrán su experiencia participando en espacios políticos-electorales en diferentes países de la región, y ofrecerán recomendaciones para otras mujeres en situaciones similares. A través de este webinar, se busca promover un dialogo sur-sur entre mujeres afrodescendientes que han participado en espacios políticos.</p>
<p style="text-align: justify;">El evento se desarrollará en la plataforma Zoom. Para inscribirse acceda a este enlace <strong><a href="https://raceandequality.org/1026">https://bit.ly/3faBSqy</a></strong>, o bien, se puede seguir la transmisión en vivo en la página de Raza e Igualdad en Facebook: <strong><a href="https://raceandequality.org/11">https://www.facebook.com/raceandequality</a></strong>. Cabe destacar que en Zoom habrá interpretación simultánea español / portugués.</p>
<p style="text-align: justify;">Raza e Igualdad invita a seguir las actualizaciones previas al evento, las cuales se estarán publicando en las redes sociales de la organización y de Caribe Afirmativo y la Misión de Observación Electoral, organizaciones colombianas que apoyan en la convocatoria.</p>
<p style="text-align: justify;">Para más información sobre este webinar, puede contactarse con Melissa Monroy por medio del correo <strong><a href="mailto:monroy@oldrace.wp">monroy@oldrace.wp</a></strong></p>

<p>Washington D.C., 20 de noviembre de 2020.&#8211; El Instituto sobre Raza, Igualdad y Derechos Humanos (Raza e Igualdad), junto a la Red de Mujeres Afrolatinoamericanas, Afrocaribeñas y de la Diáspora, [&hellip;]</p>
