{"id":13351,"date":"2020-12-03T20:45:03","date_gmt":"2020-12-03T20:45:03","guid":{"rendered":"http:\/\/race01.wp\/resources\/raza-e-igualdad-presenta-peticion-a-la-cidh-sobre-violaciones-de-derechos-humanos-a-periodistas-medios-de-comunicacion-independientes-y-otros-en-nicaragua\/"},"modified":"2023-05-10T11:38:09","modified_gmt":"2023-05-10T11:38:09","slug":"raza-e-igualdad-presenta-peticion-a-la-cidh-sobre-violaciones-de-derechos-humanos-a-periodistas-medios-de-comunicacion-independientes-y-otros-en-nicaragua","status":"publish","type":"resources","link":"https:\/\/raceandequality.org\/es\/resources\/raza-e-igualdad-presenta-peticion-a-la-cidh-sobre-violaciones-de-derechos-humanos-a-periodistas-medios-de-comunicacion-independientes-y-otros-en-nicaragua\/","title":{"rendered":"Raza e Igualdad presenta petici\u00f3n a la CIDH sobre violaciones de derechos humanos a periodistas, medios de comunicaci\u00f3n independientes y otros en Nicaragua"},"content":{"rendered":"<p style=\"text-align: justify;\"><strong>Washington, D. C., 3 de diciembre de 2020<\/strong>. El Instituto Internacional sobre Raza, Igualdad y Derechos Humanos (Raza e Igualdad), present\u00f3 el d\u00eda de hoy una petici\u00f3n a la Comisi\u00f3n Interamericana de Derechos Humanos (CIDH), por violaciones de derechos humanos en las que ha incurrido el Estado de Nicaragua al restringir y criminalizar el ejercicio de la libertad de expresi\u00f3n de periodistas independientes en dicho pa\u00eds.<\/p>\n<p style=\"text-align: justify;\">En la petici\u00f3n se consideran como v\u00edctimas de diversos actos de represi\u00f3n y violencia efectuados por agentes estatales y grupos parapoliciales, a 39 personas que incluyen: los directores, periodistas y trabajadores de Radio Dar\u00edo, 100% Noticias, Confidencial y Esta Semana, y Radio La Coste\u00f1\u00edsima.<\/p>\n<p style=\"text-align: justify;\">La petici\u00f3n narra distintos hechos que incluyen actos de agresi\u00f3n f\u00edsica, amenazas de muerte, detenciones arbitrarias, vigilancia constante, despojo, robo o destrucci\u00f3n de sus equipos, as\u00ed como allanamientos y ocupaciones ilegales de bienes de las v\u00edctimas; adem\u00e1s evidencia el ejercicio arbitrario por parte del Estado en sus tres ramas de Poder, como consecuencia, entre otras cuestiones, de la falta de independencia del Poder Judicial y de otros \u00f3rganos p\u00fablicos.<\/p>\n<p style=\"text-align: justify;\">Tambi\u00e9n describe los distintos procesos judiciales interpuestos por 100% Noticias, Confidencial y Esta Semana, con el fin de obtener justicia y reparaci\u00f3n por las violaciones a las que han sido sometidos, y las razones por las cuales Radio Dar\u00edo y Radio La Coste\u00f1\u00edsima se vieron obligadas a desistir de las mismas.<\/p>\n<p style=\"text-align: justify;\">Adicionalmente, pone en evidencia c\u00f3mo el Estado ha adoptado legislaci\u00f3n que, bajo la apariencia de legalidad, ha sido utilizada para restringir de manera ileg\u00edtima los derechos a la libertad de expresi\u00f3n, asociaci\u00f3n y de reuni\u00f3n, como la Ley contra el Lavado de Activos, Financiamiento al Terrorismo y la Proliferaci\u00f3n de Armas de Destrucci\u00f3n Masiva\u201d (Ley contra el Terrorismo), aprobada en julio de 2018. Y como esta pr\u00e1ctica se profundiza con la aprobaci\u00f3n de la reciente \u201cLey de regulaci\u00f3n de agentes extranjeros\u201d y la \u201cLey especial de Ciberdelitos\u201d.<\/p>\n<p style=\"text-align: justify;\">Raza e Igualdad solicit\u00f3 a la CIDH que declare la responsabilidad internacional del Estado de Nicaragua por la violaci\u00f3n de los derechos a las garant\u00edas judiciales y protecci\u00f3n judicial, de los derechos a la libertad de expresi\u00f3n, asociaci\u00f3n y derechos pol\u00edticos, de la libertad personal y el principio de legalidad, de los derechos a la vida e integridad personal, del derecho a la protecci\u00f3n de la honra y dignidad, del derecho a la propiedad privada, y de los derechos a la libre circulaci\u00f3n y residencia, todos ellos protegidos por la Convenci\u00f3n Americana sobre Derechos Humanos (CADH).<\/p>\n<p style=\"text-align: justify;\">La petici\u00f3n tambi\u00e9n brinda a la CIDH la posibilidad de recomendar al Estado de Nicaragua la adopci\u00f3n de medidas de reparaci\u00f3n para las v\u00edctimas, as\u00ed como medidas de no repetici\u00f3n para garantizar que las violaciones a los derechos humanos denunciadas no se repitan.<\/p>\n","protected":false},"excerpt":{"rendered":"<p>Washington, D. C., 3 de diciembre de 2020. El Instituto Internacional sobre Raza, Igualdad y Derechos Humanos (Raza e Igualdad), present\u00f3 el d\u00eda de hoy una petici\u00f3n a la Comisi\u00f3n [&hellip;]<\/p>\n","protected":false},"author":15,"featured_media":10470,"parent":0,"menu_order":0,"template":"","format":"standard","categories":[1162,1154,1169,1161],"resources_country":[1199],"resources_language":[],"resources_audience":[],"resources_format":[],"resources_topic":[1100,1106],"resources_year":[],"class_list":["post-13351","resources","type-resources","status-publish","format-standard","has-post-thumbnail","hentry","category-cidh","category-espanol","category-nicaragua","category-oea","resources_country-nicaragua-es","resources_topic-cidh","resources_topic-oea-es"],"acf":[],"aioseo_notices":[],"_links":{"self":[{"href":"https:\/\/raceandequality.org\/es\/wp-json\/wp\/v2\/resources\/13351","targetHints":{"allow":["GET"]}}],"collection":[{"href":"https:\/\/raceandequality.org\/es\/wp-json\/wp\/v2\/resources"}],"about":[{"href":"https:\/\/raceandequality.org\/es\/wp-json\/wp\/v2\/types\/resources"}],"author":[{"embeddable":true,"href":"https:\/\/raceandequality.org\/es\/wp-json\/wp\/v2\/users\/15"}],"wp:featuredmedia":[{"embeddable":true,"href":"https:\/\/raceandequality.org\/es\/wp-json\/wp\/v2\/media\/10470"}],"wp:attachment":[{"href":"https:\/\/raceandequality.org\/es\/wp-json\/wp\/v2\/media?parent=13351"}],"wp:term":[{"taxonomy":"category","embeddable":true,"href":"https:\/\/raceandequality.org\/es\/wp-json\/wp\/v2\/categories?post=13351"},{"taxonomy":"resources_country","embeddable":true,"href":"https:\/\/raceandequality.org\/es\/wp-json\/wp\/v2\/resources_country?post=13351"},{"taxonomy":"resources_language","embeddable":true,"href":"https:\/\/raceandequality.org\/es\/wp-json\/wp\/v2\/resources_language?post=13351"},{"taxonomy":"resources_audience","embeddable":true,"href":"https:\/\/raceandequality.org\/es\/wp-json\/wp\/v2\/resources_audience?post=13351"},{"taxonomy":"resources_format","embeddable":true,"href":"https:\/\/raceandequality.org\/es\/wp-json\/wp\/v2\/resources_format?post=13351"},{"taxonomy":"resources_topic","embeddable":true,"href":"https:\/\/raceandequality.org\/es\/wp-json\/wp\/v2\/resources_topic?post=13351"},{"taxonomy":"resources_year","embeddable":true,"href":"https:\/\/raceandequality.org\/es\/wp-json\/wp\/v2\/resources_year?post=13351"}],"curies":[{"name":"wp","href":"https:\/\/api.w.org\/{rel}","templated":true}]}}

Raza e Igualdad presenta petición a la CIDH sobre violaciones de derechos humanos a periodistas, medios de comunicación independientes y otros en Nicaragua

<p style="text-align: justify;"><strong>Washington, D. C., 3 de diciembre de 2020</strong>. El Instituto Internacional sobre Raza, Igualdad y Derechos Humanos (Raza e Igualdad), presentó el día de hoy una petición a la Comisión Interamericana de Derechos Humanos (CIDH), por violaciones de derechos humanos en las que ha incurrido el Estado de Nicaragua al restringir y criminalizar el ejercicio de la libertad de expresión de periodistas independientes en dicho país.</p>
<p style="text-align: justify;">En la petición se consideran como víctimas de diversos actos de represión y violencia efectuados por agentes estatales y grupos parapoliciales, a 39 personas que incluyen: los directores, periodistas y trabajadores de Radio Darío, 100% Noticias, Confidencial y Esta Semana, y Radio La Costeñísima.</p>
<p style="text-align: justify;">La petición narra distintos hechos que incluyen actos de agresión física, amenazas de muerte, detenciones arbitrarias, vigilancia constante, despojo, robo o destrucción de sus equipos, así como allanamientos y ocupaciones ilegales de bienes de las víctimas; además evidencia el ejercicio arbitrario por parte del Estado en sus tres ramas de Poder, como consecuencia, entre otras cuestiones, de la falta de independencia del Poder Judicial y de otros órganos públicos.</p>
<p style="text-align: justify;">También describe los distintos procesos judiciales interpuestos por 100% Noticias, Confidencial y Esta Semana, con el fin de obtener justicia y reparación por las violaciones a las que han sido sometidos, y las razones por las cuales Radio Darío y Radio La Costeñísima se vieron obligadas a desistir de las mismas.</p>
<p style="text-align: justify;">Adicionalmente, pone en evidencia cómo el Estado ha adoptado legislación que, bajo la apariencia de legalidad, ha sido utilizada para restringir de manera ilegítima los derechos a la libertad de expresión, asociación y de reunión, como la Ley contra el Lavado de Activos, Financiamiento al Terrorismo y la Proliferación de Armas de Destrucción Masiva” (Ley contra el Terrorismo), aprobada en julio de 2018. Y como esta práctica se profundiza con la aprobación de la reciente “Ley de regulación de agentes extranjeros” y la “Ley especial de Ciberdelitos”.</p>
<p style="text-align: justify;">Raza e Igualdad solicitó a la CIDH que declare la responsabilidad internacional del Estado de Nicaragua por la violación de los derechos a las garantías judiciales y protección judicial, de los derechos a la libertad de expresión, asociación y derechos políticos, de la libertad personal y el principio de legalidad, de los derechos a la vida e integridad personal, del derecho a la protección de la honra y dignidad, del derecho a la propiedad privada, y de los derechos a la libre circulación y residencia, todos ellos protegidos por la Convención Americana sobre Derechos Humanos (CADH).</p>
<p style="text-align: justify;">La petición también brinda a la CIDH la posibilidad de recomendar al Estado de Nicaragua la adopción de medidas de reparación para las víctimas, así como medidas de no repetición para garantizar que las violaciones a los derechos humanos denunciadas no se repitan.</p>

<p>Washington, D. C., 3 de diciembre de 2020. El Instituto Internacional sobre Raza, Igualdad y Derechos Humanos (Raza e Igualdad), presentó el día de hoy una petición a la Comisión [&hellip;]</p>
