{"id":13417,"date":"2021-02-19T16:09:10","date_gmt":"2021-02-19T16:09:10","guid":{"rendered":"http:\/\/race01.wp\/resources\/sociedad-civil-nicaraguense-y-expertos-internacionales-abogan-por-una-nueva-resolucion-del-consejo-de-derechos-humanos-de-la-onu-sobre-crisis-en-nicaragua\/"},"modified":"2023-05-10T11:46:55","modified_gmt":"2023-05-10T11:46:55","slug":"sociedad-civil-nicaraguense-y-expertos-internacionales-abogan-por-una-nueva-resolucion-del-consejo-de-derechos-humanos-de-la-onu-sobre-crisis-en-nicaragua","status":"publish","type":"resources","link":"https:\/\/raceandequality.org\/es\/resources\/sociedad-civil-nicaraguense-y-expertos-internacionales-abogan-por-una-nueva-resolucion-del-consejo-de-derechos-humanos-de-la-onu-sobre-crisis-en-nicaragua\/","title":{"rendered":"Sociedad civil nicarag\u00fcense y expertos internacionales abogan por una nueva resoluci\u00f3n del Consejo de Derechos Humanos de la ONU sobre crisis en Nicaragua"},"content":{"rendered":"<p style=\"text-align: justify;\"><strong>Washington D.C., 19 de febrero de 2021.<\/strong>&#8211; En el marco del 46\u00ba per\u00edodo de sesiones del Consejo de Derechos Humanos de las Naciones Unidas, representantes de la sociedad civil nicarag\u00fcense y v\u00edctimas de violaciones de derechos humanos, con el acompa\u00f1amiento y respaldo de expertos internacionales de Naciones Unidas y de la Comisi\u00f3n Interamericana de Derechos Humanos (CIDH), abogaron por la aprobaci\u00f3n de <strong>una nueva resoluci\u00f3n que refuerce el mandato de la Alta Comisionada Michelle Bachelet <\/strong>para monitorear la grave crisis de derechos humanos que atraviesa Nicaragua.<\/p>\n<p style=\"text-align: justify;\">El evento \u201c<a href=\"https:\/\/raceandequality.org\/1064\"><strong>El papel del Consejo de Derechos Humanos de las Naciones Unidas ante la continua crisis de derechos humanos en Nicaragua<\/strong><\/a>\u201d cont\u00f3 con la participaci\u00f3n de <strong>Thelma Montenegro<\/strong>, familiar de dos presos pol\u00edticos y de cuatro personas asesinadas en el contexto de la represi\u00f3n desatada por las protestas sociales de abril de 2018; <strong>Lottie Cunningham<\/strong>, fundadora y presidenta del Centro por la Justicia y los Derechos Humanos de la Costa Atl\u00e1ntica de Nicaragua (CEJUDHCAN); <strong>An\u00edbal Toru\u00f1o<\/strong>, director de Radio Dar\u00edo y v\u00edctima de constante asedio policial en su casa y medio de comunicaci\u00f3n; <strong>Cl\u00e9ment Voule<\/strong>, Relator Especial sobre el Derecho a la Libertad de Reuni\u00f3n Pac\u00edfica y de Asociaci\u00f3n de las Naciones Unidas, y <strong>Pedro Vaca<\/strong>, Relator para la Libertad de Expresi\u00f3n de la CIDH. Como moderadora estuvo <strong>Erika Guevara<\/strong>, directora para las Am\u00e9ricas de Amnist\u00eda Internacional.<\/p>\n<p style=\"text-align: justify;\"><strong>Contexto<\/strong><\/p>\n<p style=\"text-align: justify;\">La Alta Comisionada Michelle Bachelet compartir\u00e1 un informe sobre la situaci\u00f3n de derechos humanos en Nicaragua durante el 46\u00ba \u00a0per\u00edodo de sesiones del Consejo de Derechos Humanos de las Naciones Unidas, a realizarse del 22 de febrero al 23 de marzo, por lo que doce organizaciones nacionales y regionales, entre ellas el <strong>Instituto Internacional sobre Raza, Igualdad y Derechos Humanos<\/strong> (Raza e Igualdad), organizaron este evento para exponer de forma detallada y actualizada las violaciones a derechos humanos en el pa\u00eds y, por tanto, la necesidad de que dicho Consejo mantenga y refuerce el mandato de la Alta Comisionada.<\/p>\n<p style=\"text-align: justify;\"><strong>Caso familia Montenegro<\/strong><\/p>\n<p style=\"text-align: justify;\">Thelma Montenegro expuso la persecuci\u00f3n, violencia y criminalizaci\u00f3n que ha enfrentado su familia por su participaci\u00f3n en las manifestaciones ciudadanas de abril de 2018. \u201cEsta actuaci\u00f3n de nuestra parte desencaden\u00f3 <strong>el odio, la persecuci\u00f3n, la crueldad<\/strong> de los adeptos al partido de Gobierno\u201d, dijo, y se\u00f1al\u00f3 que desde entonces han sido asesinados cuatro miembros de su familia, entre ellos sus hermanos Oliver y Edgar Montenegro y su esposo Francisco Bland\u00f3n.<\/p>\n<p style=\"text-align: justify;\">Montenegro se\u00f1al\u00f3 tambi\u00e9n que permanecen en prisi\u00f3n sus sobrinos <strong>Oliver Montenegro Mu\u00f1oz<\/strong>, quien fue detenido el 21 de junio de 2020 y acusado del delito de homicidio frustrada, por el cual fue condenado a 10 a\u00f1os de c\u00e1rcel, y <strong>Dorling Montenegro Mu\u00f1oz<\/strong>, quien fue capturado el 30 de noviembre de 2020 y es acusado de cometer los delitos de obstrucci\u00f3n de funciones, posesi\u00f3n y tenencia ilegal de armas y asesinato en grado de tentativa.<\/p>\n<p style=\"text-align: justify;\">\u201cPedimos una mirada y un accionar contundente hacia nuestro pa\u00eds (\u2026) Estamos en un a\u00f1o electoral y justamente este momento es la oportunidad para poder cambiar nuestra historia, que no se repita tanto sufrimiento\u201d, expres\u00f3 Montenegro.<\/p>\n<p style=\"text-align: justify;\"><strong>Violencia e indefensi\u00f3n en el Caribe Norte<\/strong><\/p>\n<p style=\"text-align: justify;\">La defensora de derechos humanos y presidente CEJUDHCAN, Lottie Cunningham, manifest\u00f3 en su presentaci\u00f3n que a medida que el espacio c\u00edvico y las garantizas democr\u00e1ticas se cierran en Nicaragua, se agudiza el <strong>despojo territorial y el patr\u00f3n de violencia sistem\u00e1tica<\/strong> contra quienes defienden los derechos de los pueblos ind\u00edgenas, subrayando que solo en el 2020 fueron asesinadas 13 personas, hubo 8 heridos, 2 secuestrados y una comunidad desplazada producto de esa situaci\u00f3n.<\/p>\n<p style=\"text-align: justify;\">Del 2011 a la fecha, dijo Cunningham, 49 ind\u00edgenas han sido asesinados, 52 lesionados, 46 secuestros y 4 desaparecidos. \u201cProducto de la violencia, se estima que <strong>3,000 personas tan solo del pueblo Miskitu se encuentran desplazadas forzosamente<\/strong> en otras comunidades y cabeceras departamentales, as\u00ed como en comunidades fronterizas con Honduras\u201d, detall\u00f3 la defensora de derechos humanos, quien denunci\u00f3 que estas acciones son cometidas por actores no estatales bajo la anuencia estatal, por lo que se encuentran totalmente impunes.<\/p>\n<p style=\"text-align: justify;\">Adem\u00e1s, mostr\u00f3 su preocupaci\u00f3n por la aprobaci\u00f3n de las recientes leyes como Ley de Regulaci\u00f3n de Agentes y la Ley de Ciberdelitos, a las que llam\u00f3 \u201c<strong>disposiciones represivas sobre la defensa de derechos de los pueblos ind\u00edgenas<\/strong>\u201d. En ese sentido, Cunningham dijo que el Ministerio de Gobernaci\u00f3n se ha rehusado en reiteradas ocasiones a aceptar la documentaci\u00f3n necesaria para acreditar a la junta directiva de CEJUDHCAN y que los integrantes de la organizaci\u00f3n son constantemente se\u00f1alados de ser difusores de noticias falsas.<\/p>\n<p style=\"text-align: justify;\">\u201cHacemos <strong>un llamado a la comunidad internacional<\/strong> y exhortamos al Consejo de Derechos Humanos de la ONU que apruebe una resoluci\u00f3n para Nicaragua y que incorpore la situaci\u00f3n de los pueblos ind\u00edgenas y afrodescendientes\u201d, enfatiz\u00f3.<\/p>\n<p style=\"text-align: justify;\"><strong>Ataque a la prensa independiente<\/strong><\/p>\n<p style=\"text-align: justify;\">El director de Radio Dar\u00edo en la ciudad de Le\u00f3n y beneficiario de medidas cautelares de la CIDH, An\u00edbal Toru\u00f1o, se refiri\u00f3 a las acciones del Gobierno en contra del periodismo y medios de comunicaci\u00f3n independientes, que incluyen, el <strong>enjuiciamiento<\/strong> de al menos tres periodistas y la <strong>confiscaci\u00f3n<\/strong> de Confidencial y 100% Noticias desde abril 2018 hasta la fecha.<\/p>\n<p style=\"text-align: justify;\">Toru\u00f1o indic\u00f3 que, el gobierno de Daniel Ortega ha propiciado el cierre de m\u00e1s de 20 medios de comunicaci\u00f3n y al menos 10 programas de opini\u00f3n y noticieros. Adem\u00e1s que, actualmente, de los 13 canales de se\u00f1al abierta, solo sobreviven dos, incluido <strong>Canal 12<\/strong> que se encuentra embargado desde mediados de septiembre 2020.<\/p>\n<p style=\"text-align: justify;\">Sobre su caso particular, Toru\u00f1o manifest\u00f3 que en los \u00faltimos tres a\u00f1os ha habido 125 <strong>asedios policiales<\/strong> a Radio Dar\u00edo y 32 a su casa, la cual fue <strong>allanada en tres ocasiones de forma ilegal y violenta <\/strong>entre el 4 de enero y el 4 de febrero de 2021.<\/p>\n<p style=\"text-align: justify;\"><strong>Preocupaci\u00f3n internacional<\/strong><\/p>\n<p style=\"text-align: justify;\">Tanto el Relator Especial sobre el Derecho a la Libertad de Reuni\u00f3n Pac\u00edfica y de Asociaci\u00f3n de las Naciones Unidas<strong>, Cl\u00e9ment Voule<\/strong>, como el Relator para la Libertad de Expresi\u00f3n de la CIDH, <strong>Pedro Vaca<\/strong>, expresaron su preocupaci\u00f3n por la situaci\u00f3n de derechos humanos en Nicaragua, la cual, coincidieron, se ha agravado con la aprobaci\u00f3n de leyes que restringen derechos civiles y pol\u00edticos y contemplan encarcelar a personas que difundan informaci\u00f3n que el Gobierno considere amenazas.<\/p>\n<p style=\"text-align: justify;\">\u201cTenemos preocupaciones, como el <strong>uso de la fuerza arbitraria<\/strong> contra aquellos que van a las calles a protestas, la criminalizaci\u00f3n y ataques contra la disidencia pol\u00edtica y los medios de comunicaci\u00f3n\u201d, indic\u00f3 Voule, quien record\u00f3 que desde la crisis de 2018 ha hecho varias solicitudes para visitar el pa\u00eds, pero estas no han sido respondidas por el Gobierno.<\/p>\n<p style=\"text-align: justify;\">\u201cOtra preocupaci\u00f3n es la <strong>falta de informaci\u00f3n o informaci\u00f3n falsa usada contra estas personas -que incluye mujeres, miembros de la comunidad LGBTI o ambientalistas<\/strong>, a las que acusan como terroristas o narcotraficantes\u201d, agreg\u00f3.<\/p>\n<p style=\"text-align: justify;\">En tanto, Pedro Vaca dijo que en Nicaragua se est\u00e1 desplegando un <strong>dispositivo muy sofisticado de censura<\/strong> y que la actividad parlamentaria en el pa\u00eds parece estar enfocada en erosionar el Estado de derecho. Para el Relator para la Libertad de Expresi\u00f3n de la CIDH, en el pa\u00eds hay un \u201cdesmantelamiento del tejido social\u201d y existe el peligro de que se reduzca la posibilidad de \u201cperder informaci\u00f3n\u201d sobre las violaciones a los derechos humanos. \u201cEl miedo est\u00e1 presente en Nicaragua y lo estamos escuchando, y es parte de lo que ojal\u00e1 pueda ser incluido dentro de los an\u00e1lisis que se est\u00e1n haciendo\u201d, agreg\u00f3.<\/p>\n<p style=\"text-align: justify;\"><strong>Llamado por una nueva resoluci\u00f3n para Nicaragua<\/strong><\/p>\n<p style=\"text-align: justify;\">La moderadora del evento y directora para las Am\u00e9ricas de Amnist\u00eda Internacional, Erika Guevara, indic\u00f3 que <strong>la crisis de derechos humanos en Nicaragua persiste y se acent\u00faa<\/strong>, adem\u00e1s que el mandato de la Oficina de la Alta Comisionada por los Derechos Humanos de las Naciones Unidas sigue siendo cr\u00edtico debido a la continua negativa del Gobierno a cooperar con los sistemas regionales e internacionales de protecci\u00f3n de derechos humanos.<\/p>\n<p style=\"text-align: justify;\">En nombre de las organizaciones que promovieron el evento, Guevara inst\u00f3 a los Estados que conforman el Consejo de Derechos Humanos a <strong>que se asegure una resoluci\u00f3n firme sobre Nicaragua<\/strong> que renueve completamente el mandando de la Oficina de la Alta Comisionada.<\/p>\n<p style=\"text-align: justify;\">Guevara enfatiz\u00f3 que esta nueva resoluci\u00f3n<strong> debe establecer claros criterios de cooperaci\u00f3n y enviar un mensaje claro de la comunidad internacional<\/strong> en apoyo a las v\u00edctimas, personas defensoras de derechos humanos, periodistas y medios de comunicaci\u00f3n independientes, y que la b\u00fasqueda de justicia, verdad y reparaci\u00f3n tiene que continuar siendo una lucha colectiva e internacional.<\/p>\n<p>Puede ver la grabaci\u00f3n del evento aqu\u00ed:<\/p>\n<p><iframe style=\"border: none; overflow: hidden;\" data-src=\"https:\/\/www.facebook.com\/plugins\/video.php?height=314&amp;href=https%3A%2F%2Fwww.facebook.com%2Fraceandequality%2Fvideos%2F433799111170050%2F&amp;show_text=false&amp;width=560\" width=\"560\" height=\"314\" frameborder=\"0\" scrolling=\"no\" allowfullscreen=\"allowfullscreen\" src=\"data:image\/svg+xml;base64,PHN2ZyB3aWR0aD0iMSIgaGVpZ2h0PSIxIiB4bWxucz0iaHR0cDovL3d3dy53My5vcmcvMjAwMC9zdmciPjwvc3ZnPg==\" class=\"lazyload\" data-load-mode=\"1\"><\/iframe><\/p>\n","protected":false},"excerpt":{"rendered":"<p>Washington D.C., 19 de febrero de 2021.&#8211; En el marco del 46\u00ba per\u00edodo de sesiones del Consejo de Derechos Humanos de las Naciones Unidas, representantes de la sociedad civil nicarag\u00fcense [&hellip;]<\/p>\n","protected":false},"author":15,"featured_media":13418,"parent":0,"menu_order":0,"template":"","format":"standard","categories":[1162,1154,1169,1159],"resources_country":[1199],"resources_language":[],"resources_audience":[],"resources_format":[],"resources_topic":[1100,1117],"resources_year":[],"class_list":["post-13417","resources","type-resources","status-publish","format-standard","has-post-thumbnail","hentry","category-cidh","category-espanol","category-nicaragua","category-onu","resources_country-nicaragua-es","resources_topic-cidh","resources_topic-onu"],"acf":[],"aioseo_notices":[],"_links":{"self":[{"href":"https:\/\/raceandequality.org\/es\/wp-json\/wp\/v2\/resources\/13417","targetHints":{"allow":["GET"]}}],"collection":[{"href":"https:\/\/raceandequality.org\/es\/wp-json\/wp\/v2\/resources"}],"about":[{"href":"https:\/\/raceandequality.org\/es\/wp-json\/wp\/v2\/types\/resources"}],"author":[{"embeddable":true,"href":"https:\/\/raceandequality.org\/es\/wp-json\/wp\/v2\/users\/15"}],"wp:featuredmedia":[{"embeddable":true,"href":"https:\/\/raceandequality.org\/es\/wp-json\/wp\/v2\/media\/13418"}],"wp:attachment":[{"href":"https:\/\/raceandequality.org\/es\/wp-json\/wp\/v2\/media?parent=13417"}],"wp:term":[{"taxonomy":"category","embeddable":true,"href":"https:\/\/raceandequality.org\/es\/wp-json\/wp\/v2\/categories?post=13417"},{"taxonomy":"resources_country","embeddable":true,"href":"https:\/\/raceandequality.org\/es\/wp-json\/wp\/v2\/resources_country?post=13417"},{"taxonomy":"resources_language","embeddable":true,"href":"https:\/\/raceandequality.org\/es\/wp-json\/wp\/v2\/resources_language?post=13417"},{"taxonomy":"resources_audience","embeddable":true,"href":"https:\/\/raceandequality.org\/es\/wp-json\/wp\/v2\/resources_audience?post=13417"},{"taxonomy":"resources_format","embeddable":true,"href":"https:\/\/raceandequality.org\/es\/wp-json\/wp\/v2\/resources_format?post=13417"},{"taxonomy":"resources_topic","embeddable":true,"href":"https:\/\/raceandequality.org\/es\/wp-json\/wp\/v2\/resources_topic?post=13417"},{"taxonomy":"resources_year","embeddable":true,"href":"https:\/\/raceandequality.org\/es\/wp-json\/wp\/v2\/resources_year?post=13417"}],"curies":[{"name":"wp","href":"https:\/\/api.w.org\/{rel}","templated":true}]}}

Sociedad civil nicaragüense y expertos internacionales abogan por una nueva resolución del Consejo de Derechos Humanos de la ONU sobre crisis en Nicaragua

<p style="text-align: justify;"><strong>Washington D.C., 19 de febrero de 2021.</strong>&#8211; En el marco del 46º período de sesiones del Consejo de Derechos Humanos de las Naciones Unidas, representantes de la sociedad civil nicaragüense y víctimas de violaciones de derechos humanos, con el acompañamiento y respaldo de expertos internacionales de Naciones Unidas y de la Comisión Interamericana de Derechos Humanos (CIDH), abogaron por la aprobación de <strong>una nueva resolución que refuerce el mandato de la Alta Comisionada Michelle Bachelet </strong>para monitorear la grave crisis de derechos humanos que atraviesa Nicaragua.</p>
<p style="text-align: justify;">El evento “<a href="https://raceandequality.org/1064"><strong>El papel del Consejo de Derechos Humanos de las Naciones Unidas ante la continua crisis de derechos humanos en Nicaragua</strong></a>” contó con la participación de <strong>Thelma Montenegro</strong>, familiar de dos presos políticos y de cuatro personas asesinadas en el contexto de la represión desatada por las protestas sociales de abril de 2018; <strong>Lottie Cunningham</strong>, fundadora y presidenta del Centro por la Justicia y los Derechos Humanos de la Costa Atlántica de Nicaragua (CEJUDHCAN); <strong>Aníbal Toruño</strong>, director de Radio Darío y víctima de constante asedio policial en su casa y medio de comunicación; <strong>Clément Voule</strong>, Relator Especial sobre el Derecho a la Libertad de Reunión Pacífica y de Asociación de las Naciones Unidas, y <strong>Pedro Vaca</strong>, Relator para la Libertad de Expresión de la CIDH. Como moderadora estuvo <strong>Erika Guevara</strong>, directora para las Américas de Amnistía Internacional.</p>
<p style="text-align: justify;"><strong>Contexto</strong></p>
<p style="text-align: justify;">La Alta Comisionada Michelle Bachelet compartirá un informe sobre la situación de derechos humanos en Nicaragua durante el 46º  período de sesiones del Consejo de Derechos Humanos de las Naciones Unidas, a realizarse del 22 de febrero al 23 de marzo, por lo que doce organizaciones nacionales y regionales, entre ellas el <strong>Instituto Internacional sobre Raza, Igualdad y Derechos Humanos</strong> (Raza e Igualdad), organizaron este evento para exponer de forma detallada y actualizada las violaciones a derechos humanos en el país y, por tanto, la necesidad de que dicho Consejo mantenga y refuerce el mandato de la Alta Comisionada.</p>
<p style="text-align: justify;"><strong>Caso familia Montenegro</strong></p>
<p style="text-align: justify;">Thelma Montenegro expuso la persecución, violencia y criminalización que ha enfrentado su familia por su participación en las manifestaciones ciudadanas de abril de 2018. “Esta actuación de nuestra parte desencadenó <strong>el odio, la persecución, la crueldad</strong> de los adeptos al partido de Gobierno”, dijo, y señaló que desde entonces han sido asesinados cuatro miembros de su familia, entre ellos sus hermanos Oliver y Edgar Montenegro y su esposo Francisco Blandón.</p>
<p style="text-align: justify;">Montenegro señaló también que permanecen en prisión sus sobrinos <strong>Oliver Montenegro Muñoz</strong>, quien fue detenido el 21 de junio de 2020 y acusado del delito de homicidio frustrada, por el cual fue condenado a 10 años de cárcel, y <strong>Dorling Montenegro Muñoz</strong>, quien fue capturado el 30 de noviembre de 2020 y es acusado de cometer los delitos de obstrucción de funciones, posesión y tenencia ilegal de armas y asesinato en grado de tentativa.</p>
<p style="text-align: justify;">“Pedimos una mirada y un accionar contundente hacia nuestro país (…) Estamos en un año electoral y justamente este momento es la oportunidad para poder cambiar nuestra historia, que no se repita tanto sufrimiento”, expresó Montenegro.</p>
<p style="text-align: justify;"><strong>Violencia e indefensión en el Caribe Norte</strong></p>
<p style="text-align: justify;">La defensora de derechos humanos y presidente CEJUDHCAN, Lottie Cunningham, manifestó en su presentación que a medida que el espacio cívico y las garantizas democráticas se cierran en Nicaragua, se agudiza el <strong>despojo territorial y el patrón de violencia sistemática</strong> contra quienes defienden los derechos de los pueblos indígenas, subrayando que solo en el 2020 fueron asesinadas 13 personas, hubo 8 heridos, 2 secuestrados y una comunidad desplazada producto de esa situación.</p>
<p style="text-align: justify;">Del 2011 a la fecha, dijo Cunningham, 49 indígenas han sido asesinados, 52 lesionados, 46 secuestros y 4 desaparecidos. “Producto de la violencia, se estima que <strong>3,000 personas tan solo del pueblo Miskitu se encuentran desplazadas forzosamente</strong> en otras comunidades y cabeceras departamentales, así como en comunidades fronterizas con Honduras”, detalló la defensora de derechos humanos, quien denunció que estas acciones son cometidas por actores no estatales bajo la anuencia estatal, por lo que se encuentran totalmente impunes.</p>
<p style="text-align: justify;">Además, mostró su preocupación por la aprobación de las recientes leyes como Ley de Regulación de Agentes y la Ley de Ciberdelitos, a las que llamó “<strong>disposiciones represivas sobre la defensa de derechos de los pueblos indígenas</strong>”. En ese sentido, Cunningham dijo que el Ministerio de Gobernación se ha rehusado en reiteradas ocasiones a aceptar la documentación necesaria para acreditar a la junta directiva de CEJUDHCAN y que los integrantes de la organización son constantemente señalados de ser difusores de noticias falsas.</p>
<p style="text-align: justify;">“Hacemos <strong>un llamado a la comunidad internacional</strong> y exhortamos al Consejo de Derechos Humanos de la ONU que apruebe una resolución para Nicaragua y que incorpore la situación de los pueblos indígenas y afrodescendientes”, enfatizó.</p>
<p style="text-align: justify;"><strong>Ataque a la prensa independiente</strong></p>
<p style="text-align: justify;">El director de Radio Darío en la ciudad de León y beneficiario de medidas cautelares de la CIDH, Aníbal Toruño, se refirió a las acciones del Gobierno en contra del periodismo y medios de comunicación independientes, que incluyen, el <strong>enjuiciamiento</strong> de al menos tres periodistas y la <strong>confiscación</strong> de Confidencial y 100% Noticias desde abril 2018 hasta la fecha.</p>
<p style="text-align: justify;">Toruño indicó que, el gobierno de Daniel Ortega ha propiciado el cierre de más de 20 medios de comunicación y al menos 10 programas de opinión y noticieros. Además que, actualmente, de los 13 canales de señal abierta, solo sobreviven dos, incluido <strong>Canal 12</strong> que se encuentra embargado desde mediados de septiembre 2020.</p>
<p style="text-align: justify;">Sobre su caso particular, Toruño manifestó que en los últimos tres años ha habido 125 <strong>asedios policiales</strong> a Radio Darío y 32 a su casa, la cual fue <strong>allanada en tres ocasiones de forma ilegal y violenta </strong>entre el 4 de enero y el 4 de febrero de 2021.</p>
<p style="text-align: justify;"><strong>Preocupación internacional</strong></p>
<p style="text-align: justify;">Tanto el Relator Especial sobre el Derecho a la Libertad de Reunión Pacífica y de Asociación de las Naciones Unidas<strong>, Clément Voule</strong>, como el Relator para la Libertad de Expresión de la CIDH, <strong>Pedro Vaca</strong>, expresaron su preocupación por la situación de derechos humanos en Nicaragua, la cual, coincidieron, se ha agravado con la aprobación de leyes que restringen derechos civiles y políticos y contemplan encarcelar a personas que difundan información que el Gobierno considere amenazas.</p>
<p style="text-align: justify;">“Tenemos preocupaciones, como el <strong>uso de la fuerza arbitraria</strong> contra aquellos que van a las calles a protestas, la criminalización y ataques contra la disidencia política y los medios de comunicación”, indicó Voule, quien recordó que desde la crisis de 2018 ha hecho varias solicitudes para visitar el país, pero estas no han sido respondidas por el Gobierno.</p>
<p style="text-align: justify;">“Otra preocupación es la <strong>falta de información o información falsa usada contra estas personas -que incluye mujeres, miembros de la comunidad LGBTI o ambientalistas</strong>, a las que acusan como terroristas o narcotraficantes”, agregó.</p>
<p style="text-align: justify;">En tanto, Pedro Vaca dijo que en Nicaragua se está desplegando un <strong>dispositivo muy sofisticado de censura</strong> y que la actividad parlamentaria en el país parece estar enfocada en erosionar el Estado de derecho. Para el Relator para la Libertad de Expresión de la CIDH, en el país hay un “desmantelamiento del tejido social” y existe el peligro de que se reduzca la posibilidad de “perder información” sobre las violaciones a los derechos humanos. “El miedo está presente en Nicaragua y lo estamos escuchando, y es parte de lo que ojalá pueda ser incluido dentro de los análisis que se están haciendo”, agregó.</p>
<p style="text-align: justify;"><strong>Llamado por una nueva resolución para Nicaragua</strong></p>
<p style="text-align: justify;">La moderadora del evento y directora para las Américas de Amnistía Internacional, Erika Guevara, indicó que <strong>la crisis de derechos humanos en Nicaragua persiste y se acentúa</strong>, además que el mandato de la Oficina de la Alta Comisionada por los Derechos Humanos de las Naciones Unidas sigue siendo crítico debido a la continua negativa del Gobierno a cooperar con los sistemas regionales e internacionales de protección de derechos humanos.</p>
<p style="text-align: justify;">En nombre de las organizaciones que promovieron el evento, Guevara instó a los Estados que conforman el Consejo de Derechos Humanos a <strong>que se asegure una resolución firme sobre Nicaragua</strong> que renueve completamente el mandando de la Oficina de la Alta Comisionada.</p>
<p style="text-align: justify;">Guevara enfatizó que esta nueva resolución<strong> debe establecer claros criterios de cooperación y enviar un mensaje claro de la comunidad internacional</strong> en apoyo a las víctimas, personas defensoras de derechos humanos, periodistas y medios de comunicación independientes, y que la búsqueda de justicia, verdad y reparación tiene que continuar siendo una lucha colectiva e internacional.</p>
<p>Puede ver la grabación del evento aquí:</p>
<p><iframe style="border: none; overflow: hidden;" data-src="https://www.facebook.com/plugins/video.php?height=314&amp;href=https%3A%2F%2Fwww.facebook.com%2Fraceandequality%2Fvideos%2F433799111170050%2F&amp;show_text=false&amp;width=560" width="560" height="314" frameborder="0" scrolling="no" allowfullscreen="allowfullscreen" src="data:image/svg+xml;base64,PHN2ZyB3aWR0aD0iMSIgaGVpZ2h0PSIxIiB4bWxucz0iaHR0cDovL3d3dy53My5vcmcvMjAwMC9zdmciPjwvc3ZnPg==" class="lazyload" data-load-mode="1"></iframe></p>

<p>Washington D.C., 19 de febrero de 2021.&#8211; En el marco del 46º período de sesiones del Consejo de Derechos Humanos de las Naciones Unidas, representantes de la sociedad civil nicaragüense [&hellip;]</p>
