{"id":13428,"date":"2021-02-25T22:55:18","date_gmt":"2021-02-25T22:55:18","guid":{"rendered":"http:\/\/race01.wp\/resources\/alta-comisionada-exhorta-al-gobierno-de-nicaragua-a-reanudar-la-cooperacion-con-mecanismos-regionales-e-internacionales-en-materia-de-derechos-humanos-y-llama-a-realizar-reformar-electorales-para-gara\/"},"modified":"2023-05-10T11:40:54","modified_gmt":"2023-05-10T11:40:54","slug":"alta-comisionada-exhorta-al-gobierno-de-nicaragua-a-reanudar-la-cooperacion-con-mecanismos-regionales-e-internacionales-en-materia-de-derechos-humanos-y-llama-a-realizar-reformar-electorales-para-gara","status":"publish","type":"resources","link":"https:\/\/raceandequality.org\/es\/resources\/alta-comisionada-exhorta-al-gobierno-de-nicaragua-a-reanudar-la-cooperacion-con-mecanismos-regionales-e-internacionales-en-materia-de-derechos-humanos-y-llama-a-realizar-reformar-electorales-para-gara\/","title":{"rendered":"Alta Comisionada exhorta al Gobierno de Nicaragua a reanudar la cooperaci\u00f3n con mecanismos regionales e internacionales en materia de derechos humanos y llama a realizar reformar electorales para garantizar elecciones libres, justas y transparentes"},"content":{"rendered":"<p style=\"text-align: justify;\"><strong>Washington D.C., 25 de febrero de 2021.<\/strong>&#8211; La crisis socio-pol\u00edtica y de derechos humanos que atraviesa Nicaragua desde abril de 2018 se ha visto <strong>exacerbada por la pandemia de Covid-19 y por el impacto de los huracanes Eta e Iota<\/strong> en el Caribe Norte del pa\u00eds, se\u00f1al\u00f3 la Alta Comisionada de las Naciones Unidas para los Derechos Humanos, Michelle Bachelet, en la <strong><a href=\"https:\/\/raceandequality.org\/446\">presentaci\u00f3n de su informe<\/a><\/strong> sobre Nicaragua durante el 46 periodo de sesiones del Consejo de Derechos Humanos de las Naciones Unidas. El informe fue respaldado por una veintena de delegaciones diplom\u00e1ticas, as\u00ed como por diversas organizaciones internacionales de derechos humanos que participaron en una discusi\u00f3n posterior sobre la situaci\u00f3n del pa\u00eds.<\/p>\n<p style=\"text-align: justify;\">\u201cMientras Nicaragua se acerca a las elecciones generales del 7 noviembre de 2021, el Estado de Derecho sigue deterior\u00e1ndose. La adopci\u00f3n reciente de varias leyes contrarias a los derechos, a la libertad de asociaci\u00f3n, de expresi\u00f3n, a la participaci\u00f3n pol\u00edtica y a las garant\u00edas al debido proceso, constituye un claro ejemplo de la <strong>continua restricci\u00f3n del espacio c\u00edvico y democr\u00e1tico<\/strong>\u201d, expuso la Alta Comisionada, quien se\u00f1al\u00f3 que el informe abarca el periodo comprendido entre el 1 de agosto de 2019 y el 31 de diciembre de 2020.<\/p>\n<p style=\"text-align: justify;\">El informe indica que la Oficina de la Alta Comisionada ha documentado 117 <strong>casos de acoso, intimidaciones y amenazas<\/strong> por parte de agentes de la Polic\u00eda o elementos progubernamentales en contra de estudiantes, campesinos, activistas pol\u00edticos, personas defensoras de derechos humanos y organizaciones de v\u00edctimas y de mujeres. \u201cDocumentamos tambi\u00e9n 34 casos de intimidaci\u00f3n, amenazas, criminalizaci\u00f3n y campa\u00f1as de desprestigio contra medios de comunicaci\u00f3n y periodistas considerados opositores\u201d, agreg\u00f3.<\/p>\n<p style=\"text-align: justify;\">La Alta Comisionada dijo que siguieron registr\u00e1ndose <strong>detenciones arbitrarias<\/strong>, la mayor\u00eda de breve duraci\u00f3n, y destac\u00f3 la situaci\u00f3n de las y los <strong>prisioneros pol\u00edticos<\/strong>, que seg\u00fan el Mecanismo para el Reconocimiento de Personas Presas Pol\u00edticas en Nicaragua suman 111 hasta febrero de 2021. Destac\u00f3 tambi\u00e9n que en el periodo que comprende el informe las <strong>comunidades ind\u00edgenas<\/strong> continuaron enfrentando <a href=\"https:\/\/raceandequality.org\/1066\"><strong>invasiones en sus tierras y ataques violentos<\/strong><\/a> de colonos, a lo cual se a\u00f1ade el impacto devastador de los dos huracanes. A este panorama, la Alta Comisionada agreg\u00f3 el aumento de los feminicidios y las altas tasas de embarazo en ni\u00f1as y adolescentes.<\/p>\n<p style=\"text-align: justify;\"><strong>Violaciones de derechos humanos en la impunidad<\/strong><\/p>\n<p style=\"text-align: justify;\">\u00a0\u201cLas violaciones de derechos humanos perpetradas durante las protestas sociales de 2018 siguen en la impunidad\u201d, expres\u00f3, y enfatiz\u00f3 el balance deficiente en la implementaci\u00f3n de las recomendaciones contenidas en su informe anterior, tal como lo muestra el <a href=\"https:\/\/raceandequality.org\/648\"><strong>\u00faltimo bolet\u00edn de la Oficina Regional de la Alta Comisionada<\/strong><\/a>.<\/p>\n<p style=\"text-align: justify;\">\u201cLa incorporaci\u00f3n de un s\u00f3lido enfoque de derechos humanos y la participaci\u00f3n de las personas en situaci\u00f3n de mayor vulnerabilidad puede contribuir significativamente a la soluci\u00f3n de la actual crisis y a los esfuerzos de reconstrucci\u00f3n despu\u00e9s de los desastres naturales. Una vez m\u00e1s, insto al Gobierno que permita a mi Oficina acceder al pa\u00eds para cumplir con su mandato, que incluye el monitoreo de los derechos humanos en el contexto electoral y la asesor\u00eda t\u00e9cnica para garantizar el ejercicio de las libertades p\u00fablicas. Es esencial que se adopten las reformas necesarias para garantizar elecciones libres justas y transparentes\u201d, finaliz\u00f3.<\/p>\n<p style=\"text-align: justify;\"><strong>Respuesta del Estado<\/strong><\/p>\n<p style=\"text-align: justify;\">En nombre del Estado de Nicaragua, la Procuradora General de la Rep\u00fablica, Wendy Carolina Morales, expres\u00f3 la \u201c<strong>no aceptaci\u00f3n y rechazo absoluto<\/strong>\u201d del informe por considerarlo \u201cunilateral\u201d y \u201cparcializado\u201d. \u201cEl Gobierno rechaza contundentemente este tipo de informes injerencistas e interventores que pretenden seguir descalificando y denigrando a nuestras autoridades e instituciones nacionales, as\u00ed como el ordenamiento jur\u00eddico que sustenta al Estado nicarag\u00fcense\u201d, dijo.<\/p>\n<p style=\"text-align: justify;\"><strong>Respaldo internacional<\/strong><\/p>\n<p style=\"text-align: justify;\">El informe de la Alta Comisionada fue respaldado por las delegaciones diplom\u00e1ticas de <strong>Alemania, B\u00e9lgica, Brasil, Canad\u00e1, Chile, Costa Rica, Colombia, Ecuador, Espa\u00f1a, Estados Unidos, Francia, Georgia, Holanda, Luxemburgo, Paraguay, Per\u00fa, Suecia, Suiza, Uruguay y la Uni\u00f3n Europea<\/strong>, as\u00ed como por organizaciones internacionales de derechos humanos que participaron en una discusi\u00f3n posterior a la presentaci\u00f3n del informe y que incluy\u00f3 la intervenci\u00f3n de representantes de la sociedad civil nicarag\u00fcense.<\/p>\n<p style=\"text-align: justify;\">Todas expresaron su preocupaci\u00f3n por la continuidad de la represi\u00f3n en contra de la sociedad civil, periodistas, medios de comunicaci\u00f3n, opositores, y defensores y defensoras de derechos humanos, y por la reciente aprobaci\u00f3n de leyes como la Ley de Regulaci\u00f3n de Agentes Extranjeros, as\u00ed como tambi\u00e9n <strong>lamentaron que el Gobierno no acepte su responsabilidad<\/strong> en las violaciones de derechos humanos registradas desde abril de 2018.<\/p>\n<p style=\"text-align: justify;\">La presidenta del Centro Nicarag\u00fcense de Derechos Humanos (CENIDH), Vilma N\u00fa\u00f1ez, fue una de las personas que intervino en nombre de la sociedad civil nicarag\u00fcense, del Instituto sobre Raza, Igualdad y Derechos Humanos (Raza e Igualdad), del International Service for Human Rights (ISHR) y de la Federaci\u00f3n Internacional por los Derechos Humanos (FIDH), refiri\u00e9ndose a la <strong>destrucci\u00f3n de oficinas de organizaciones civiles y de medios de comunicaci\u00f3n<\/strong>, las cuales fueron arbitraria e ilegalmente ocupadas y concedidas al Ministerio de Salud, que actualmente realiza labores de construcci\u00f3n para transformarlas en unidades de salud y, en algunos casos como sede del CENIDH en Juigalpa y las instalaciones de Confidencial, ya inaugur\u00f3 como tales.<\/p>\n<p style=\"text-align: justify;\">Tambi\u00e9n fue expuesta la situaci\u00f3n de las invasiones de tierras y violencia que enfrentan las <strong>comunidades ind\u00edgenas y afrodescendientes<\/strong> del Caribe Norte del pa\u00eds. \u201cA lo largo de 2020, la apropiaci\u00f3n de tierras y los ataques violentos de colonos armados ilegales han aumentado, con al menos 13 asesinatos, 8 heridos, 2 secuestros, el desplazamiento forzado de una comunidad y 2 agresiones a dos ni\u00f1as ind\u00edgenas m\u00edskitu menores de edad\u201d, expusieron el Centro por la Justicia y Derechos Humanos de la Costa Atl\u00e1ntica de\u00a0Nicaragua\u00a0(CEJUDHCAN),\u00a0el Centro por la Justicia y el Derecho Internacional (CEJIL, por sus siglas en ingl\u00e9s) y el CENIDH.<\/p>\n<p style=\"text-align: justify;\">Para ver la presentaci\u00f3n del informe de la Alta Comisionada, haga clic <a href=\"https:\/\/raceandequality.org\/446\"><strong>aqu\u00ed<\/strong><\/a>.<\/p>\n<p style=\"text-align: justify;\">Acceda al informe <a href=\"https:\/\/raceandequality.org\/1067\"><strong>aqu\u00ed<\/strong><\/a>.<\/p>\n","protected":false},"excerpt":{"rendered":"<p>Washington D.C., 25 de febrero de 2021.&#8211; La crisis socio-pol\u00edtica y de derechos humanos que atraviesa Nicaragua desde abril de 2018 se ha visto exacerbada por la pandemia de Covid-19 [&hellip;]<\/p>\n","protected":false},"author":15,"featured_media":10513,"parent":0,"menu_order":0,"template":"","format":"standard","categories":[1154,1169,1159],"resources_country":[1199],"resources_language":[],"resources_audience":[],"resources_format":[],"resources_topic":[1117,1109],"resources_year":[],"class_list":["post-13428","resources","type-resources","status-publish","format-standard","has-post-thumbnail","hentry","category-espanol","category-nicaragua","category-onu","resources_country-nicaragua-es","resources_topic-onu","resources_topic-raza-e-igualdad"],"acf":[],"aioseo_notices":[],"_links":{"self":[{"href":"https:\/\/raceandequality.org\/es\/wp-json\/wp\/v2\/resources\/13428","targetHints":{"allow":["GET"]}}],"collection":[{"href":"https:\/\/raceandequality.org\/es\/wp-json\/wp\/v2\/resources"}],"about":[{"href":"https:\/\/raceandequality.org\/es\/wp-json\/wp\/v2\/types\/resources"}],"author":[{"embeddable":true,"href":"https:\/\/raceandequality.org\/es\/wp-json\/wp\/v2\/users\/15"}],"wp:featuredmedia":[{"embeddable":true,"href":"https:\/\/raceandequality.org\/es\/wp-json\/wp\/v2\/media\/10513"}],"wp:attachment":[{"href":"https:\/\/raceandequality.org\/es\/wp-json\/wp\/v2\/media?parent=13428"}],"wp:term":[{"taxonomy":"category","embeddable":true,"href":"https:\/\/raceandequality.org\/es\/wp-json\/wp\/v2\/categories?post=13428"},{"taxonomy":"resources_country","embeddable":true,"href":"https:\/\/raceandequality.org\/es\/wp-json\/wp\/v2\/resources_country?post=13428"},{"taxonomy":"resources_language","embeddable":true,"href":"https:\/\/raceandequality.org\/es\/wp-json\/wp\/v2\/resources_language?post=13428"},{"taxonomy":"resources_audience","embeddable":true,"href":"https:\/\/raceandequality.org\/es\/wp-json\/wp\/v2\/resources_audience?post=13428"},{"taxonomy":"resources_format","embeddable":true,"href":"https:\/\/raceandequality.org\/es\/wp-json\/wp\/v2\/resources_format?post=13428"},{"taxonomy":"resources_topic","embeddable":true,"href":"https:\/\/raceandequality.org\/es\/wp-json\/wp\/v2\/resources_topic?post=13428"},{"taxonomy":"resources_year","embeddable":true,"href":"https:\/\/raceandequality.org\/es\/wp-json\/wp\/v2\/resources_year?post=13428"}],"curies":[{"name":"wp","href":"https:\/\/api.w.org\/{rel}","templated":true}]}}

Alta Comisionada exhorta al Gobierno de Nicaragua a reanudar la cooperación con mecanismos regionales e internacionales en materia de derechos humanos y llama a realizar reformar electorales para garantizar elecciones libres, justas y transparentes

<p style="text-align: justify;"><strong>Washington D.C., 25 de febrero de 2021.</strong>&#8211; La crisis socio-política y de derechos humanos que atraviesa Nicaragua desde abril de 2018 se ha visto <strong>exacerbada por la pandemia de Covid-19 y por el impacto de los huracanes Eta e Iota</strong> en el Caribe Norte del país, señaló la Alta Comisionada de las Naciones Unidas para los Derechos Humanos, Michelle Bachelet, en la <strong><a href="https://raceandequality.org/446">presentación de su informe</a></strong> sobre Nicaragua durante el 46 periodo de sesiones del Consejo de Derechos Humanos de las Naciones Unidas. El informe fue respaldado por una veintena de delegaciones diplomáticas, así como por diversas organizaciones internacionales de derechos humanos que participaron en una discusión posterior sobre la situación del país.</p>
<p style="text-align: justify;">“Mientras Nicaragua se acerca a las elecciones generales del 7 noviembre de 2021, el Estado de Derecho sigue deteriorándose. La adopción reciente de varias leyes contrarias a los derechos, a la libertad de asociación, de expresión, a la participación política y a las garantías al debido proceso, constituye un claro ejemplo de la <strong>continua restricción del espacio cívico y democrático</strong>”, expuso la Alta Comisionada, quien señaló que el informe abarca el periodo comprendido entre el 1 de agosto de 2019 y el 31 de diciembre de 2020.</p>
<p style="text-align: justify;">El informe indica que la Oficina de la Alta Comisionada ha documentado 117 <strong>casos de acoso, intimidaciones y amenazas</strong> por parte de agentes de la Policía o elementos progubernamentales en contra de estudiantes, campesinos, activistas políticos, personas defensoras de derechos humanos y organizaciones de víctimas y de mujeres. “Documentamos también 34 casos de intimidación, amenazas, criminalización y campañas de desprestigio contra medios de comunicación y periodistas considerados opositores”, agregó.</p>
<p style="text-align: justify;">La Alta Comisionada dijo que siguieron registrándose <strong>detenciones arbitrarias</strong>, la mayoría de breve duración, y destacó la situación de las y los <strong>prisioneros políticos</strong>, que según el Mecanismo para el Reconocimiento de Personas Presas Políticas en Nicaragua suman 111 hasta febrero de 2021. Destacó también que en el periodo que comprende el informe las <strong>comunidades indígenas</strong> continuaron enfrentando <a href="https://raceandequality.org/1066"><strong>invasiones en sus tierras y ataques violentos</strong></a> de colonos, a lo cual se añade el impacto devastador de los dos huracanes. A este panorama, la Alta Comisionada agregó el aumento de los feminicidios y las altas tasas de embarazo en niñas y adolescentes.</p>
<p style="text-align: justify;"><strong>Violaciones de derechos humanos en la impunidad</strong></p>
<p style="text-align: justify;"> “Las violaciones de derechos humanos perpetradas durante las protestas sociales de 2018 siguen en la impunidad”, expresó, y enfatizó el balance deficiente en la implementación de las recomendaciones contenidas en su informe anterior, tal como lo muestra el <a href="https://raceandequality.org/648"><strong>último boletín de la Oficina Regional de la Alta Comisionada</strong></a>.</p>
<p style="text-align: justify;">“La incorporación de un sólido enfoque de derechos humanos y la participación de las personas en situación de mayor vulnerabilidad puede contribuir significativamente a la solución de la actual crisis y a los esfuerzos de reconstrucción después de los desastres naturales. Una vez más, insto al Gobierno que permita a mi Oficina acceder al país para cumplir con su mandato, que incluye el monitoreo de los derechos humanos en el contexto electoral y la asesoría técnica para garantizar el ejercicio de las libertades públicas. Es esencial que se adopten las reformas necesarias para garantizar elecciones libres justas y transparentes”, finalizó.</p>
<p style="text-align: justify;"><strong>Respuesta del Estado</strong></p>
<p style="text-align: justify;">En nombre del Estado de Nicaragua, la Procuradora General de la República, Wendy Carolina Morales, expresó la “<strong>no aceptación y rechazo absoluto</strong>” del informe por considerarlo “unilateral” y “parcializado”. “El Gobierno rechaza contundentemente este tipo de informes injerencistas e interventores que pretenden seguir descalificando y denigrando a nuestras autoridades e instituciones nacionales, así como el ordenamiento jurídico que sustenta al Estado nicaragüense”, dijo.</p>
<p style="text-align: justify;"><strong>Respaldo internacional</strong></p>
<p style="text-align: justify;">El informe de la Alta Comisionada fue respaldado por las delegaciones diplomáticas de <strong>Alemania, Bélgica, Brasil, Canadá, Chile, Costa Rica, Colombia, Ecuador, España, Estados Unidos, Francia, Georgia, Holanda, Luxemburgo, Paraguay, Perú, Suecia, Suiza, Uruguay y la Unión Europea</strong>, así como por organizaciones internacionales de derechos humanos que participaron en una discusión posterior a la presentación del informe y que incluyó la intervención de representantes de la sociedad civil nicaragüense.</p>
<p style="text-align: justify;">Todas expresaron su preocupación por la continuidad de la represión en contra de la sociedad civil, periodistas, medios de comunicación, opositores, y defensores y defensoras de derechos humanos, y por la reciente aprobación de leyes como la Ley de Regulación de Agentes Extranjeros, así como también <strong>lamentaron que el Gobierno no acepte su responsabilidad</strong> en las violaciones de derechos humanos registradas desde abril de 2018.</p>
<p style="text-align: justify;">La presidenta del Centro Nicaragüense de Derechos Humanos (CENIDH), Vilma Núñez, fue una de las personas que intervino en nombre de la sociedad civil nicaragüense, del Instituto sobre Raza, Igualdad y Derechos Humanos (Raza e Igualdad), del International Service for Human Rights (ISHR) y de la Federación Internacional por los Derechos Humanos (FIDH), refiriéndose a la <strong>destrucción de oficinas de organizaciones civiles y de medios de comunicación</strong>, las cuales fueron arbitraria e ilegalmente ocupadas y concedidas al Ministerio de Salud, que actualmente realiza labores de construcción para transformarlas en unidades de salud y, en algunos casos como sede del CENIDH en Juigalpa y las instalaciones de Confidencial, ya inauguró como tales.</p>
<p style="text-align: justify;">También fue expuesta la situación de las invasiones de tierras y violencia que enfrentan las <strong>comunidades indígenas y afrodescendientes</strong> del Caribe Norte del país. “A lo largo de 2020, la apropiación de tierras y los ataques violentos de colonos armados ilegales han aumentado, con al menos 13 asesinatos, 8 heridos, 2 secuestros, el desplazamiento forzado de una comunidad y 2 agresiones a dos niñas indígenas mískitu menores de edad”, expusieron el Centro por la Justicia y Derechos Humanos de la Costa Atlántica de Nicaragua (CEJUDHCAN), el Centro por la Justicia y el Derecho Internacional (CEJIL, por sus siglas en inglés) y el CENIDH.</p>
<p style="text-align: justify;">Para ver la presentación del informe de la Alta Comisionada, haga clic <a href="https://raceandequality.org/446"><strong>aquí</strong></a>.</p>
<p style="text-align: justify;">Acceda al informe <a href="https://raceandequality.org/1067"><strong>aquí</strong></a>.</p>

<p>Washington D.C., 25 de febrero de 2021.&#8211; La crisis socio-política y de derechos humanos que atraviesa Nicaragua desde abril de 2018 se ha visto exacerbada por la pandemia de Covid-19 [&hellip;]</p>
