{"id":13429,"date":"2021-03-01T22:17:03","date_gmt":"2021-03-01T22:17:03","guid":{"rendered":"http:\/\/race01.wp\/resources\/dia-nacional-del-periodista-en-nicaragua-sin-garantias-para-la-libertad-de-prensa\/"},"modified":"2023-05-10T11:32:49","modified_gmt":"2023-05-10T11:32:49","slug":"dia-nacional-del-periodista-en-nicaragua-sin-garantias-para-la-libertad-de-prensa","status":"publish","type":"resources","link":"https:\/\/raceandequality.org\/es\/resources\/dia-nacional-del-periodista-en-nicaragua-sin-garantias-para-la-libertad-de-prensa\/","title":{"rendered":"D\u00eda Nacional del Periodista en Nicaragua: sin garant\u00edas para la libertad de prensa"},"content":{"rendered":"<p style=\"text-align: justify;\"><strong>Washington D.C., 1 de marzo de 2021.<\/strong>&#8211; Este 1 de marzo se conmemora el <a href=\"https:\/\/raceandequality.org\/1068\"><strong>D\u00eda Nacional del Periodista<\/strong><\/a> en Nicaragua; sin embargo, para la prensa independiente en el pa\u00eds y en el exilio, no hay nada que celebrar. El ejercicio period\u00edstico se ha visto seriamente impactado por la crisis socio-pol\u00edtica y de derechos humanos que atraviesa Nicaragua desde abril de 2018, y actualmente las y los periodistas independientes no cuentan con las garant\u00edas m\u00ednimas para ejercer su labor.<\/p>\n<p style=\"text-align: justify;\">El Instituto sobre Raza, Igualdad y Derechos Humanos (Raza e Igualdad) convers\u00f3 con <strong>tres periodistas que han sufrido violaciones a sus derechos humanos<\/strong> en los \u00faltimos tres a\u00f1os. A continuaci\u00f3n, presentamos lo que compartieron sobre la cr\u00edtica situaci\u00f3n.<\/p>\n<h4 style=\"text-align: justify;\"><strong>An\u00edbal Toru\u00f1o: En Nicaragua hay una supresi\u00f3n total de los derechos para la libertad de prensa<\/strong><\/h4>\n<p style=\"text-align: justify;\">Para An\u00edbal Toru\u00f1o, director y propietario de Radio Dar\u00edo en la ciudad de Le\u00f3n, las condiciones para el ejercicio del periodismo independiente son muy dif\u00edciles porque, d\u00eda a d\u00eda, este se ve <strong>acechado por la censura, las amenazas, la violencia y la criminalizaci\u00f3n<\/strong> de parte de la Polic\u00eda, instituciones estatales y grupos paramilitares.<\/p>\n<p style=\"text-align: justify;\">\u201cHay una supresi\u00f3n total de los derechos constitucionales en Nicaragua para el ejercicio de la libertad de prensa. Hay amenazas permanentes, pero no solamente eso, hace unas semanas el r\u00e9gimen aprob\u00f3 un combo de leyes con las que pretende no solamente censurar al periodismo, sino alcanzar a todos los nicarag\u00fcenses, pues busca controlar las redes sociales adem\u00e1s de controlar los principales medios de comunicaci\u00f3n\u201d, dijo en alusi\u00f3n a la <strong>Ley Especial de Ciberdelitos<\/strong>, la Ley de Regulaci\u00f3n de Agentes Extranjeros y la introducci\u00f3n de la pena de cadena perpetua.<\/p>\n<p style=\"text-align: justify;\">El asedio policial contra Toru\u00f1o, su familia y el equipo period\u00edstico de Radio Dar\u00edo es constante. Desde abril de 2018, su emisora ha sido asediada en 125 ocasiones y en lo que va de 2021, su casa ha sido allanada tres veces de forma ilegal y violenta. \u201cHemos adquirido la experiencia para poder manejar el medio, pero es muy dif\u00edcil cuando hay polic\u00edas y paramilitares afuera de tu casa con la posibilidad de allanarla y destruirla\u201d, expres\u00f3 Toru\u00f1o, quien record\u00f3 que <strong>bajo el gobierno de Daniel Ortega han cerrado m\u00e1s de 20 medios de comunicaci\u00f3n<\/strong> y 10 noticieros y programas de opini\u00f3n, adem\u00e1s que, de los trece canales de se\u00f1al abierta existentes en el pa\u00eds, solo quedan dos con una l\u00ednea editorial que no est\u00e1 plegada al Gobierno.<\/p>\n<p style=\"text-align: justify;\">Toru\u00f1o explic\u00f3 tambi\u00e9n que una de las consecuencias de la persecuci\u00f3n que sufre el periodismo independiente, es que \u201c<strong>el periodismo de campo est\u00e1 vedado<\/strong>\u201d, por lo que deben recurrir a colegas que no est\u00e1n integrados a Radio Dar\u00edo para poder obtener informaci\u00f3n. \u201cSomos vigilados, perseguidos, es sumamente complicado y los espacios son estrechos (\u2026) Si el mundo no reacciona, estar\u00edan viendo el ocaso de uno de los grandes esfuerzos por la libertad de expresi\u00f3n\u201d, a\u00f1adi\u00f3.<\/p>\n<p style=\"text-align: justify;\">Para sus colegas en este D\u00eda Nacional del Periodista, Toru\u00f1o envi\u00f3 <strong>un mensaje de esperanza<\/strong>. \u201cQue saquemos fuerzas para seguir adelante, porque la noche nunca ha vencido un amanecer y porque la luz tarda, pero llega. Nuestra lucha y perseverancia deber\u00e1n ser renovadas en el d\u00eda a d\u00eda, convencidos de que estamos haciendo lo correcto\u201d, comparti\u00f3.<\/p>\n<h4 style=\"text-align: justify;\"><strong>Kal\u00faa Salazar: La polic\u00eda llega a mi casa durante las noches y las madrugadas a asediarme<\/strong><\/h4>\n<p style=\"text-align: justify;\">Kal\u00faa Salazar, jefa de prensa de radio La Coste\u00f1\u00edsima en la ciudad de Bluefields, Caribe Sur de Nicaragua, considera que en el pa\u00eds <strong>no existen condiciones m\u00ednimas<\/strong> para ejercer el periodismo independiente. \u201cAqu\u00ed lo que hay son condiciones para ejercer un periodismo de afinidad pol\u00edtica. Sin embargo, los periodistas independientes hemos asumido el reto y hemos llegado hasta este punto en donde estamos, donde se han interpuesto demandas en contra de periodistas, se han encarcelado y golpeado periodistas, y es ah\u00ed donde se puede evidenciar que condiciones no hay\u201d, manifest\u00f3.<\/p>\n<p style=\"text-align: justify;\">En agosto de 2020, tres trabajadores de la Alcald\u00eda de la ciudad de El Rama, interpusieron una <strong>demanda por calumnias<\/strong> en contra de Salazar, por la publicaci\u00f3n de la nota \u201cSe destapa corrupci\u00f3n en la Alcald\u00eda del Municipio El Rama\u201d, que expon\u00eda mal manejo de fondos p\u00fablicos en dicha comuna. \u201cDesde entonces hasta la fecha, la Polic\u00eda llega a mi casa durante las noches y las madrugadas a asediarme, a encender las sirenas, a sonar las bocinas de las camionetas y hacer un ruido espantoso para que yo me despierte y no pueda conciliar el sue\u00f1o\u201d, se\u00f1al\u00f3.<\/p>\n<p style=\"text-align: justify;\">Esta situaci\u00f3n, asegur\u00f3, ha impactado su vida profesional por las limitantes en el acceso a informaci\u00f3n y la represi\u00f3n en el ejercicio del periodismo, pero dice que <strong>principalmente ha afectado su vida personal<\/strong>. \u201cCon las camionetas llenas de polic\u00edas armados que se bajan frente a mi casa y mis ni\u00f1as est\u00e1n ah\u00ed afuera, ha sido un golpe todav\u00eda m\u00e1s duro que en la vida profesional, porque ah\u00ed est\u00e1 involucrada esa parte tan importante de mi vida como son mis hijas\u201d, expres\u00f3.<\/p>\n<p style=\"text-align: justify;\">El pr\u00f3ximo 9 de marzo, Salazar tiene programado un juicio de apelaci\u00f3n, pues recurri\u00f3 contra el fallo de culpabilidad que le impusieron a finales de septiembre de 2020. \u201cDebo de agotar todos los recursos legales posibles para <strong>que quede un precedente de que se me est\u00e1n violando mis derechos<\/strong> humanos como persona y como periodista al juzgarme y culparme por querer hacer mi trabajo y porque estoy ejerciendo la libertad de expresi\u00f3n\u201d, dijo.<\/p>\n<p style=\"text-align: justify;\">Pese a encontrarse en una situaci\u00f3n tan hostil, Salazar desea continuar haciendo periodismo en su ciudad Bluefields y la regi\u00f3n Caribe Sur de Nicaragua, y en este D\u00eda Nacional del Periodista, <strong>env\u00eda a sus colegas un mensaje<\/strong> que ella se repite cada ma\u00f1ana que se levanta para dirigirse a su centro de trabajo: \u201cNosotros tenemos un objetivo que no es derrocar a ning\u00fan gobierno, sino que es llevar informaci\u00f3n veraz y poder criticar a cualquier gobierno que est\u00e9 violando los derechos de las personas; que podamos tener ese acercamiento con el pueblo y sobre todo que tengamos la confianza y el valor necesario para continuar ejerciendo, que la autocensura no sea esa herramienta que quieren imponernos para que el miedo se apodere de nosotros y as\u00ed desistamos de este trabajo que estamos realizando\u201d.<\/p>\n<h4 style=\"text-align: justify;\"><strong>Luc\u00eda Pineda: Los periodistas seguimos en resistencia, esta es nuestra profesi\u00f3n y nadie nos la puede quitar<\/strong><\/h4>\n<p style=\"text-align: justify;\">La directora del canal 100% Noticias, Luc\u00eda Pineda, fue v\u00edctima de una de las medidas m\u00e1s extremas del Gobierno en contra de la prensa independiente: fue <strong>detenida en diciembre 2018<\/strong> y acusada por delitos de \u201cprovocaci\u00f3n, proposici\u00f3n y conspiraci\u00f3n para cometer actos terroristas\u201d. Pineda estuvo en prisi\u00f3n hasta el 11 de junio de 2019, d\u00eda en que fue liberada bajo la Ley de Amnist\u00eda aprobada por el Gobierno d\u00edas antes. Sali\u00f3 de prisi\u00f3n junto a un grupo de 55 personas que se encontraban privadas de libertad por su participaci\u00f3n en las manifestaciones ciudadanas de 2018, entre ellos el propietario de 100% Noticias, Miguel Mora.<\/p>\n<p style=\"text-align: justify;\">\u201cEstamos en alerta roja porque ejercer la profesi\u00f3n es de alto riesgo en Nicaragua, hay persecuci\u00f3n y juicios por injurias y calumnias contra periodistas que son promovidos por activistas del r\u00e9gimen, y hay robos a medios de comunicaci\u00f3n\u201d, afirm\u00f3 Pineda, quien tras su liberaci\u00f3n <strong>decidi\u00f3 trasladarse el pa\u00eds vecino Costa Rica<\/strong>, como una medida de seguridad y porque cuenta con la ciudadan\u00eda costarricense. Desde ah\u00ed, dirige 100% Noticias, canal que actualmente transmite exclusivamente a trav\u00e9s de Internet, ya que sus instalaciones fueron ocupadas ilegalmente en diciembre de 2018 y la semana pasada fueron convertidas en un centro de rehabilitaci\u00f3n del Ministerio de Salud.<\/p>\n<p style=\"text-align: justify;\">Como directora de este medio de comunicaci\u00f3n, Pineda <strong>conoce de cerca la persecuci\u00f3n que enfrentan las y los periodistas<\/strong> que ejercer el periodismo independiente. \u201cLos muchachos viven bajo constante asedio, van a una conferencia de prensa de un sector de la oposici\u00f3n y a su ingreso, la Polic\u00eda los revisa, revisan sus carros, sus pertenencias (\u2026) El reportero nocturno de 100% Noticias me dice que la Polic\u00eda lo persigue todos los d\u00edas, lo interceptan, y ha habido veces que lo han golpeado\u201d, dijo.<\/p>\n<p style=\"text-align: justify;\">\u201cLa Polic\u00eda te ve como un enemigo, te asedia para que sientas miedo y decidas \u00b4tirar la toalla\u00b4 (desistir) y que sientas que te vigilan para que tengas cuidado con lo que vayas a decir, a informar\u201d, agreg\u00f3 Pineda, quien asegur\u00f3 que su vida cambi\u00f3 de forma rotunda desde su detenci\u00f3n, pues se\u00f1al\u00f3 que su segunda casa era 100% Noticias y ahora dirige este canal desde Costa Rica, por lo que resiente no poder estar en Nicaragua, donde hab\u00eda establecido su vida, y estaba acostumbrada a reportear en las calles y tener contacto cercano con la poblaci\u00f3n.<\/p>\n<p style=\"text-align: justify;\">Para sus colegas en Nicaragua, que este 1 de marzo conmemoran el D\u00eda Nacional del Periodista, Pineda env\u00eda el siguiente mensaje: \u201cSigamos en resistencia, <strong>resistamos por la libertad<\/strong>, que Nicaragua va a agradecer a la prensa independiente por todo el trabajo, muchas organizaciones del mundo han notado que es una prensa independiente valiente, esta es nuestra profesi\u00f3n y nadie nos la puede quitar\u201d.<\/p>\n<p style=\"text-align: justify;\"><strong>Llamado<\/strong><\/p>\n<p style=\"text-align: justify;\">Raza e Igualdad aprovecha esta ocasi\u00f3n para hacer <strong>un reconocimiento a las y los periodistas independientes<\/strong> de Nicaragua que, a pesar de no contar con las debidas garant\u00edas para ejercer el periodismo de forma independiente, se han mantenido firmes en su labor de informar. Tambi\u00e9n llamamos al Gobierno a respetar la libertad de prensa, brindando condiciones para que las y los periodistas desarrollen su trabajo sin enfrentar asedio, persecuci\u00f3n y amenazas, as\u00ed como a derogar las leyes aprobadas recientemente, como la Ley de Ciberdelitos y la Ley de Regulaci\u00f3n de Agentes Extranjeros, las cuales restringen la libertad de expresi\u00f3n.<\/p>\n","protected":false},"excerpt":{"rendered":"<p>Washington D.C., 1 de marzo de 2021.&#8211; Este 1 de marzo se conmemora el D\u00eda Nacional del Periodista en Nicaragua; sin embargo, para la prensa independiente en el pa\u00eds y [&hellip;]<\/p>\n","protected":false},"author":15,"featured_media":10517,"parent":0,"menu_order":0,"template":"","format":"standard","categories":[1154,1169],"resources_country":[1199],"resources_language":[],"resources_audience":[],"resources_format":[],"resources_topic":[1109],"resources_year":[],"class_list":["post-13429","resources","type-resources","status-publish","format-standard","has-post-thumbnail","hentry","category-espanol","category-nicaragua","resources_country-nicaragua-es","resources_topic-raza-e-igualdad"],"acf":[],"aioseo_notices":[],"_links":{"self":[{"href":"https:\/\/raceandequality.org\/es\/wp-json\/wp\/v2\/resources\/13429","targetHints":{"allow":["GET"]}}],"collection":[{"href":"https:\/\/raceandequality.org\/es\/wp-json\/wp\/v2\/resources"}],"about":[{"href":"https:\/\/raceandequality.org\/es\/wp-json\/wp\/v2\/types\/resources"}],"author":[{"embeddable":true,"href":"https:\/\/raceandequality.org\/es\/wp-json\/wp\/v2\/users\/15"}],"wp:featuredmedia":[{"embeddable":true,"href":"https:\/\/raceandequality.org\/es\/wp-json\/wp\/v2\/media\/10517"}],"wp:attachment":[{"href":"https:\/\/raceandequality.org\/es\/wp-json\/wp\/v2\/media?parent=13429"}],"wp:term":[{"taxonomy":"category","embeddable":true,"href":"https:\/\/raceandequality.org\/es\/wp-json\/wp\/v2\/categories?post=13429"},{"taxonomy":"resources_country","embeddable":true,"href":"https:\/\/raceandequality.org\/es\/wp-json\/wp\/v2\/resources_country?post=13429"},{"taxonomy":"resources_language","embeddable":true,"href":"https:\/\/raceandequality.org\/es\/wp-json\/wp\/v2\/resources_language?post=13429"},{"taxonomy":"resources_audience","embeddable":true,"href":"https:\/\/raceandequality.org\/es\/wp-json\/wp\/v2\/resources_audience?post=13429"},{"taxonomy":"resources_format","embeddable":true,"href":"https:\/\/raceandequality.org\/es\/wp-json\/wp\/v2\/resources_format?post=13429"},{"taxonomy":"resources_topic","embeddable":true,"href":"https:\/\/raceandequality.org\/es\/wp-json\/wp\/v2\/resources_topic?post=13429"},{"taxonomy":"resources_year","embeddable":true,"href":"https:\/\/raceandequality.org\/es\/wp-json\/wp\/v2\/resources_year?post=13429"}],"curies":[{"name":"wp","href":"https:\/\/api.w.org\/{rel}","templated":true}]}}

Día Nacional del Periodista en Nicaragua: sin garantías para la libertad de prensa

<p style="text-align: justify;"><strong>Washington D.C., 1 de marzo de 2021.</strong>&#8211; Este 1 de marzo se conmemora el <a href="https://raceandequality.org/1068"><strong>Día Nacional del Periodista</strong></a> en Nicaragua; sin embargo, para la prensa independiente en el país y en el exilio, no hay nada que celebrar. El ejercicio periodístico se ha visto seriamente impactado por la crisis socio-política y de derechos humanos que atraviesa Nicaragua desde abril de 2018, y actualmente las y los periodistas independientes no cuentan con las garantías mínimas para ejercer su labor.</p>
<p style="text-align: justify;">El Instituto sobre Raza, Igualdad y Derechos Humanos (Raza e Igualdad) conversó con <strong>tres periodistas que han sufrido violaciones a sus derechos humanos</strong> en los últimos tres años. A continuación, presentamos lo que compartieron sobre la crítica situación.</p>
<h4 style="text-align: justify;"><strong>Aníbal Toruño: En Nicaragua hay una supresión total de los derechos para la libertad de prensa</strong></h4>
<p style="text-align: justify;">Para Aníbal Toruño, director y propietario de Radio Darío en la ciudad de León, las condiciones para el ejercicio del periodismo independiente son muy difíciles porque, día a día, este se ve <strong>acechado por la censura, las amenazas, la violencia y la criminalización</strong> de parte de la Policía, instituciones estatales y grupos paramilitares.</p>
<p style="text-align: justify;">“Hay una supresión total de los derechos constitucionales en Nicaragua para el ejercicio de la libertad de prensa. Hay amenazas permanentes, pero no solamente eso, hace unas semanas el régimen aprobó un combo de leyes con las que pretende no solamente censurar al periodismo, sino alcanzar a todos los nicaragüenses, pues busca controlar las redes sociales además de controlar los principales medios de comunicación”, dijo en alusión a la <strong>Ley Especial de Ciberdelitos</strong>, la Ley de Regulación de Agentes Extranjeros y la introducción de la pena de cadena perpetua.</p>
<p style="text-align: justify;">El asedio policial contra Toruño, su familia y el equipo periodístico de Radio Darío es constante. Desde abril de 2018, su emisora ha sido asediada en 125 ocasiones y en lo que va de 2021, su casa ha sido allanada tres veces de forma ilegal y violenta. “Hemos adquirido la experiencia para poder manejar el medio, pero es muy difícil cuando hay policías y paramilitares afuera de tu casa con la posibilidad de allanarla y destruirla”, expresó Toruño, quien recordó que <strong>bajo el gobierno de Daniel Ortega han cerrado más de 20 medios de comunicación</strong> y 10 noticieros y programas de opinión, además que, de los trece canales de señal abierta existentes en el país, solo quedan dos con una línea editorial que no está plegada al Gobierno.</p>
<p style="text-align: justify;">Toruño explicó también que una de las consecuencias de la persecución que sufre el periodismo independiente, es que “<strong>el periodismo de campo está vedado</strong>”, por lo que deben recurrir a colegas que no están integrados a Radio Darío para poder obtener información. “Somos vigilados, perseguidos, es sumamente complicado y los espacios son estrechos (…) Si el mundo no reacciona, estarían viendo el ocaso de uno de los grandes esfuerzos por la libertad de expresión”, añadió.</p>
<p style="text-align: justify;">Para sus colegas en este Día Nacional del Periodista, Toruño envió <strong>un mensaje de esperanza</strong>. “Que saquemos fuerzas para seguir adelante, porque la noche nunca ha vencido un amanecer y porque la luz tarda, pero llega. Nuestra lucha y perseverancia deberán ser renovadas en el día a día, convencidos de que estamos haciendo lo correcto”, compartió.</p>
<h4 style="text-align: justify;"><strong>Kalúa Salazar: La policía llega a mi casa durante las noches y las madrugadas a asediarme</strong></h4>
<p style="text-align: justify;">Kalúa Salazar, jefa de prensa de radio La Costeñísima en la ciudad de Bluefields, Caribe Sur de Nicaragua, considera que en el país <strong>no existen condiciones mínimas</strong> para ejercer el periodismo independiente. “Aquí lo que hay son condiciones para ejercer un periodismo de afinidad política. Sin embargo, los periodistas independientes hemos asumido el reto y hemos llegado hasta este punto en donde estamos, donde se han interpuesto demandas en contra de periodistas, se han encarcelado y golpeado periodistas, y es ahí donde se puede evidenciar que condiciones no hay”, manifestó.</p>
<p style="text-align: justify;">En agosto de 2020, tres trabajadores de la Alcaldía de la ciudad de El Rama, interpusieron una <strong>demanda por calumnias</strong> en contra de Salazar, por la publicación de la nota “Se destapa corrupción en la Alcaldía del Municipio El Rama”, que exponía mal manejo de fondos públicos en dicha comuna. “Desde entonces hasta la fecha, la Policía llega a mi casa durante las noches y las madrugadas a asediarme, a encender las sirenas, a sonar las bocinas de las camionetas y hacer un ruido espantoso para que yo me despierte y no pueda conciliar el sueño”, señaló.</p>
<p style="text-align: justify;">Esta situación, aseguró, ha impactado su vida profesional por las limitantes en el acceso a información y la represión en el ejercicio del periodismo, pero dice que <strong>principalmente ha afectado su vida personal</strong>. “Con las camionetas llenas de policías armados que se bajan frente a mi casa y mis niñas están ahí afuera, ha sido un golpe todavía más duro que en la vida profesional, porque ahí está involucrada esa parte tan importante de mi vida como son mis hijas”, expresó.</p>
<p style="text-align: justify;">El próximo 9 de marzo, Salazar tiene programado un juicio de apelación, pues recurrió contra el fallo de culpabilidad que le impusieron a finales de septiembre de 2020. “Debo de agotar todos los recursos legales posibles para <strong>que quede un precedente de que se me están violando mis derechos</strong> humanos como persona y como periodista al juzgarme y culparme por querer hacer mi trabajo y porque estoy ejerciendo la libertad de expresión”, dijo.</p>
<p style="text-align: justify;">Pese a encontrarse en una situación tan hostil, Salazar desea continuar haciendo periodismo en su ciudad Bluefields y la región Caribe Sur de Nicaragua, y en este Día Nacional del Periodista, <strong>envía a sus colegas un mensaje</strong> que ella se repite cada mañana que se levanta para dirigirse a su centro de trabajo: “Nosotros tenemos un objetivo que no es derrocar a ningún gobierno, sino que es llevar información veraz y poder criticar a cualquier gobierno que esté violando los derechos de las personas; que podamos tener ese acercamiento con el pueblo y sobre todo que tengamos la confianza y el valor necesario para continuar ejerciendo, que la autocensura no sea esa herramienta que quieren imponernos para que el miedo se apodere de nosotros y así desistamos de este trabajo que estamos realizando”.</p>
<h4 style="text-align: justify;"><strong>Lucía Pineda: Los periodistas seguimos en resistencia, esta es nuestra profesión y nadie nos la puede quitar</strong></h4>
<p style="text-align: justify;">La directora del canal 100% Noticias, Lucía Pineda, fue víctima de una de las medidas más extremas del Gobierno en contra de la prensa independiente: fue <strong>detenida en diciembre 2018</strong> y acusada por delitos de “provocación, proposición y conspiración para cometer actos terroristas”. Pineda estuvo en prisión hasta el 11 de junio de 2019, día en que fue liberada bajo la Ley de Amnistía aprobada por el Gobierno días antes. Salió de prisión junto a un grupo de 55 personas que se encontraban privadas de libertad por su participación en las manifestaciones ciudadanas de 2018, entre ellos el propietario de 100% Noticias, Miguel Mora.</p>
<p style="text-align: justify;">“Estamos en alerta roja porque ejercer la profesión es de alto riesgo en Nicaragua, hay persecución y juicios por injurias y calumnias contra periodistas que son promovidos por activistas del régimen, y hay robos a medios de comunicación”, afirmó Pineda, quien tras su liberación <strong>decidió trasladarse el país vecino Costa Rica</strong>, como una medida de seguridad y porque cuenta con la ciudadanía costarricense. Desde ahí, dirige 100% Noticias, canal que actualmente transmite exclusivamente a través de Internet, ya que sus instalaciones fueron ocupadas ilegalmente en diciembre de 2018 y la semana pasada fueron convertidas en un centro de rehabilitación del Ministerio de Salud.</p>
<p style="text-align: justify;">Como directora de este medio de comunicación, Pineda <strong>conoce de cerca la persecución que enfrentan las y los periodistas</strong> que ejercer el periodismo independiente. “Los muchachos viven bajo constante asedio, van a una conferencia de prensa de un sector de la oposición y a su ingreso, la Policía los revisa, revisan sus carros, sus pertenencias (…) El reportero nocturno de 100% Noticias me dice que la Policía lo persigue todos los días, lo interceptan, y ha habido veces que lo han golpeado”, dijo.</p>
<p style="text-align: justify;">“La Policía te ve como un enemigo, te asedia para que sientas miedo y decidas ´tirar la toalla´ (desistir) y que sientas que te vigilan para que tengas cuidado con lo que vayas a decir, a informar”, agregó Pineda, quien aseguró que su vida cambió de forma rotunda desde su detención, pues señaló que su segunda casa era 100% Noticias y ahora dirige este canal desde Costa Rica, por lo que resiente no poder estar en Nicaragua, donde había establecido su vida, y estaba acostumbrada a reportear en las calles y tener contacto cercano con la población.</p>
<p style="text-align: justify;">Para sus colegas en Nicaragua, que este 1 de marzo conmemoran el Día Nacional del Periodista, Pineda envía el siguiente mensaje: “Sigamos en resistencia, <strong>resistamos por la libertad</strong>, que Nicaragua va a agradecer a la prensa independiente por todo el trabajo, muchas organizaciones del mundo han notado que es una prensa independiente valiente, esta es nuestra profesión y nadie nos la puede quitar”.</p>
<p style="text-align: justify;"><strong>Llamado</strong></p>
<p style="text-align: justify;">Raza e Igualdad aprovecha esta ocasión para hacer <strong>un reconocimiento a las y los periodistas independientes</strong> de Nicaragua que, a pesar de no contar con las debidas garantías para ejercer el periodismo de forma independiente, se han mantenido firmes en su labor de informar. También llamamos al Gobierno a respetar la libertad de prensa, brindando condiciones para que las y los periodistas desarrollen su trabajo sin enfrentar asedio, persecución y amenazas, así como a derogar las leyes aprobadas recientemente, como la Ley de Ciberdelitos y la Ley de Regulación de Agentes Extranjeros, las cuales restringen la libertad de expresión.</p>

<p>Washington D.C., 1 de marzo de 2021.&#8211; Este 1 de marzo se conmemora el Día Nacional del Periodista en Nicaragua; sin embargo, para la prensa independiente en el país y [&hellip;]</p>
