{"id":13444,"date":"2021-03-11T23:04:06","date_gmt":"2021-03-11T23:04:06","guid":{"rendered":"http:\/\/race01.wp\/resources\/raza-e-igualdad-se-une-a-relatora-especial-de-la-onu-en-su-llamado-al-gobierno-de-cuba-para-poner-fin-a-la-intimidacion-y-detencion-contra-los-integrantes-del-comite-ciudadanos-por-la-integracion-raci\/"},"modified":"2023-05-10T11:24:05","modified_gmt":"2023-05-10T11:24:05","slug":"raza-e-igualdad-se-une-a-relatora-especial-de-la-onu-en-su-llamado-al-gobierno-de-cuba-para-poner-fin-a-la-intimidacion-y-detencion-contra-los-integrantes-del-comite-ciudadanos-por-la-integracion-raci","status":"publish","type":"resources","link":"https:\/\/raceandequality.org\/es\/resources\/raza-e-igualdad-se-une-a-relatora-especial-de-la-onu-en-su-llamado-al-gobierno-de-cuba-para-poner-fin-a-la-intimidacion-y-detencion-contra-los-integrantes-del-comite-ciudadanos-por-la-integracion-raci\/","title":{"rendered":"Raza e Igualdad se une a Relatora Especial de la ONU en su llamado al Gobierno de Cuba para poner fin a la intimidaci\u00f3n y detenci\u00f3n contra los integrantes del Comit\u00e9 Ciudadanos por la Integraci\u00f3n Racial (CIR)"},"content":{"rendered":"<p style=\"text-align: justify;\"><strong>Washington D.C., 11 de marzo de 2021.<\/strong>&#8211; El Instituto sobre Raza, Igualdad y Derechos Humanos (Raza e Igualdad) celebra y se une al pronunciamiento de la Relatora Especial de las Naciones Unidas sobre la Situaci\u00f3n de los Defensores de Derechos Humanos, Mary Lawlor, en el que llama al Gobierno de Cuba a <strong>poner fin a la intimidaci\u00f3n y detenci\u00f3n<\/strong> en contra de las y los integrantes del Comit\u00e9 Ciudadanos por la Integraci\u00f3n Racial (CIR).<\/p>\n<p style=\"text-align: justify;\">\u00abLos arrestos peri\u00f3dicos contra las personas defensoras de los derechos humanos en la Isla, la falta de acceso a representaci\u00f3n legal durante las detenciones y la vigilancia ejercida <strong>por agentes del Departamento de Seguridad del Estado<\/strong> son contrarias al derecho internacional y deben cesar\u00bb, dijo Lawlor, quien precis\u00f3 que esta situaci\u00f3n en contra de las personas que integran el CIR se repite desde el a\u00f1o 2017. Adem\u00e1s, resalt\u00f3 que se les ha impedido viajar a eventos internacionales relacionados con su trabajo de defensa de derechos humanos, sin ninguna explicaci\u00f3n.<\/p>\n<p style=\"text-align: justify;\">La Relatora Especial se\u00f1al\u00f3 que las personas defensoras en Cuba son objeto de ataques y frecuentemente \u00ab<strong>sufren limitaciones a su libertad de movimiento<\/strong> debido a lo que parece ser un entramado de inteligencia que comienza con el uso indebido del derecho penal y termina con el acoso diario de las autoridades.\u00bb Agreg\u00f3 que \u00ablos defensores de los derechos humanos no deben ser objeto de represalias por su leg\u00edtima labor para contribuir a crear una sociedad civil y justa\u00bb.<\/p>\n<p style=\"text-align: justify;\">El llamamiento de la Relatora Especial de las Naciones Unidas sobre la Situaci\u00f3n de los Defensores de Derechos Humanos fue respaldado por cinco integrantes del <strong>Grupo de Trabajo de Expertos sobre Personas de Ascendencia Africana<\/strong>, entre ellos su presidenta, Dominique Day, as\u00ed como por\u00a0 el <strong>Relator Especial sobre los derechos de reuni\u00f3n pac\u00edfica y de asociaci\u00f3n<\/strong>, Cl\u00e9ment Nyaletsossi Voule.<\/p>\n<p style=\"text-align: justify;\"><strong>Relevancia<\/strong><\/p>\n<p style=\"text-align: justify;\">Raza e Igualdad destaca y celebra el hecho que este pronunciamiento surja en un momento en que <strong>el Gobierno cubano ha intensificado la persecuci\u00f3n y criminalizaci\u00f3n<\/strong> en contra de activistas y representantes de la sociedad civil independiente en la Isla, entre quienes se encuentran las y los integrantes del CIR, los cuales aparte de enfrentar represi\u00f3n por su trabajo a favor de la justicia racial, han sido objeto de ataques con un discurso estigmatizante difundido por funcionarios y personas afines al Gobierno.<\/p>\n<p style=\"text-align: justify;\">En una entrevistada brindada en d\u00edas recientes a Cubavisi\u00f3n Internacional, el vicepresidente de la Uni\u00f3n de Escritores y Artistas de Cuba y presidente de la Comisi\u00f3n Aponte, <strong>Pedro de la Hoz<\/strong>, descalific\u00f3 la labor del CIR y de la organizaci\u00f3n independiente Cofrad\u00eda de la Negritud. Calific\u00f3 a sus representantes como \u201cinfames\u201d y \u201cmercenarios\u201d, tras hacer alusi\u00f3n al trabajo de incidencia que han realizado ante los mecanismos de derechos humanos de Naciones Unidas y del Sistema Interamericano para denunciar las violaciones de derechos humanos de la poblaci\u00f3n afrocubana.<\/p>\n<p style=\"text-align: justify;\">Recordamos tambi\u00e9n que el coordinador nacional del CIR, <strong>Juan Antonio Madrazo Luna<\/strong>, fue detenido arbitrariamente el 12 de noviembre de 2020, luego de que agentes de la Seguridad del Estado allanaran su casa en La Habana y se llevaran varios objetos de trabajo y personales, tanto de \u00e9l como de su hermana. En tanto, los tambi\u00e9n representantes del CIR, <strong>Marthadela Tamayo Gonz\u00e1lez<\/strong> y <strong>Osvaldo Navarro Veloz<\/strong>, fueron detenidos el 22 de noviembre de 2020, durante una manifestaci\u00f3n en el Parque Central de La Habana.<\/p>\n<p style=\"text-align: justify;\">Desde Raza e Igualdad rechazamos toda declaraci\u00f3n que estigmatice la labor de defensa de los derechos humanos y que expone a las personas que la ejercen a represalias de parte de funcionarios o personas afines al Gobierno. Demandamos que el Estado de Cuba respete los derechos a la libertad de expresi\u00f3n y de asociaci\u00f3n de integrantes de la sociedad civil independiente, y recordamos que\u2014en el caso del CIR\u2014sus dirigentes Juan Antonio Madrazo Luna, Marthadela Tamayo Gonz\u00e1lez y Osvaldo Navarro Veloz son <strong><a href=\"https:\/\/raceandequality.org\/1072\">beneficiarios de medidas cautelares<\/a><\/strong> otorgadas por la Comisi\u00f3n Interamericana de Derechos Humanos (CIDH).<\/p>\n<p style=\"text-align: justify;\">Asimismo, en v\u00edsperas de la conmemoraci\u00f3n del <strong>D\u00eda Internacional de la Eliminaci\u00f3n de la Discriminaci\u00f3n Racial<\/strong> el pr\u00f3ximo 21 de marzo, llamamos a las autoridades a garantizar el pleno ejercicio de los derechos de la poblaci\u00f3n afrocubana, acorde a sus obligaciones internacionales en materia de derechos humanos.<\/p>\n<p><em>La foto corresponde a una audiencia ante la CIDH en marzo de 2017, en la que participaron los representantes del CIR Marthadela Tamayo y Juan Antonio Madrazo(en el centro), en su calidad de integrantes de la sociedad civil independiente en Cuba. Cr\u00e9dito: CIDH\/Flickr.\u00a0<\/em><\/p>\n","protected":false},"excerpt":{"rendered":"<p>Washington D.C., 11 de marzo de 2021.&#8211; El Instituto sobre Raza, Igualdad y Derechos Humanos (Raza e Igualdad) celebra y se une al pronunciamiento de la Relatora Especial de las [&hellip;]<\/p>\n","protected":false},"author":15,"featured_media":13441,"parent":0,"menu_order":0,"template":"","format":"standard","categories":[1162,1123,1154],"resources_country":[1193],"resources_language":[],"resources_audience":[],"resources_format":[],"resources_topic":[1100,1109],"resources_year":[],"class_list":["post-13444","resources","type-resources","status-publish","format-standard","has-post-thumbnail","hentry","category-cidh","category-cuba","category-espanol","resources_country-cuba-es","resources_topic-cidh","resources_topic-raza-e-igualdad"],"acf":[],"aioseo_notices":[],"_links":{"self":[{"href":"https:\/\/raceandequality.org\/es\/wp-json\/wp\/v2\/resources\/13444","targetHints":{"allow":["GET"]}}],"collection":[{"href":"https:\/\/raceandequality.org\/es\/wp-json\/wp\/v2\/resources"}],"about":[{"href":"https:\/\/raceandequality.org\/es\/wp-json\/wp\/v2\/types\/resources"}],"author":[{"embeddable":true,"href":"https:\/\/raceandequality.org\/es\/wp-json\/wp\/v2\/users\/15"}],"wp:featuredmedia":[{"embeddable":true,"href":"https:\/\/raceandequality.org\/es\/wp-json\/wp\/v2\/media\/13441"}],"wp:attachment":[{"href":"https:\/\/raceandequality.org\/es\/wp-json\/wp\/v2\/media?parent=13444"}],"wp:term":[{"taxonomy":"category","embeddable":true,"href":"https:\/\/raceandequality.org\/es\/wp-json\/wp\/v2\/categories?post=13444"},{"taxonomy":"resources_country","embeddable":true,"href":"https:\/\/raceandequality.org\/es\/wp-json\/wp\/v2\/resources_country?post=13444"},{"taxonomy":"resources_language","embeddable":true,"href":"https:\/\/raceandequality.org\/es\/wp-json\/wp\/v2\/resources_language?post=13444"},{"taxonomy":"resources_audience","embeddable":true,"href":"https:\/\/raceandequality.org\/es\/wp-json\/wp\/v2\/resources_audience?post=13444"},{"taxonomy":"resources_format","embeddable":true,"href":"https:\/\/raceandequality.org\/es\/wp-json\/wp\/v2\/resources_format?post=13444"},{"taxonomy":"resources_topic","embeddable":true,"href":"https:\/\/raceandequality.org\/es\/wp-json\/wp\/v2\/resources_topic?post=13444"},{"taxonomy":"resources_year","embeddable":true,"href":"https:\/\/raceandequality.org\/es\/wp-json\/wp\/v2\/resources_year?post=13444"}],"curies":[{"name":"wp","href":"https:\/\/api.w.org\/{rel}","templated":true}]}}

Raza e Igualdad se une a Relatora Especial de la ONU en su llamado al Gobierno de Cuba para poner fin a la intimidación y detención contra los integrantes del Comité Ciudadanos por la Integración Racial (CIR)

<p style="text-align: justify;"><strong>Washington D.C., 11 de marzo de 2021.</strong>&#8211; El Instituto sobre Raza, Igualdad y Derechos Humanos (Raza e Igualdad) celebra y se une al pronunciamiento de la Relatora Especial de las Naciones Unidas sobre la Situación de los Defensores de Derechos Humanos, Mary Lawlor, en el que llama al Gobierno de Cuba a <strong>poner fin a la intimidación y detención</strong> en contra de las y los integrantes del Comité Ciudadanos por la Integración Racial (CIR).</p>
<p style="text-align: justify;">«Los arrestos periódicos contra las personas defensoras de los derechos humanos en la Isla, la falta de acceso a representación legal durante las detenciones y la vigilancia ejercida <strong>por agentes del Departamento de Seguridad del Estado</strong> son contrarias al derecho internacional y deben cesar», dijo Lawlor, quien precisó que esta situación en contra de las personas que integran el CIR se repite desde el año 2017. Además, resaltó que se les ha impedido viajar a eventos internacionales relacionados con su trabajo de defensa de derechos humanos, sin ninguna explicación.</p>
<p style="text-align: justify;">La Relatora Especial señaló que las personas defensoras en Cuba son objeto de ataques y frecuentemente «<strong>sufren limitaciones a su libertad de movimiento</strong> debido a lo que parece ser un entramado de inteligencia que comienza con el uso indebido del derecho penal y termina con el acoso diario de las autoridades.» Agregó que «los defensores de los derechos humanos no deben ser objeto de represalias por su legítima labor para contribuir a crear una sociedad civil y justa».</p>
<p style="text-align: justify;">El llamamiento de la Relatora Especial de las Naciones Unidas sobre la Situación de los Defensores de Derechos Humanos fue respaldado por cinco integrantes del <strong>Grupo de Trabajo de Expertos sobre Personas de Ascendencia Africana</strong>, entre ellos su presidenta, Dominique Day, así como por  el <strong>Relator Especial sobre los derechos de reunión pacífica y de asociación</strong>, Clément Nyaletsossi Voule.</p>
<p style="text-align: justify;"><strong>Relevancia</strong></p>
<p style="text-align: justify;">Raza e Igualdad destaca y celebra el hecho que este pronunciamiento surja en un momento en que <strong>el Gobierno cubano ha intensificado la persecución y criminalización</strong> en contra de activistas y representantes de la sociedad civil independiente en la Isla, entre quienes se encuentran las y los integrantes del CIR, los cuales aparte de enfrentar represión por su trabajo a favor de la justicia racial, han sido objeto de ataques con un discurso estigmatizante difundido por funcionarios y personas afines al Gobierno.</p>
<p style="text-align: justify;">En una entrevistada brindada en días recientes a Cubavisión Internacional, el vicepresidente de la Unión de Escritores y Artistas de Cuba y presidente de la Comisión Aponte, <strong>Pedro de la Hoz</strong>, descalificó la labor del CIR y de la organización independiente Cofradía de la Negritud. Calificó a sus representantes como “infames” y “mercenarios”, tras hacer alusión al trabajo de incidencia que han realizado ante los mecanismos de derechos humanos de Naciones Unidas y del Sistema Interamericano para denunciar las violaciones de derechos humanos de la población afrocubana.</p>
<p style="text-align: justify;">Recordamos también que el coordinador nacional del CIR, <strong>Juan Antonio Madrazo Luna</strong>, fue detenido arbitrariamente el 12 de noviembre de 2020, luego de que agentes de la Seguridad del Estado allanaran su casa en La Habana y se llevaran varios objetos de trabajo y personales, tanto de él como de su hermana. En tanto, los también representantes del CIR, <strong>Marthadela Tamayo González</strong> y <strong>Osvaldo Navarro Veloz</strong>, fueron detenidos el 22 de noviembre de 2020, durante una manifestación en el Parque Central de La Habana.</p>
<p style="text-align: justify;">Desde Raza e Igualdad rechazamos toda declaración que estigmatice la labor de defensa de los derechos humanos y que expone a las personas que la ejercen a represalias de parte de funcionarios o personas afines al Gobierno. Demandamos que el Estado de Cuba respete los derechos a la libertad de expresión y de asociación de integrantes de la sociedad civil independiente, y recordamos que—en el caso del CIR—sus dirigentes Juan Antonio Madrazo Luna, Marthadela Tamayo González y Osvaldo Navarro Veloz son <strong><a href="https://raceandequality.org/1072">beneficiarios de medidas cautelares</a></strong> otorgadas por la Comisión Interamericana de Derechos Humanos (CIDH).</p>
<p style="text-align: justify;">Asimismo, en vísperas de la conmemoración del <strong>Día Internacional de la Eliminación de la Discriminación Racial</strong> el próximo 21 de marzo, llamamos a las autoridades a garantizar el pleno ejercicio de los derechos de la población afrocubana, acorde a sus obligaciones internacionales en materia de derechos humanos.</p>
<p><em>La foto corresponde a una audiencia ante la CIDH en marzo de 2017, en la que participaron los representantes del CIR Marthadela Tamayo y Juan Antonio Madrazo(en el centro), en su calidad de integrantes de la sociedad civil independiente en Cuba. Crédito: CIDH/Flickr. </em></p>
