{"id":13517,"date":"2021-04-16T14:14:56","date_gmt":"2021-04-16T14:14:56","guid":{"rendered":"http:\/\/race01.wp\/resources\/tres-anos-de-impunidad-en-nicaragua-raza-e-igualdad-demanda-verdad-justicia-reparacion-y-no-repeticion\/"},"modified":"2023-05-10T11:35:16","modified_gmt":"2023-05-10T11:35:16","slug":"tres-anos-de-impunidad-en-nicaragua-raza-e-igualdad-demanda-verdad-justicia-reparacion-y-no-repeticion","status":"publish","type":"resources","link":"https:\/\/raceandequality.org\/es\/resources\/tres-anos-de-impunidad-en-nicaragua-raza-e-igualdad-demanda-verdad-justicia-reparacion-y-no-repeticion\/","title":{"rendered":"Tres a\u00f1os de impunidad en Nicaragua: Raza e Igualdad demanda verdad, justicia, reparaci\u00f3n y no repetici\u00f3n"},"content":{"rendered":"<p style=\"text-align: justify;\"><b>Washington D.C., 16 de abril de 2021.- <\/b><span style=\"font-weight: 400;\">Al cumplirse tres a\u00f1os del inicio de la crisis socio-pol\u00edtica en Nicaragua, que ha dejado m\u00e1s de 300 personas asesinadas,\u00a0 centenares de personas presas pol\u00edticas, miles de exiliados y m\u00faltiples casos de graves violaciones a los derechos humanos, el <\/span><b>Instituto sobre Raza, Igualdad y Derechos Humanos (Raza e Igualdad) <\/b><span style=\"font-weight: 400;\">se suma a la demanda de verdad, justicia, reparaci\u00f3n y no repetici\u00f3n, y exhorta al Estado al cese de la represi\u00f3n y a garantizar las condiciones de libertad y democracia que anhelan las y los nicarag\u00fcenses.\u00a0<\/span><\/p>\n<p style=\"text-align: justify;\"><b>Contexto<\/b><\/p>\n<p style=\"text-align: justify;\"><span style=\"font-weight: 400;\">En Nicaragua persiste un estado de excepci\u00f3n \u201cde facto\u201d que se manifiesta en las crecientes restricciones al espacio c\u00edvico y las graves violaciones de derechos humanos como: la permanencia de m\u00e1s de cien presas y presos pol\u00edticos en las c\u00e1rceles de Nicaragua; el manejo inadecuado de la crisis sanitaria e incumplimiento de las recomendaciones formuladas por la Organizaci\u00f3n Mundial de la Salud (OMS) y la Organizaci\u00f3n Panamericana de la Salud (OPS); la situaci\u00f3n de los pueblos ind\u00edgenas y afrodescendientes de la Costa Caribe, agravada por el paso de los huracanes Eta e Iota; y la persecuci\u00f3n a v\u00edctimas de violaciones a derechos humanos,\u00a0 personas defensoras, opositoras, periodistas y sociedad civil.\u00a0<\/span><\/p>\n<p style=\"text-align: justify;\"><span style=\"font-weight: 400;\">El Estado de Nicaragua contin\u00faa incumpliendo las recomendaciones de los mecanismos internacionales de derechos humanos para el restablecimiento de las garant\u00edas democr\u00e1ticas y derechos humanos en el pa\u00eds. En los \u00faltimos meses, la Asamblea Nacional ha aprobado leyes y reformas regresivas y restrictivas como la Ley Especial de Ciberdelitos, la Ley de Regulaci\u00f3n de Agentes Extranjeros, la Ley de los Derechos del Pueblo a la Independencia, Soberan\u00eda y la Autodeterminaci\u00f3n para la Paz, y la reforma al C\u00f3digo Procesal Penal que permite la privaci\u00f3n de libertad de una persona, hasta por 90 d\u00edas, mientras se realiza la investigaci\u00f3n de su presunto delito.\u00a0<\/span><\/p>\n<p style=\"text-align: justify;\"><span style=\"font-weight: 400;\">Y m\u00e1s recientemente, una iniciativa de reforma a la Ley Electoral que no sigue las recomendaciones contempladas en la resoluci\u00f3n aprobada en la Asamblea General de la Organizaci\u00f3n de Estados Americanos (OEA), en octubre 2020; ni con la nueva resoluci\u00f3n del Consejo de Derechos Humanos de Naciones Unidas, que exhorta al Gobierno de Nicaragua a emprender negociaciones significativas e inclusivas con la sociedad civil y la oposicio\u0301n, y llama a trabajar con organizaciones internacionales para aprobar reformas electorales a ma\u0301s tardar en mayo 2021.<\/span><\/p>\n<p style=\"text-align: justify;\"><span style=\"font-weight: 400;\">Por el contrario, el proyecto de reforma se elabor\u00f3 y present\u00f3 de forma unilateral, y es restrictivo para los derechos de libertad de expresi\u00f3n y asociaci\u00f3n. Proh\u00edbe la observaci\u00f3n electoral independiente, contempla inhibir la participaci\u00f3n de candidatos y candidatas de la oposici\u00f3n, traslada atribuciones del Consejo Supremo Electoral (CSE) a la Polic\u00eda Nacional, para que esta instituci\u00f3n tome decisiones sobre las actividades de campa\u00f1a, entre otras medidas que no garantizan que las elecciones generales programadas para el pr\u00f3ximo 7 de noviembre se realicen de forma libre, justa y transparente, de acuerdo con las normas internacionales.<\/span><\/p>\n<p style=\"text-align: justify;\"><b>Campa\u00f1a<\/b><\/p>\n<p style=\"text-align: justify;\"><span style=\"font-weight: 400;\">Dado este contexto, y como una forma de conmemorar el tercer aniversario de la rebeli\u00f3n c\u00edvica de abril 2018,<\/span><b> Raza e Igualdad iniciar\u00e1 este lunes 19 de abril una campa\u00f1a<\/b><span style=\"font-weight: 400;\"> que visibiliza las graves violaciones a los derechos humanos en Nicaragua, el arduo trabajo de las organizaciones de la sociedad civil en la promoci\u00f3n y defensa de derechos humanos, las demandas de v\u00edctimas de violaciones a derechos humanos y sus familiares, y el posicionamiento de la comunidad internacional en esta profunda crisis.<\/span><\/p>\n<p style=\"text-align: justify;\"><span style=\"font-weight: 400;\">Entrevistamos a cinco v\u00edctimas de graves violaciones de derechos humanos, a tres representantes de organizaciones de la sociedad civil de Nicaragua; a la presidenta de la Comisi\u00f3n Interamericana de Derechos Humanos (CIDH), Antonia Urrejola, y al Relator Especial de Naciones Unidas sobre el Derecho a la Libertad de Asociaci\u00f3n y a la Reuni\u00f3n Pac\u00edfica, Cl\u00e9ment Voule.<\/span><\/p>\n<p style=\"text-align: justify;\"><span style=\"font-weight: 400;\">Todos los productos de esta campa\u00f1a se estar\u00e1n publicando a trav\u00e9s de nuestras cuentas en <\/span><a href=\"https:\/\/raceandequality.org\/433\"><b>Twitter<\/b><\/a><span style=\"font-weight: 400;\">, <\/span><a href=\"https:\/\/raceandequality.org\/es\/11-2\/\"><b>Facebook<\/b><\/a><span style=\"font-weight: 400;\"> e <\/span><a href=\"https:\/\/raceandequality.org\/481\"><b>Instagram<\/b><\/a><span style=\"font-weight: 400;\">, y en nuestro <\/span><a href=\"https:\/\/raceandequality.org\/373\"><b>sitio web<\/b><\/a><span style=\"font-weight: 400;\">. Invitamos a la comunidad internacional, prensa nacional e internacional y a la sociedad civil a unirse a nuestra campa\u00f1a comparti\u00e9ndola y usando los hashtags <\/span><b>#SOSNicaragua <\/b><span style=\"font-weight: 400;\">y <\/span><b>#Nicaragua3A\u00f1osdeImpunidad<\/b><span style=\"font-weight: 400;\">, para que nuestro llamado al cese de la represi\u00f3n y la demanda de verdad, justicia, reparaci\u00f3n y no repetici\u00f3n se escuche en Nicaragua y todo el mundo. <\/span><\/p>\n","protected":false},"excerpt":{"rendered":"<p>Washington D.C., 16 de abril de 2021.- Al cumplirse tres a\u00f1os del inicio de la crisis socio-pol\u00edtica en Nicaragua, que ha dejado m\u00e1s de 300 personas asesinadas,\u00a0 centenares de personas [&hellip;]<\/p>\n","protected":false},"author":15,"featured_media":13518,"parent":0,"menu_order":0,"template":"","format":"standard","categories":[1169],"resources_country":[1199],"resources_language":[],"resources_audience":[],"resources_format":[],"resources_topic":[],"resources_year":[],"class_list":["post-13517","resources","type-resources","status-publish","format-standard","has-post-thumbnail","hentry","category-nicaragua","resources_country-nicaragua-es"],"acf":[],"aioseo_notices":[],"_links":{"self":[{"href":"https:\/\/raceandequality.org\/es\/wp-json\/wp\/v2\/resources\/13517","targetHints":{"allow":["GET"]}}],"collection":[{"href":"https:\/\/raceandequality.org\/es\/wp-json\/wp\/v2\/resources"}],"about":[{"href":"https:\/\/raceandequality.org\/es\/wp-json\/wp\/v2\/types\/resources"}],"author":[{"embeddable":true,"href":"https:\/\/raceandequality.org\/es\/wp-json\/wp\/v2\/users\/15"}],"wp:featuredmedia":[{"embeddable":true,"href":"https:\/\/raceandequality.org\/es\/wp-json\/wp\/v2\/media\/13518"}],"wp:attachment":[{"href":"https:\/\/raceandequality.org\/es\/wp-json\/wp\/v2\/media?parent=13517"}],"wp:term":[{"taxonomy":"category","embeddable":true,"href":"https:\/\/raceandequality.org\/es\/wp-json\/wp\/v2\/categories?post=13517"},{"taxonomy":"resources_country","embeddable":true,"href":"https:\/\/raceandequality.org\/es\/wp-json\/wp\/v2\/resources_country?post=13517"},{"taxonomy":"resources_language","embeddable":true,"href":"https:\/\/raceandequality.org\/es\/wp-json\/wp\/v2\/resources_language?post=13517"},{"taxonomy":"resources_audience","embeddable":true,"href":"https:\/\/raceandequality.org\/es\/wp-json\/wp\/v2\/resources_audience?post=13517"},{"taxonomy":"resources_format","embeddable":true,"href":"https:\/\/raceandequality.org\/es\/wp-json\/wp\/v2\/resources_format?post=13517"},{"taxonomy":"resources_topic","embeddable":true,"href":"https:\/\/raceandequality.org\/es\/wp-json\/wp\/v2\/resources_topic?post=13517"},{"taxonomy":"resources_year","embeddable":true,"href":"https:\/\/raceandequality.org\/es\/wp-json\/wp\/v2\/resources_year?post=13517"}],"curies":[{"name":"wp","href":"https:\/\/api.w.org\/{rel}","templated":true}]}}

Tres años de impunidad en Nicaragua: Raza e Igualdad demanda verdad, justicia, reparación y no repetición

<p style="text-align: justify;"><b>Washington D.C., 16 de abril de 2021.- </b><span style="font-weight: 400;">Al cumplirse tres años del inicio de la crisis socio-política en Nicaragua, que ha dejado más de 300 personas asesinadas,  centenares de personas presas políticas, miles de exiliados y múltiples casos de graves violaciones a los derechos humanos, el </span><b>Instituto sobre Raza, Igualdad y Derechos Humanos (Raza e Igualdad) </b><span style="font-weight: 400;">se suma a la demanda de verdad, justicia, reparación y no repetición, y exhorta al Estado al cese de la represión y a garantizar las condiciones de libertad y democracia que anhelan las y los nicaragüenses. </span></p>
<p style="text-align: justify;"><b>Contexto</b></p>
<p style="text-align: justify;"><span style="font-weight: 400;">En Nicaragua persiste un estado de excepción “de facto” que se manifiesta en las crecientes restricciones al espacio cívico y las graves violaciones de derechos humanos como: la permanencia de más de cien presas y presos políticos en las cárceles de Nicaragua; el manejo inadecuado de la crisis sanitaria e incumplimiento de las recomendaciones formuladas por la Organización Mundial de la Salud (OMS) y la Organización Panamericana de la Salud (OPS); la situación de los pueblos indígenas y afrodescendientes de la Costa Caribe, agravada por el paso de los huracanes Eta e Iota; y la persecución a víctimas de violaciones a derechos humanos,  personas defensoras, opositoras, periodistas y sociedad civil. </span></p>
<p style="text-align: justify;"><span style="font-weight: 400;">El Estado de Nicaragua continúa incumpliendo las recomendaciones de los mecanismos internacionales de derechos humanos para el restablecimiento de las garantías democráticas y derechos humanos en el país. En los últimos meses, la Asamblea Nacional ha aprobado leyes y reformas regresivas y restrictivas como la Ley Especial de Ciberdelitos, la Ley de Regulación de Agentes Extranjeros, la Ley de los Derechos del Pueblo a la Independencia, Soberanía y la Autodeterminación para la Paz, y la reforma al Código Procesal Penal que permite la privación de libertad de una persona, hasta por 90 días, mientras se realiza la investigación de su presunto delito. </span></p>
<p style="text-align: justify;"><span style="font-weight: 400;">Y más recientemente, una iniciativa de reforma a la Ley Electoral que no sigue las recomendaciones contempladas en la resolución aprobada en la Asamblea General de la Organización de Estados Americanos (OEA), en octubre 2020; ni con la nueva resolución del Consejo de Derechos Humanos de Naciones Unidas, que exhorta al Gobierno de Nicaragua a emprender negociaciones significativas e inclusivas con la sociedad civil y la oposición, y llama a trabajar con organizaciones internacionales para aprobar reformas electorales a más tardar en mayo 2021.</span></p>
<p style="text-align: justify;"><span style="font-weight: 400;">Por el contrario, el proyecto de reforma se elaboró y presentó de forma unilateral, y es restrictivo para los derechos de libertad de expresión y asociación. Prohíbe la observación electoral independiente, contempla inhibir la participación de candidatos y candidatas de la oposición, traslada atribuciones del Consejo Supremo Electoral (CSE) a la Policía Nacional, para que esta institución tome decisiones sobre las actividades de campaña, entre otras medidas que no garantizan que las elecciones generales programadas para el próximo 7 de noviembre se realicen de forma libre, justa y transparente, de acuerdo con las normas internacionales.</span></p>
<p style="text-align: justify;"><b>Campaña</b></p>
<p style="text-align: justify;"><span style="font-weight: 400;">Dado este contexto, y como una forma de conmemorar el tercer aniversario de la rebelión cívica de abril 2018,</span><b> Raza e Igualdad iniciará este lunes 19 de abril una campaña</b><span style="font-weight: 400;"> que visibiliza las graves violaciones a los derechos humanos en Nicaragua, el arduo trabajo de las organizaciones de la sociedad civil en la promoción y defensa de derechos humanos, las demandas de víctimas de violaciones a derechos humanos y sus familiares, y el posicionamiento de la comunidad internacional en esta profunda crisis.</span></p>
<p style="text-align: justify;"><span style="font-weight: 400;">Entrevistamos a cinco víctimas de graves violaciones de derechos humanos, a tres representantes de organizaciones de la sociedad civil de Nicaragua; a la presidenta de la Comisión Interamericana de Derechos Humanos (CIDH), Antonia Urrejola, y al Relator Especial de Naciones Unidas sobre el Derecho a la Libertad de Asociación y a la Reunión Pacífica, Clément Voule.</span></p>
<p style="text-align: justify;"><span style="font-weight: 400;">Todos los productos de esta campaña se estarán publicando a través de nuestras cuentas en </span><a href="https://raceandequality.org/433"><b>Twitter</b></a><span style="font-weight: 400;">, </span><a href="https://raceandequality.org/es/11-2/"><b>Facebook</b></a><span style="font-weight: 400;"> e </span><a href="https://raceandequality.org/481"><b>Instagram</b></a><span style="font-weight: 400;">, y en nuestro </span><a href="https://raceandequality.org/373"><b>sitio web</b></a><span style="font-weight: 400;">. Invitamos a la comunidad internacional, prensa nacional e internacional y a la sociedad civil a unirse a nuestra campaña compartiéndola y usando los hashtags </span><b>#SOSNicaragua </b><span style="font-weight: 400;">y </span><b>#Nicaragua3AñosdeImpunidad</b><span style="font-weight: 400;">, para que nuestro llamado al cese de la represión y la demanda de verdad, justicia, reparación y no repetición se escuche en Nicaragua y todo el mundo. </span></p>

<p>Washington D.C., 16 de abril de 2021.- Al cumplirse tres años del inicio de la crisis socio-política en Nicaragua, que ha dejado más de 300 personas asesinadas,  centenares de personas [&hellip;]</p>
