{"id":13832,"date":"2021-10-07T20:28:38","date_gmt":"2021-10-07T20:28:38","guid":{"rendered":"http:\/\/race01.wp\/resources\/cuba-el-estado-debe-respetar-el-derecho-a-la-reunion-y-manifestacion-pacifica-y-cesar-la-represion-contra-quienes-convocan-a-la-marcha-civica-por-el-cambio\/"},"modified":"2023-05-15T04:43:41","modified_gmt":"2023-05-15T04:43:41","slug":"cuba-el-estado-debe-respetar-el-derecho-a-la-reunion-y-manifestacion-pacifica-y-cesar-la-represion-contra-quienes-convocan-a-la-marcha-civica-por-el-cambio","status":"publish","type":"resources","link":"https:\/\/raceandequality.org\/es\/resources\/cuba-el-estado-debe-respetar-el-derecho-a-la-reunion-y-manifestacion-pacifica-y-cesar-la-represion-contra-quienes-convocan-a-la-marcha-civica-por-el-cambio\/","title":{"rendered":"Cuba: El Estado debe respetar el derecho a la reuni\u00f3n y manifestaci\u00f3n pac\u00edfica, y cesar la represi\u00f3n contra quienes convocan a la Marcha C\u00edvica por el Cambio"},"content":{"rendered":"<p style=\"text-align: justify;\"><strong>Washington D.C., 7 de octubre de 2021.<\/strong>&#8211; El Instituto sobre Raza, Igualdad y Derechos Humanos (Raza e Igualdad) expresa su condena ante la serie de detenciones, agresiones e interrogatorios que el Gobierno de Cuba est\u00e1 ejecutando en contra de personas que\u2014en el leg\u00edtimo ejercicio de su derecho a la protesta pac\u00edfica\u2014se encuentran convocando a una marcha programada para el pr\u00f3ximo 20 de noviembre, la cual han denominado <strong>Marcha C\u00edvica por el Cambio<\/strong>. Respaldamos a la sociedad civil independiente en la Isla en el ejercicio de sus derechos civiles y pol\u00edticos, y llamamos al Estado a respetar el derecho a la reuni\u00f3n y manifestaci\u00f3n pac\u00edfica.<\/p>\n<p style=\"text-align: justify;\">Desde el pasado 20 de septiembre, d\u00eda en que se dio a conocer la convocatoria a la manifestaci\u00f3n, han sido <strong>detenidos al menos siete activistas independientes<\/strong>, entre ellos tres integrantes del Comit\u00e9 Ciudadanos por la Integraci\u00f3n Racial (CIR) que cuentan con <a href=\"https:\/\/raceandequality.org\/1072\"><strong>medidas cautelares<\/strong><\/a> de parte de la Comisi\u00f3n Interamericana de Derechos Humanos (CIDH).<\/p>\n<p style=\"text-align: justify;\">A medida que se han hecho p\u00fablicas las cartas con las que la sociedad civil notifica a las autoridades locales sobre la realizaci\u00f3n de la manifestaci\u00f3n, las y los firmantes de las mismas han sufrido <strong>detenciones, agresiones e interrogatorios<\/strong> de parte de la Polic\u00eda Nacional Revolucionaria (PNR) y de la Seguridad del Estado.<\/p>\n<p style=\"text-align: justify;\">El rapero e integrante del CIR, <strong>Osvaldo Navarro<\/strong>, fue detenido el viernes 24 de septiembre en las afueras de su casa en La Habana y estuvo privado de libertad alrededor de cuatro horas, mientras que el domingo 26 de septiembre, el coordinador nacional de dicha organizaci\u00f3n, <strong>Juan Antonio Madrazo<\/strong>, fue interceptado e introducido a una patrulla policial con la cual recorrieron varios puntos de la capital, incluyendo los alrededores de la prisi\u00f3n Valle Grande, y finalmente fue llevado a una estaci\u00f3n policial. En ambos casos, los oficiales de la Seguridad del Estado cuestionaron y amenazaron a los activistas por su participaci\u00f3n en la Marcha C\u00edvica por el Cambio.<\/p>\n<p style=\"text-align: justify;\">El lunes 27 de septiembre, fue detenida en la v\u00eda p\u00fablica la activista <strong>Nairobis Scheri Su\u00e1rez<\/strong>, pareja del coordinador del Consejo para la Transici\u00f3n Democr\u00e1tica en Cuba (CTDC), <strong>Manuel Cuesta Mor\u00faa<\/strong>, quien tambi\u00e9n fue detenido el mi\u00e9rcoles 29 de septiembre. Scheri Su\u00e1rez estuvo privada de libertad por tres horas, y Cuesta Mor\u00faa fue puesto en libertad despu\u00e9s de 11 horas de arresto, tiempo durante el cual tambi\u00e9n fue interrogado por su involucramiento en la organizaci\u00f3n y convocatoria a la manifestaci\u00f3n del 20 de noviembre. Desde entonces, su casa se encuentra bajo asedio policial.<\/p>\n<p style=\"text-align: justify;\">El domingo 3 de octubre, Osvaldo Navarro volvi\u00f3 a sufrir una detenci\u00f3n arbitraria, esta vez junto a su pareja y tambi\u00e9n integrante del CIR, <strong>Marthadela Tamayo<\/strong>, quien un d\u00eda despu\u00e9s denunci\u00f3 por redes sociales la advertencia que recibieron de parte de oficiales de la Seguridad del Estado: \u201cDe aqu\u00ed al 20 de noviembre al CIR y al CTDC les vamos a hacer la vida un asco\u00bb.<\/p>\n<p style=\"text-align: justify;\">El lunes 5 de octubre, medios independientes informaron sobre la detenci\u00f3n y agresi\u00f3n en contra de la activista <strong>Elsa Isaac Reyes<\/strong> cuando intentaba entregar a las autoridades una notificaci\u00f3n sobre la realizaci\u00f3n de la Marcha C\u00edvica por el Cambio en Palma Soriano, provincia de Santiago de Cuba. La activista se present\u00f3 por la ma\u00f1ana a la Intendencia y tras dar a conocer la raz\u00f3n de su visita, agentes de la Seguridad del Estado la interceptaron, le rompieron los documentos que llevaba, le arrebataron su celular y su cartera, y la llevaron a la estaci\u00f3n policial de la localidad, donde la mantuvieron alrededor de tres horas y la amenazaron con llevarla a juicio por \u201cdesobediencia\u201d.<\/p>\n<p style=\"text-align: justify;\">Ese mismo d\u00eda, el miembro del Consejo para la Transici\u00f3n Democr\u00e1tica en Cuba (CTDC), <strong>Dariem Columbi\u00e9<\/strong>, fue detenido por oficiales del Ministerio del Interior cuando se dirig\u00eda al Gobierno Provincial de Santiago de Cuba a presentar una solicitud para llevar a cabo la manifestaci\u00f3n del 20 de noviembre. Columbi\u00e9 estuvo privado de libertad por m\u00e1s de tres horas, y tambi\u00e9n fue interrogado durante ese tiempo.<\/p>\n<p style=\"text-align: justify;\"><strong>Sobre la marcha<\/strong><\/p>\n<p style=\"text-align: justify;\">La iniciativa de la Marcha C\u00edvica por el Cambio fue propuesta inicialmente por el dramaturgo Yunior Garc\u00eda Aguilera, y se oficializ\u00f3 el pasado 20 de septiembre cuando varios activistas entregaron a las autoridades de La Habana una carta informando sobre la realizaci\u00f3n de la misma. En esa ocasi\u00f3n, la activista y curadora Anamely Ramos, dijo que \u201cluego de amplios y profundos debates con varios miembros de la sociedad civil\u00a0se decidi\u00f3 realizar la marcha el primer s\u00e1bado luego de que el pa\u00eds se abra al turismo internacional\u00bb.<\/p>\n<p style=\"text-align: justify;\">Desde entonces, activistas han replicado la acci\u00f3n en al menos siete ciudades del pa\u00eds, entre ellas Pinar del R\u00edo, Guant\u00e1namo, Holgu\u00edn, Santa Clara y Camag\u00fcey. Seg\u00fan sus organizadores, la manifestaci\u00f3n exigir\u00e1 que\u00a0se \u00abrespeten los\u00a0<a href=\"https:\/\/raceandequality.org\/1260\">derechos<\/a>\u00a0de todos los cubanos, la liberaci\u00f3n de los presos pol\u00edticos\u00bb y abogar\u00e1 por la \u00absoluci\u00f3n de las diferencias a trav\u00e9s de v\u00edas democr\u00e1ticas y pac\u00edficas\u00bb. Las y los activistas involucrados en esta iniciativa apelan al art\u00edculo 56 de la Constituci\u00f3n cubana, el cual contempla los derechos de reuni\u00f3n, manifestaci\u00f3n y asociaci\u00f3n con fines l\u00edcitos y pac\u00edficos.<\/p>\n<p style=\"text-align: justify;\">Raza e Igualdad reafirma su respaldo a la sociedad civil independiente en Cuba en esta acci\u00f3n ciudadana, a la vez que exhorta al Estado a cesar la persecuci\u00f3n en contra de las personas que participan en la misma y a permitir el desarrollo de la Marcha C\u00edvica por el Cambio sin ning\u00fan tipo de acoso o violencia de parte de entidades estatales o grupos afines al Gobierno, en correspondencia con sus obligaciones internacionales en materia de derechos humanos.<\/p>\n<p style=\"text-align: justify;\">Cabe se\u00f1alar, adem\u00e1s, que al otorgar las medidas cautelares a los tres integrantes del CIR, la <strong>CIDH<\/strong> solicit\u00f3 al Estado cubano adoptar \u201clas medidas necesarias para que Juan Antonio Madrazo, Marthadela Tamayo y Oswaldo Navarro puedan desarrollar sus actividades como defensores de derechos humanos, sin ser objeto de actos de violencia, intimidaci\u00f3n, y hostigamientos en el ejercicio de sus labores\u201d. Por otra parte, la Comisi\u00f3n manifest\u00f3 en su momento su <a href=\"https:\/\/raceandequality.org\/1261\"><strong>preocupaci\u00f3n<\/strong><\/a> por las denuncias de detenciones arbitrarias, incomunicaci\u00f3n, falta de defensa y otras violaciones al debido proceso, en el marco de las protestas del 11 de julio.<\/p>\n<p style=\"text-align: justify;\">Recordamos que la represi\u00f3n contra las <a href=\"https:\/\/raceandequality.org\/1247\"><strong>hist\u00f3ricas protestas del 11 de julio<\/strong><\/a> dej\u00f3 al menos una persona muerta, cientos de detenidos y acentu\u00f3 la persecuci\u00f3n y asedio contra voces cr\u00edticas, por lo que solicitamos a la comunidad internacional seguir de cerca la situaci\u00f3n en la Isla y llamar a las autoridades a respetar el derecho a la manifestaci\u00f3n, reuni\u00f3n, y pac\u00edfica, derechos que est\u00e1n respaldados por la Declaraci\u00f3n Universal de Derechos Humanos, espec\u00edficamente por el art\u00edculo 20 de la misma.<\/p>\n<p>&nbsp;<\/p>\n<p><em>Foto: Una patrulla policial asedia la casa del activista y defensor de derechos humanos, Manuel Cuesta Mor\u00faa. Twitter \/ Marthadela Tamayo.<\/em><\/p>\n","protected":false},"excerpt":{"rendered":"<p>Washington D.C., 7 de octubre de 2021.&#8211; El Instituto sobre Raza, Igualdad y Derechos Humanos (Raza e Igualdad) expresa su condena ante la serie de detenciones, agresiones e interrogatorios que [&hellip;]<\/p>\n","protected":false},"author":15,"featured_media":13833,"parent":0,"menu_order":0,"template":"","format":"standard","categories":[1162,1123,1154],"resources_country":[1193],"resources_language":[],"resources_audience":[],"resources_format":[],"resources_topic":[1100],"resources_year":[],"class_list":["post-13832","resources","type-resources","status-publish","format-standard","has-post-thumbnail","hentry","category-cidh","category-cuba","category-espanol","resources_country-cuba-es","resources_topic-cidh"],"acf":[],"aioseo_notices":[],"_links":{"self":[{"href":"https:\/\/raceandequality.org\/es\/wp-json\/wp\/v2\/resources\/13832","targetHints":{"allow":["GET"]}}],"collection":[{"href":"https:\/\/raceandequality.org\/es\/wp-json\/wp\/v2\/resources"}],"about":[{"href":"https:\/\/raceandequality.org\/es\/wp-json\/wp\/v2\/types\/resources"}],"author":[{"embeddable":true,"href":"https:\/\/raceandequality.org\/es\/wp-json\/wp\/v2\/users\/15"}],"wp:featuredmedia":[{"embeddable":true,"href":"https:\/\/raceandequality.org\/es\/wp-json\/wp\/v2\/media\/13833"}],"wp:attachment":[{"href":"https:\/\/raceandequality.org\/es\/wp-json\/wp\/v2\/media?parent=13832"}],"wp:term":[{"taxonomy":"category","embeddable":true,"href":"https:\/\/raceandequality.org\/es\/wp-json\/wp\/v2\/categories?post=13832"},{"taxonomy":"resources_country","embeddable":true,"href":"https:\/\/raceandequality.org\/es\/wp-json\/wp\/v2\/resources_country?post=13832"},{"taxonomy":"resources_language","embeddable":true,"href":"https:\/\/raceandequality.org\/es\/wp-json\/wp\/v2\/resources_language?post=13832"},{"taxonomy":"resources_audience","embeddable":true,"href":"https:\/\/raceandequality.org\/es\/wp-json\/wp\/v2\/resources_audience?post=13832"},{"taxonomy":"resources_format","embeddable":true,"href":"https:\/\/raceandequality.org\/es\/wp-json\/wp\/v2\/resources_format?post=13832"},{"taxonomy":"resources_topic","embeddable":true,"href":"https:\/\/raceandequality.org\/es\/wp-json\/wp\/v2\/resources_topic?post=13832"},{"taxonomy":"resources_year","embeddable":true,"href":"https:\/\/raceandequality.org\/es\/wp-json\/wp\/v2\/resources_year?post=13832"}],"curies":[{"name":"wp","href":"https:\/\/api.w.org\/{rel}","templated":true}]}}

Cuba: El Estado debe respetar el derecho a la reunión y manifestación pacífica, y cesar la represión contra quienes convocan a la Marcha Cívica por el Cambio

<p style="text-align: justify;"><strong>Washington D.C., 7 de octubre de 2021.</strong>&#8211; El Instituto sobre Raza, Igualdad y Derechos Humanos (Raza e Igualdad) expresa su condena ante la serie de detenciones, agresiones e interrogatorios que el Gobierno de Cuba está ejecutando en contra de personas que—en el legítimo ejercicio de su derecho a la protesta pacífica—se encuentran convocando a una marcha programada para el próximo 20 de noviembre, la cual han denominado <strong>Marcha Cívica por el Cambio</strong>. Respaldamos a la sociedad civil independiente en la Isla en el ejercicio de sus derechos civiles y políticos, y llamamos al Estado a respetar el derecho a la reunión y manifestación pacífica.</p>
<p style="text-align: justify;">Desde el pasado 20 de septiembre, día en que se dio a conocer la convocatoria a la manifestación, han sido <strong>detenidos al menos siete activistas independientes</strong>, entre ellos tres integrantes del Comité Ciudadanos por la Integración Racial (CIR) que cuentan con <a href="https://raceandequality.org/1072"><strong>medidas cautelares</strong></a> de parte de la Comisión Interamericana de Derechos Humanos (CIDH).</p>
<p style="text-align: justify;">A medida que se han hecho públicas las cartas con las que la sociedad civil notifica a las autoridades locales sobre la realización de la manifestación, las y los firmantes de las mismas han sufrido <strong>detenciones, agresiones e interrogatorios</strong> de parte de la Policía Nacional Revolucionaria (PNR) y de la Seguridad del Estado.</p>
<p style="text-align: justify;">El rapero e integrante del CIR, <strong>Osvaldo Navarro</strong>, fue detenido el viernes 24 de septiembre en las afueras de su casa en La Habana y estuvo privado de libertad alrededor de cuatro horas, mientras que el domingo 26 de septiembre, el coordinador nacional de dicha organización, <strong>Juan Antonio Madrazo</strong>, fue interceptado e introducido a una patrulla policial con la cual recorrieron varios puntos de la capital, incluyendo los alrededores de la prisión Valle Grande, y finalmente fue llevado a una estación policial. En ambos casos, los oficiales de la Seguridad del Estado cuestionaron y amenazaron a los activistas por su participación en la Marcha Cívica por el Cambio.</p>
<p style="text-align: justify;">El lunes 27 de septiembre, fue detenida en la vía pública la activista <strong>Nairobis Scheri Suárez</strong>, pareja del coordinador del Consejo para la Transición Democrática en Cuba (CTDC), <strong>Manuel Cuesta Morúa</strong>, quien también fue detenido el miércoles 29 de septiembre. Scheri Suárez estuvo privada de libertad por tres horas, y Cuesta Morúa fue puesto en libertad después de 11 horas de arresto, tiempo durante el cual también fue interrogado por su involucramiento en la organización y convocatoria a la manifestación del 20 de noviembre. Desde entonces, su casa se encuentra bajo asedio policial.</p>
<p style="text-align: justify;">El domingo 3 de octubre, Osvaldo Navarro volvió a sufrir una detención arbitraria, esta vez junto a su pareja y también integrante del CIR, <strong>Marthadela Tamayo</strong>, quien un día después denunció por redes sociales la advertencia que recibieron de parte de oficiales de la Seguridad del Estado: “De aquí al 20 de noviembre al CIR y al CTDC les vamos a hacer la vida un asco».</p>
<p style="text-align: justify;">El lunes 5 de octubre, medios independientes informaron sobre la detención y agresión en contra de la activista <strong>Elsa Isaac Reyes</strong> cuando intentaba entregar a las autoridades una notificación sobre la realización de la Marcha Cívica por el Cambio en Palma Soriano, provincia de Santiago de Cuba. La activista se presentó por la mañana a la Intendencia y tras dar a conocer la razón de su visita, agentes de la Seguridad del Estado la interceptaron, le rompieron los documentos que llevaba, le arrebataron su celular y su cartera, y la llevaron a la estación policial de la localidad, donde la mantuvieron alrededor de tres horas y la amenazaron con llevarla a juicio por “desobediencia”.</p>
<p style="text-align: justify;">Ese mismo día, el miembro del Consejo para la Transición Democrática en Cuba (CTDC), <strong>Dariem Columbié</strong>, fue detenido por oficiales del Ministerio del Interior cuando se dirigía al Gobierno Provincial de Santiago de Cuba a presentar una solicitud para llevar a cabo la manifestación del 20 de noviembre. Columbié estuvo privado de libertad por más de tres horas, y también fue interrogado durante ese tiempo.</p>
<p style="text-align: justify;"><strong>Sobre la marcha</strong></p>
<p style="text-align: justify;">La iniciativa de la Marcha Cívica por el Cambio fue propuesta inicialmente por el dramaturgo Yunior García Aguilera, y se oficializó el pasado 20 de septiembre cuando varios activistas entregaron a las autoridades de La Habana una carta informando sobre la realización de la misma. En esa ocasión, la activista y curadora Anamely Ramos, dijo que “luego de amplios y profundos debates con varios miembros de la sociedad civil se decidió realizar la marcha el primer sábado luego de que el país se abra al turismo internacional».</p>
<p style="text-align: justify;">Desde entonces, activistas han replicado la acción en al menos siete ciudades del país, entre ellas Pinar del Río, Guantánamo, Holguín, Santa Clara y Camagüey. Según sus organizadores, la manifestación exigirá que se «respeten los <a href="https://raceandequality.org/1260">derechos</a> de todos los cubanos, la liberación de los presos políticos» y abogará por la «solución de las diferencias a través de vías democráticas y pacíficas». Las y los activistas involucrados en esta iniciativa apelan al artículo 56 de la Constitución cubana, el cual contempla los derechos de reunión, manifestación y asociación con fines lícitos y pacíficos.</p>
<p style="text-align: justify;">Raza e Igualdad reafirma su respaldo a la sociedad civil independiente en Cuba en esta acción ciudadana, a la vez que exhorta al Estado a cesar la persecución en contra de las personas que participan en la misma y a permitir el desarrollo de la Marcha Cívica por el Cambio sin ningún tipo de acoso o violencia de parte de entidades estatales o grupos afines al Gobierno, en correspondencia con sus obligaciones internacionales en materia de derechos humanos.</p>
<p style="text-align: justify;">Cabe señalar, además, que al otorgar las medidas cautelares a los tres integrantes del CIR, la <strong>CIDH</strong> solicitó al Estado cubano adoptar “las medidas necesarias para que Juan Antonio Madrazo, Marthadela Tamayo y Oswaldo Navarro puedan desarrollar sus actividades como defensores de derechos humanos, sin ser objeto de actos de violencia, intimidación, y hostigamientos en el ejercicio de sus labores”. Por otra parte, la Comisión manifestó en su momento su <a href="https://raceandequality.org/1261"><strong>preocupación</strong></a> por las denuncias de detenciones arbitrarias, incomunicación, falta de defensa y otras violaciones al debido proceso, en el marco de las protestas del 11 de julio.</p>
<p style="text-align: justify;">Recordamos que la represión contra las <a href="https://raceandequality.org/1247"><strong>históricas protestas del 11 de julio</strong></a> dejó al menos una persona muerta, cientos de detenidos y acentuó la persecución y asedio contra voces críticas, por lo que solicitamos a la comunidad internacional seguir de cerca la situación en la Isla y llamar a las autoridades a respetar el derecho a la manifestación, reunión, y pacífica, derechos que están respaldados por la Declaración Universal de Derechos Humanos, específicamente por el artículo 20 de la misma.</p>
<p>&nbsp;</p>
<p><em>Foto: Una patrulla policial asedia la casa del activista y defensor de derechos humanos, Manuel Cuesta Morúa. Twitter / Marthadela Tamayo.</em></p>
