{"id":13858,"date":"2021-10-22T15:36:22","date_gmt":"2021-10-22T15:36:22","guid":{"rendered":"http:\/\/race01.wp\/resources\/familiares-activistas-y-organizaciones-de-derechos-humanos-solicitan-a-la-cidh-visita-in-loco-para-constatar-la-situacion-de-las-personas-privadas-de-la-libertad-en-cuba\/"},"modified":"2023-05-10T11:23:30","modified_gmt":"2023-05-10T11:23:30","slug":"familiares-activistas-y-organizaciones-de-derechos-humanos-solicitan-a-la-cidh-visita-in-loco-para-constatar-la-situacion-de-las-personas-privadas-de-la-libertad-en-cuba","status":"publish","type":"resources","link":"https:\/\/raceandequality.org\/es\/resources\/familiares-activistas-y-organizaciones-de-derechos-humanos-solicitan-a-la-cidh-visita-in-loco-para-constatar-la-situacion-de-las-personas-privadas-de-la-libertad-en-cuba\/","title":{"rendered":"Familiares, activistas y organizaciones de derechos humanos solicitan a la CIDH visita in loco para constatar la situaci\u00f3n de las personas privadas de la libertad en Cuba"},"content":{"rendered":"<ul>\n<li><strong>El trabajo que hacen las organizaciones es una esperanza para Cuba, pero tambi\u00e9n para la regi\u00f3n: CIDH<\/strong><\/li>\n<\/ul>\n<p style=\"text-align: justify;\"><strong>Jueves 21 de octubre de 2021.-<\/strong> Hoy se llev\u00f3 a cabo la <a href=\"https:\/\/raceandequality.org\/589\"><strong>Audiencia Tem\u00e1tica<\/strong><\/a> \u201cSituaci\u00f3n de derechos humanos en el contexto de la protesta en Cuba\u201d durante la cual familiares, activistas y organizaciones de derechos humanos pidieron a la Comisi\u00f3n Interamericana de Derechos Humanos (CIDH) que solicite al Gobierno cubano una visita <em>in loco<\/em> para poder constatar el estado real de las personas privadas de libertad.<\/p>\n<p style=\"text-align: justify;\">La sesi\u00f3n, que no cont\u00f3 con la presencia del Estado cubano, tuvo lugar en el marco del <strong>181\u00ba Per\u00edodo de Sesiones<\/strong> y en la misma una veintena de organizaciones, entre ellas Raza e Igualdad, expres\u00f3 su deseo de que la CIDH inicie un proceso de di\u00e1logo entre la Comisi\u00f3n, el Gobierno cubano y las propias organizaciones.<\/p>\n<p style=\"text-align: justify;\">En su intervenci\u00f3n ante las Comisionadas y Comisionados, Sayli Navarro, promotora de \u201cCuba Decide\u201d e integrante de las Damas de Blanco, narr\u00f3 la detenci\u00f3n que sufrieron el 11 de julio ella y su padre, <strong>F\u00e9lix Navarro<\/strong>, de 68 a\u00f1os, presidente del Partido por la Democracia \u201cPedro Luis Boitel\u201d, quien se contagi\u00f3 de COVID en prisi\u00f3n y a\u00fan no han podido verlo. Tambi\u00e9n mencion\u00f3 los casos de <strong>Jos\u00e9 Daniel Ferrer<\/strong>, coordinador nacional de la Uni\u00f3n Patri\u00f3tica de Cuba (UNPACU); Fernando Gonz\u00e1lez, Roil\u00e1n Z\u00e1rraga y Jos\u00e9 Pupo, miembros de la UNPACU y promotores de Cuba Decide; Keilylli de la Mora y Rosa Jany Milo Espinosa.<\/p>\n<p style=\"text-align: justify;\">Laritza Diversent, directora de Cubalex, denunci\u00f3 que desde el mismo 11 de julio, en colaboraci\u00f3n con el Grupo de trabajo Justicia 11J, <strong>han registrado las detenciones de 1,130 personas de las cuales 572 permanecen privadas de la libertad<\/strong>, varias de ellas han denunciado actos de tortura y malos tratos. Destac\u00f3 los casos de personas en mayor situaci\u00f3n de vulnerabilidad, como las y los j\u00f3venes, afrodescendientes, mujeres, integrantes de la comunidad LGBTIQ+ quienes, si bien no son la mayor\u00eda de las personas detenidas, la represi\u00f3n contra ellas y ellos ha sido desproporcionada para provocar efecto ejemplarizante en sus comunidades, particularmente contra quienes pertenecen a grupos de la sociedad civil percibidos como cr\u00edticos al gobierno.<\/p>\n<p style=\"text-align: justify;\">Destac\u00f3 las agresiones que recibieron las y los periodistas durante las coberturas de las protestas, para obstaculizar el flujo de informaci\u00f3n. \u00a0Se registraron <strong>agresiones contra 18 periodistas, 5 mujeres y 13 hombres, de 8 medios de comunicaci\u00f3n independientes<\/strong>. Si bien fueron liberados, la mayor\u00eda est\u00e1n sujetos a un arresto ilegal domiciliario de manera reiterada. Tambi\u00e9n alert\u00f3 sobre el sistema normativo implementado por el gobierno para limitar la libertad de expresi\u00f3n en el espacio digital. Despu\u00e9s de las protestas del 11 de julio se puso en vigor el Decreto Ley No. 35, que legaliza los cortes masivos de acceso a internet e impone a los operadores o proveedores del servicio p\u00fablico de telecomunicaciones la obligaci\u00f3n de monitorear los contenidos en Internet. Bajo esta normativa, la transmisi\u00f3n en vivo de manifestaciones o las convocatorias en l\u00ednea de protestas pueden ser calificadas como difusi\u00f3n da\u00f1ina, ciberterrorismo, ciberguerra y subversi\u00f3n social, abund\u00f3 Diversent.<\/p>\n<p style=\"text-align: justify;\">En representaci\u00f3n del Comit\u00e9 Ciudadanos por la Integraci\u00f3n Racial (CIR), Osvaldo Navarro Veloz dio a conocer que han hecho un seguimiento a <strong>las y los artistas detenidos despu\u00e9s del 11 de julio<\/strong> y a las arbitrariedades cometidas hacia artistas miembros de esa organizaci\u00f3n \u201cen un intento de desvirtuar las demandas acumuladas de los sectores m\u00e1s marginalizados de la sociedad cubana, el apoyo de todo el sistema interamericano resulta vital\u201d, se\u00f1al\u00f3.<\/p>\n<p style=\"text-align: justify;\">Michel Matos, miembro del <strong>Movimiento San Isidro<\/strong>, organizaci\u00f3n fundada en 2018 con la misi\u00f3n de velar y salvaguardar los derechos culturales y los derechos humanos de la ciudadan\u00eda en Cuba, hizo un recuento de lo que organizaciones de la sociedad civil han documentado desde el 11 de julio pasado. Por lo menos 39 detenciones arbitrarias en contra de artistas relacionados con las protestas, el uso abusivo de prisiones preventivas ya sea en c\u00e1rceles o domiciliarias, decomiso de obras, prohibici\u00f3n de salir del pa\u00eds, cortes sistem\u00e1ticos de las comunicaciones, denegaci\u00f3n al acceso de servicios esenciales como salud, o la vivienda.<\/p>\n<p style=\"text-align: justify;\">Finalmente, Marthadela Tamayo Gonz\u00e1lez, integrante del Comit\u00e9 Ciudadanos por la Integraci\u00f3n Racial (CIR) y representante del Consejo para la Transici\u00f3n Democr\u00e1tica de Cuba (CTDC), denunci\u00f3 que la <strong>violencia sobre los cuerpos de las mujeres<\/strong> es solo un eslab\u00f3n de la pedagog\u00eda de la crueldad. Se refiri\u00f3 a casos en particular como el de las hermanas Mar\u00eda Cristina y Ang\u00e9lica Garrido Rodr\u00edguez, ambas activistas de derechos humanos, que fueron detenidas violentamente por seis polic\u00edas el 12 de julio en sus domicilios. Ambas son madres y est\u00e1n a la espera de juicio acusadas de supuesto desacato, atentado y resistencia, y de liderar la protesta en su lugar de residencia.<\/p>\n<p style=\"text-align: justify;\">Por parte de la CIDH, el Comisionado Edgar Stuardo Ral\u00f3n Orellana, relator del pa\u00eds, reconoci\u00f3 el esfuerzo y la valent\u00eda de labor que realizan las organizaciones en condiciones tan adversas y enfatiz\u00f3 que no se puede argumentar que un embargo econ\u00f3mico sea el causante de situaciones violatorias de las principales libertades y garant\u00edas individuales y derechos humanos, ya que tienen otra causa, dijo: \u201c<strong>No existe libertad ni un r\u00e9gimen democr\u00e1tico<\/strong>, y en tanto no se atienda esa causa, es muy dif\u00edcil poder avanzar en el cumplimiento de los derechos humanos\u201d.<\/p>\n<p style=\"text-align: justify;\">\u00abNos preocupan las violaciones al debido proceso y penas desproporcionadas cuyo \u00fanico objetivo es desalentar el libre derecho a la protesta y a las libertades. La CIDH reitera su compromiso por seguir visibilizando la situaci\u00f3n en Cuba\u00bb, sentenci\u00f3.<\/p>\n<p style=\"text-align: justify;\">Julissa Mantilla Falc\u00f3n, primera vicepresidenta de la CIDH reiter\u00f3 el <strong>compromiso de la Comisi\u00f3n<\/strong> de seguir monitoreando y apoyando el trabajo que est\u00e1n haciendo las organizaciones, dado que es una esperanza no solo para Cuba sino tambi\u00e9n para la regi\u00f3n.<\/p>\n<p style=\"text-align: justify;\">Las y los Comisionados coincidieron en su preocupaci\u00f3n por las amenazas que el gobierno cubano ha emitido en frontal oposici\u00f3n a las <strong>protestas anunciadas para el pr\u00f3ximo 15 de noviembre<\/strong> y adelantaron que mantendr\u00e1n observaci\u00f3n especial durante esa jornada.<\/p>\n<p><strong>FIRMAN:<\/strong><\/p>\n<p>Instituto Internacional sobre Raza, Igualdad y Derechos Humanos (Raza e Igualdad)<\/p>\n<p>Centro para la Apertura y el Desarrollo de Am\u00e9rica Latina (CADAL)<\/p>\n<p>Civil Rights Defenders (CRD)<\/p>\n<p>Cubalex<\/p>\n<p>Consejo para la Transici\u00f3n Democr\u00e1tica en Cuba (CTDC)<\/p>\n<p>Movimiento San Isidro (MSI)<\/p>\n<p>Comit\u00e9 Ciudadanos por la Integraci\u00f3n Racial (CIR)<\/p>\n<p>La Hora de Cuba<\/p>\n<p>IFEX\u2010ALC<\/p>\n<p>ARTICLE 19 M\u00e9xico y Centroam\u00e9rica<\/p>\n<p>Fundaci\u00f3n para la Democracia Panamericana (FDP)<\/p>\n<p>Red Latinoamericana de J\u00f3venes por la Democracia (Juventud LAC)<\/p>\n<p>Centro de Acci\u00f3n y Defensa por los Derechos Humanos (CADEF)<\/p>\n<p>Impulsa Latinoam\u00e9rica (IL)<\/p>\n<p>Civil Rights Defenders (CRD)<\/p>\n<p>Uni\u00f3n Patri\u00f3tica de Cuba (UNPACU)<\/p>\n<p>Instituto Patmos (IP)<\/p>\n","protected":false},"excerpt":{"rendered":"<p>El trabajo que hacen las organizaciones es una esperanza para Cuba, pero tambi\u00e9n para la regi\u00f3n: CIDH Jueves 21 de octubre de 2021.- Hoy se llev\u00f3 a cabo la Audiencia [&hellip;]<\/p>\n","protected":false},"author":15,"featured_media":10799,"parent":0,"menu_order":0,"template":"","format":"standard","categories":[1162,1123,1154],"resources_country":[1193],"resources_language":[],"resources_audience":[],"resources_format":[],"resources_topic":[1100],"resources_year":[],"class_list":["post-13858","resources","type-resources","status-publish","format-standard","has-post-thumbnail","hentry","category-cidh","category-cuba","category-espanol","resources_country-cuba-es","resources_topic-cidh"],"acf":[],"aioseo_notices":[],"_links":{"self":[{"href":"https:\/\/raceandequality.org\/es\/wp-json\/wp\/v2\/resources\/13858","targetHints":{"allow":["GET"]}}],"collection":[{"href":"https:\/\/raceandequality.org\/es\/wp-json\/wp\/v2\/resources"}],"about":[{"href":"https:\/\/raceandequality.org\/es\/wp-json\/wp\/v2\/types\/resources"}],"author":[{"embeddable":true,"href":"https:\/\/raceandequality.org\/es\/wp-json\/wp\/v2\/users\/15"}],"wp:featuredmedia":[{"embeddable":true,"href":"https:\/\/raceandequality.org\/es\/wp-json\/wp\/v2\/media\/10799"}],"wp:attachment":[{"href":"https:\/\/raceandequality.org\/es\/wp-json\/wp\/v2\/media?parent=13858"}],"wp:term":[{"taxonomy":"category","embeddable":true,"href":"https:\/\/raceandequality.org\/es\/wp-json\/wp\/v2\/categories?post=13858"},{"taxonomy":"resources_country","embeddable":true,"href":"https:\/\/raceandequality.org\/es\/wp-json\/wp\/v2\/resources_country?post=13858"},{"taxonomy":"resources_language","embeddable":true,"href":"https:\/\/raceandequality.org\/es\/wp-json\/wp\/v2\/resources_language?post=13858"},{"taxonomy":"resources_audience","embeddable":true,"href":"https:\/\/raceandequality.org\/es\/wp-json\/wp\/v2\/resources_audience?post=13858"},{"taxonomy":"resources_format","embeddable":true,"href":"https:\/\/raceandequality.org\/es\/wp-json\/wp\/v2\/resources_format?post=13858"},{"taxonomy":"resources_topic","embeddable":true,"href":"https:\/\/raceandequality.org\/es\/wp-json\/wp\/v2\/resources_topic?post=13858"},{"taxonomy":"resources_year","embeddable":true,"href":"https:\/\/raceandequality.org\/es\/wp-json\/wp\/v2\/resources_year?post=13858"}],"curies":[{"name":"wp","href":"https:\/\/api.w.org\/{rel}","templated":true}]}}

Familiares, activistas y organizaciones de derechos humanos solicitan a la CIDH visita in loco para constatar la situación de las personas privadas de la libertad en Cuba

<ul>
<li><strong>El trabajo que hacen las organizaciones es una esperanza para Cuba, pero también para la región: CIDH</strong></li>
</ul>
<p style="text-align: justify;"><strong>Jueves 21 de octubre de 2021.-</strong> Hoy se llevó a cabo la <a href="https://raceandequality.org/589"><strong>Audiencia Temática</strong></a> “Situación de derechos humanos en el contexto de la protesta en Cuba” durante la cual familiares, activistas y organizaciones de derechos humanos pidieron a la Comisión Interamericana de Derechos Humanos (CIDH) que solicite al Gobierno cubano una visita <em>in loco</em> para poder constatar el estado real de las personas privadas de libertad.</p>
<p style="text-align: justify;">La sesión, que no contó con la presencia del Estado cubano, tuvo lugar en el marco del <strong>181º Período de Sesiones</strong> y en la misma una veintena de organizaciones, entre ellas Raza e Igualdad, expresó su deseo de que la CIDH inicie un proceso de diálogo entre la Comisión, el Gobierno cubano y las propias organizaciones.</p>
<p style="text-align: justify;">En su intervención ante las Comisionadas y Comisionados, Sayli Navarro, promotora de “Cuba Decide” e integrante de las Damas de Blanco, narró la detención que sufrieron el 11 de julio ella y su padre, <strong>Félix Navarro</strong>, de 68 años, presidente del Partido por la Democracia “Pedro Luis Boitel”, quien se contagió de COVID en prisión y aún no han podido verlo. También mencionó los casos de <strong>José Daniel Ferrer</strong>, coordinador nacional de la Unión Patriótica de Cuba (UNPACU); Fernando González, Roilán Zárraga y José Pupo, miembros de la UNPACU y promotores de Cuba Decide; Keilylli de la Mora y Rosa Jany Milo Espinosa.</p>
<p style="text-align: justify;">Laritza Diversent, directora de Cubalex, denunció que desde el mismo 11 de julio, en colaboración con el Grupo de trabajo Justicia 11J, <strong>han registrado las detenciones de 1,130 personas de las cuales 572 permanecen privadas de la libertad</strong>, varias de ellas han denunciado actos de tortura y malos tratos. Destacó los casos de personas en mayor situación de vulnerabilidad, como las y los jóvenes, afrodescendientes, mujeres, integrantes de la comunidad LGBTIQ+ quienes, si bien no son la mayoría de las personas detenidas, la represión contra ellas y ellos ha sido desproporcionada para provocar efecto ejemplarizante en sus comunidades, particularmente contra quienes pertenecen a grupos de la sociedad civil percibidos como críticos al gobierno.</p>
<p style="text-align: justify;">Destacó las agresiones que recibieron las y los periodistas durante las coberturas de las protestas, para obstaculizar el flujo de información.  Se registraron <strong>agresiones contra 18 periodistas, 5 mujeres y 13 hombres, de 8 medios de comunicación independientes</strong>. Si bien fueron liberados, la mayoría están sujetos a un arresto ilegal domiciliario de manera reiterada. También alertó sobre el sistema normativo implementado por el gobierno para limitar la libertad de expresión en el espacio digital. Después de las protestas del 11 de julio se puso en vigor el Decreto Ley No. 35, que legaliza los cortes masivos de acceso a internet e impone a los operadores o proveedores del servicio público de telecomunicaciones la obligación de monitorear los contenidos en Internet. Bajo esta normativa, la transmisión en vivo de manifestaciones o las convocatorias en línea de protestas pueden ser calificadas como difusión dañina, ciberterrorismo, ciberguerra y subversión social, abundó Diversent.</p>
<p style="text-align: justify;">En representación del Comité Ciudadanos por la Integración Racial (CIR), Osvaldo Navarro Veloz dio a conocer que han hecho un seguimiento a <strong>las y los artistas detenidos después del 11 de julio</strong> y a las arbitrariedades cometidas hacia artistas miembros de esa organización “en un intento de desvirtuar las demandas acumuladas de los sectores más marginalizados de la sociedad cubana, el apoyo de todo el sistema interamericano resulta vital”, señaló.</p>
<p style="text-align: justify;">Michel Matos, miembro del <strong>Movimiento San Isidro</strong>, organización fundada en 2018 con la misión de velar y salvaguardar los derechos culturales y los derechos humanos de la ciudadanía en Cuba, hizo un recuento de lo que organizaciones de la sociedad civil han documentado desde el 11 de julio pasado. Por lo menos 39 detenciones arbitrarias en contra de artistas relacionados con las protestas, el uso abusivo de prisiones preventivas ya sea en cárceles o domiciliarias, decomiso de obras, prohibición de salir del país, cortes sistemáticos de las comunicaciones, denegación al acceso de servicios esenciales como salud, o la vivienda.</p>
<p style="text-align: justify;">Finalmente, Marthadela Tamayo González, integrante del Comité Ciudadanos por la Integración Racial (CIR) y representante del Consejo para la Transición Democrática de Cuba (CTDC), denunció que la <strong>violencia sobre los cuerpos de las mujeres</strong> es solo un eslabón de la pedagogía de la crueldad. Se refirió a casos en particular como el de las hermanas María Cristina y Angélica Garrido Rodríguez, ambas activistas de derechos humanos, que fueron detenidas violentamente por seis policías el 12 de julio en sus domicilios. Ambas son madres y están a la espera de juicio acusadas de supuesto desacato, atentado y resistencia, y de liderar la protesta en su lugar de residencia.</p>
<p style="text-align: justify;">Por parte de la CIDH, el Comisionado Edgar Stuardo Ralón Orellana, relator del país, reconoció el esfuerzo y la valentía de labor que realizan las organizaciones en condiciones tan adversas y enfatizó que no se puede argumentar que un embargo económico sea el causante de situaciones violatorias de las principales libertades y garantías individuales y derechos humanos, ya que tienen otra causa, dijo: “<strong>No existe libertad ni un régimen democrático</strong>, y en tanto no se atienda esa causa, es muy difícil poder avanzar en el cumplimiento de los derechos humanos”.</p>
<p style="text-align: justify;">«Nos preocupan las violaciones al debido proceso y penas desproporcionadas cuyo único objetivo es desalentar el libre derecho a la protesta y a las libertades. La CIDH reitera su compromiso por seguir visibilizando la situación en Cuba», sentenció.</p>
<p style="text-align: justify;">Julissa Mantilla Falcón, primera vicepresidenta de la CIDH reiteró el <strong>compromiso de la Comisión</strong> de seguir monitoreando y apoyando el trabajo que están haciendo las organizaciones, dado que es una esperanza no solo para Cuba sino también para la región.</p>
<p style="text-align: justify;">Las y los Comisionados coincidieron en su preocupación por las amenazas que el gobierno cubano ha emitido en frontal oposición a las <strong>protestas anunciadas para el próximo 15 de noviembre</strong> y adelantaron que mantendrán observación especial durante esa jornada.</p>
<p><strong>FIRMAN:</strong></p>
<p>Instituto Internacional sobre Raza, Igualdad y Derechos Humanos (Raza e Igualdad)</p>
<p>Centro para la Apertura y el Desarrollo de América Latina (CADAL)</p>
<p>Civil Rights Defenders (CRD)</p>
<p>Cubalex</p>
<p>Consejo para la Transición Democrática en Cuba (CTDC)</p>
<p>Movimiento San Isidro (MSI)</p>
<p>Comité Ciudadanos por la Integración Racial (CIR)</p>
<p>La Hora de Cuba</p>
<p>IFEX‐ALC</p>
<p>ARTICLE 19 México y Centroamérica</p>
<p>Fundación para la Democracia Panamericana (FDP)</p>
<p>Red Latinoamericana de Jóvenes por la Democracia (Juventud LAC)</p>
<p>Centro de Acción y Defensa por los Derechos Humanos (CADEF)</p>
<p>Impulsa Latinoamérica (IL)</p>
<p>Civil Rights Defenders (CRD)</p>
<p>Unión Patriótica de Cuba (UNPACU)</p>
<p>Instituto Patmos (IP)</p>

<p>El trabajo que hacen las organizaciones es una esperanza para Cuba, pero también para la región: CIDH Jueves 21 de octubre de 2021.- Hoy se llevó a cabo la Audiencia [&hellip;]</p>
