{"id":13863,"date":"2021-10-26T18:24:03","date_gmt":"2021-10-26T18:24:03","guid":{"rendered":"http:\/\/race01.wp\/resources\/estado-colombiano-no-presenta-respuesta-a-las-recomendaciones-de-la-cidh-desconoce-sus-hallazgos-y-los-de-otras-misiones-internacionales\/"},"modified":"2023-05-15T05:18:50","modified_gmt":"2023-05-15T05:18:50","slug":"estado-colombiano-no-presenta-respuesta-a-las-recomendaciones-de-la-cidh-desconoce-sus-hallazgos-y-los-de-otras-misiones-internacionales","status":"publish","type":"resources","link":"https:\/\/raceandequality.org\/es\/resources\/estado-colombiano-no-presenta-respuesta-a-las-recomendaciones-de-la-cidh-desconoce-sus-hallazgos-y-los-de-otras-misiones-internacionales\/","title":{"rendered":"Estado colombiano no presenta respuesta a las recomendaciones de la CIDH, desconoce sus hallazgos y los de otras misiones internacionales"},"content":{"rendered":"<p style=\"text-align: justify;\"><b>Washington &#8211; Bogot\u00e1 D.C., 26 de octubre de 2021.<\/b><span style=\"font-weight: 400;\">\u00a0<\/span><span style=\"font-weight: 400;\">En la audiencia convocada por la Comisi\u00f3n Interamericana de Derechos Humanos (CIDH) para dar seguimiento a la visita de trabajo a Colombia realizada en el marco de las jornadas de protesta que se desarrollaron durante el primer semestre del a\u00f1o, 25 organizaciones colombianas y regionales expresaron colectivamente que la visita de la CIDH al pa\u00eds fue un importante paso para evidenciar las graves violaciones a los derechos humanos que ocurrieron en el contexto del paro nacional. Sin embargo, han constatado que durante los meses de agosto, septiembre y octubre las din\u00e1micas de violencia policial en contra de manifestaciones pac\u00edficas se han mantenido. De igual manera, el Estado mantuvo la criminalizaci\u00f3n y judicializaci\u00f3n de liderazgos sociales y comunitarios, la estigmatizaci\u00f3n de la labor de defensa de derechos humanos y las agresiones desproporcionadas por parte del ESMAD.<\/span><\/p>\n<p style=\"text-align: justify;\"><span style=\"font-weight: 400;\">Como la CIDH, otras misiones internacionales independientes han verificado que la situaci\u00f3n en Colombia contin\u00faa siendo de extrema gravedad, la violaci\u00f3n a los derechos humanos es sistem\u00e1tica y se siguen presentando serias obstrucciones para el acceso de la ciudadan\u00eda a la justicia. Ante esto, consideramos necesaria la puesta en marcha del Mecanismo de Seguimiento propuesto por la CIDH para que el Estado colombiano cumpla con las obligaciones internacionales establecidas en los instrumentos interamericanos para la protecci\u00f3n de los derechos humanos.\u00a0\u00a0<\/span><\/p>\n<p style=\"text-align: justify;\"><span style=\"font-weight: 400;\">Desafortunadamente, durante la audiencia, Carlos Arturo Morales, representante del Estado, dijo que \u201c<\/span><i><span style=\"font-weight: 400;\">un mecanismo de seguimiento no resulta un m\u00e9todo pertinente para el Estado colombiano\u201d,<\/span><\/i><span style=\"font-weight: 400;\"> desconociendo los datos presentados por la sociedad civil sobre violaciones a los derechos humanos en contextos de protesta y aduciendo que estos no coinciden con las cifras oficiales. Si bien esta postura no es nueva, a pesar de que la CIDH anunci\u00f3 la creaci\u00f3n del mecanismo en el p\u00e1rrafo 187 del informe presentado en julio de este a\u00f1o, resulta contradictorio que el Estado afirme estar comprometido con el cumplimiento de sus obligaciones en la garant\u00eda de derechos humanos de acuerdo con el Sistema Interamericano, pero no permita la asistencia t\u00e9cnica que la CIDH puede darle.<\/span><\/p>\n<p style=\"text-align: justify;\"><span style=\"font-weight: 400;\">Tras las presentaciones de los diversos representantes estatales, las organizaciones de la sociedad civil se\u00f1alaron que el Estado no present\u00f3 respuesta a las recomendaciones de la CIDH y que desconoci\u00f3 nuevamente los hallazgos de esta y otras misiones internacionales.\u00a0 Por ejemplo, sobre la recomendaci\u00f3n #16 acerca del uso excesivo de la fuerza, en la que la CIDH aconseja crear un registro y publicar los datos sobre violaciones a derechos humanos en el marco de la protesta y los est\u00e1ndares para su tratamiento, el Estado dijo en julio que iba a presentar informaci\u00f3n, pero no lo ha hecho.\u00a0\u00a0<\/span><\/p>\n<p style=\"text-align: justify;\"><span style=\"font-weight: 400;\">Teniendo en cuenta que en esta audiencia el Estado ha dejado en evidencia que no tiene inter\u00e9s en reconocer las graves vulneraciones que ocurrieron durante el paro nacional, y que\u00a0 su falta de debida diligencia afecta de manera especial a las poblaciones hist\u00f3ricamente discriminadas como las mujeres y las ni\u00f1as, las personas LGBTI, la poblaci\u00f3n ind\u00edgena y afrocolombiana, hacemos un llamado a la implementaci\u00f3n del Mecanismo de Seguimiento de manera urgente, ya que, como lo se\u00f1ala el Estado, las lecturas de la realidad no coinciden, y se necesita urgentemente mayor claridad sobre cifras de violencia y el avance de las investigaciones penales y disciplinarias. El Estado en su exposici\u00f3n hizo referencia a una pol\u00edtica p\u00fablica para las personas LGBTI que no ha comenzado a implementar, a pesar de una orden judicial y de la existencia de una Mesa de Casos Urgentes para prevenir la violencia por prejuicio, que est\u00e1 inactiva.<\/span><\/p>\n<p style=\"text-align: justify;\"><span style=\"font-weight: 400;\">Las cifras de violaciones a los derechos humanos identificadas por la propia CIDH, misiones internacionales y sociedad civil dan cuenta de que s\u00ed han existido intervenciones desproporcionadas, con diferentes abusos y m\u00e9todos de victimizaci\u00f3n. Por ejemplo, la Fiscal\u00eda General de la Naci\u00f3n ha sido vehemente en investigar a manifestantes o particulares y no ha actuado con igual rigor en casos que involucran a funcionarios de la fuerza p\u00fablica que cometieron delitos en las protestas.<\/span><\/p>\n<p style=\"text-align: justify;\"><span style=\"font-weight: 400;\">Con preocupaci\u00f3n observamos que las entidades de Estado no mencionaron la aplicaci\u00f3n de enfoques diferenciales \u00e9tnico, de g\u00e9nero y curso vital; esto est\u00e1 alineado con lo que expres\u00f3 la Comisionada Flavia Piovesan, quien pregunt\u00f3 si el Estado est\u00e1 generando datos desagregados sobre la violencia ocurrida en el marco de las protestas contra mujeres, ind\u00edgenas, personas afro y poblaci\u00f3n LGBTI, y si ha adoptado una respuesta para combatir esos patrones discriminatorios.<\/span><\/p>\n<p style=\"text-align: justify;\"><span style=\"font-weight: 400;\">Entre tanto, el Comisionado Jo\u00e9l Hern\u00e1ndez pregunt\u00f3 a la representaci\u00f3n del Estado <\/span><i><span style=\"font-weight: 400;\">\u00bfCu\u00e1les son las medidas que desde el m\u00e1s alto nivel del Estado se est\u00e1n dando para atender a las demandas hist\u00f3ricas que se visibilizaron en las protestas?\u00a0\u00a0<\/span><\/i><\/p>\n<p style=\"text-align: justify;\"><span style=\"font-weight: 400;\">Finalmente, las organizaciones de la sociedad reiteraron la urgencia de instalar el Mecanismo de Seguimiento y manifestaron su disposici\u00f3n para apoyar a la CIDH en la concreci\u00f3n de dicho mecanismo y lo que se requiera para su garantizar su efectividad.<\/span><\/p>\n<p><b>Organizaciones peticionarias:<\/b><\/p>\n<p><span style=\"font-weight: 400;\">Asociaci\u00f3n Para la Promoci\u00f3n social Alternativa (MINGA)<\/span><\/p>\n<p><span style=\"font-weight: 400;\">Asociaci\u00f3n Cristiana Menonita para Justicia, Paz y Acci\u00f3n No Violenta (JUSTAPAZ)<\/span><\/p>\n<p><span style=\"font-weight: 400;\">Caribe Afirmativo<\/span><\/p>\n<p><span style=\"font-weight: 400;\">Campa\u00f1a Defender la Libertad: Asunto de Todas (CDLAT)<\/span><\/p>\n<p><span style=\"font-weight: 400;\">Casa de la Mujer<\/span><\/p>\n<p><span style=\"font-weight: 400;\">Centro por la Justicia y el Derecho Internacional (CEJIL)<\/span><\/p>\n<p><span style=\"font-weight: 400;\">Centro de Desarrollo Psicosocial Taller de Vida<\/span><\/p>\n<p><span style=\"font-weight: 400;\">Coalici\u00f3n contra la vinculaci\u00f3n de ni\u00f1os, ni\u00f1as y j\u00f3venes al conflicto armado en Colombia (COALICO)<\/span><\/p>\n<p><span style=\"font-weight: 400;\">Colombia Diversa<\/span><\/p>\n<p><span style=\"font-weight: 400;\">Colectivo de Abogados Jos\u00e9 Alvear Restrepo (CAJAR)<\/span><\/p>\n<p><span style=\"font-weight: 400;\">Comisi\u00f3n Colombiana de Juristas (CCJ)<\/span><\/p>\n<p><span style=\"font-weight: 400;\">Comisi\u00f3n Intereclesial de Justicia y Paz (CIJP)<\/span><\/p>\n<p><span style=\"font-weight: 400;\">Consultor\u00eda para los Derechos Humanos y el Desplazamiento (CODHES)<\/span><\/p>\n<p><span style=\"font-weight: 400;\">Coordinaci\u00f3n Colombia Europa Estados Unidos (CCEEU)<\/span><\/p>\n<p><span style=\"font-weight: 400;\">Corporaci\u00f3n Humanas<\/span><\/p>\n<p><span style=\"font-weight: 400;\">Corporaci\u00f3n ILEX Acci\u00f3n Jur\u00eddica<\/span><\/p>\n<p><span style=\"font-weight: 400;\">Corporaci\u00f3n Instituto Internacional Raza, Igualdad y Derechos Humanos &#8211; Raza e Igualdad<\/span><\/p>\n<p><span style=\"font-weight: 400;\">Corporaci\u00f3n Reiniciar<\/span><\/p>\n<p><span style=\"font-weight: 400;\">Corporaci\u00f3n SISMA Mujer<\/span><\/p>\n<p><span style=\"font-weight: 400;\">Corporaci\u00f3n Jur\u00eddica Yira Castro (CJYC)<\/span><\/p>\n<p><span style=\"font-weight: 400;\">Comit\u00e9 de Solidaridad con los Presos Pol\u00edticos (CSPP)<\/span><\/p>\n<p><span style=\"font-weight: 400;\">Colombia Human Rights Committee<\/span><\/p>\n<p><span style=\"font-weight: 400;\">Fundaci\u00f3n Creciendo Unidos<\/span><\/p>\n<p><span style=\"font-weight: 400;\">Fundaci\u00f3n Grupo de Acci\u00f3n y Apoyo a personas Trans (GAAT)<\/span><\/p>\n<p><span style=\"font-weight: 400;\">Fundaci\u00f3n Karisma<\/span><\/p>\n<p><span style=\"font-weight: 400;\">Fundaci\u00f3n Nydia Erika Bautista<\/span><\/p>\n<p><span style=\"font-weight: 400;\">Grupo Interdisciplinario por los Derechos Humanos (GIDH)<\/span><\/p>\n<p><span style=\"font-weight: 400;\">Ruta Pac\u00edfica de las Mujeres<\/span><\/p>\n<p><span style=\"font-weight: 400;\">Women\u2019s Link Worldwide<\/span><\/p>\n","protected":false},"excerpt":{"rendered":"<p>Washington &#8211; Bogot\u00e1 D.C., 26 de octubre de 2021.\u00a0En la audiencia convocada por la Comisi\u00f3n Interamericana de Derechos Humanos (CIDH) para dar seguimiento a la visita de trabajo a Colombia [&hellip;]<\/p>\n","protected":false},"author":15,"featured_media":13864,"parent":0,"menu_order":0,"template":"","format":"standard","categories":[1162,1122,1127,1140],"resources_country":[1191],"resources_language":[],"resources_audience":[],"resources_format":[],"resources_topic":[1100,1117],"resources_year":[],"class_list":["post-13863","resources","type-resources","status-publish","format-standard","has-post-thumbnail","hentry","category-cidh","category-colombia","category-un","category-united-nations","resources_country-colombia-es","resources_topic-cidh","resources_topic-onu"],"acf":[],"aioseo_notices":[],"_links":{"self":[{"href":"https:\/\/raceandequality.org\/es\/wp-json\/wp\/v2\/resources\/13863","targetHints":{"allow":["GET"]}}],"collection":[{"href":"https:\/\/raceandequality.org\/es\/wp-json\/wp\/v2\/resources"}],"about":[{"href":"https:\/\/raceandequality.org\/es\/wp-json\/wp\/v2\/types\/resources"}],"author":[{"embeddable":true,"href":"https:\/\/raceandequality.org\/es\/wp-json\/wp\/v2\/users\/15"}],"wp:featuredmedia":[{"embeddable":true,"href":"https:\/\/raceandequality.org\/es\/wp-json\/wp\/v2\/media\/13864"}],"wp:attachment":[{"href":"https:\/\/raceandequality.org\/es\/wp-json\/wp\/v2\/media?parent=13863"}],"wp:term":[{"taxonomy":"category","embeddable":true,"href":"https:\/\/raceandequality.org\/es\/wp-json\/wp\/v2\/categories?post=13863"},{"taxonomy":"resources_country","embeddable":true,"href":"https:\/\/raceandequality.org\/es\/wp-json\/wp\/v2\/resources_country?post=13863"},{"taxonomy":"resources_language","embeddable":true,"href":"https:\/\/raceandequality.org\/es\/wp-json\/wp\/v2\/resources_language?post=13863"},{"taxonomy":"resources_audience","embeddable":true,"href":"https:\/\/raceandequality.org\/es\/wp-json\/wp\/v2\/resources_audience?post=13863"},{"taxonomy":"resources_format","embeddable":true,"href":"https:\/\/raceandequality.org\/es\/wp-json\/wp\/v2\/resources_format?post=13863"},{"taxonomy":"resources_topic","embeddable":true,"href":"https:\/\/raceandequality.org\/es\/wp-json\/wp\/v2\/resources_topic?post=13863"},{"taxonomy":"resources_year","embeddable":true,"href":"https:\/\/raceandequality.org\/es\/wp-json\/wp\/v2\/resources_year?post=13863"}],"curies":[{"name":"wp","href":"https:\/\/api.w.org\/{rel}","templated":true}]}}

<p style="text-align: justify;"><b>Washington &#8211; Bogotá D.C., 26 de octubre de 2021.</b><span style="font-weight: 400;"> </span><span style="font-weight: 400;">En la audiencia convocada por la Comisión Interamericana de Derechos Humanos (CIDH) para dar seguimiento a la visita de trabajo a Colombia realizada en el marco de las jornadas de protesta que se desarrollaron durante el primer semestre del año, 25 organizaciones colombianas y regionales expresaron colectivamente que la visita de la CIDH al país fue un importante paso para evidenciar las graves violaciones a los derechos humanos que ocurrieron en el contexto del paro nacional. Sin embargo, han constatado que durante los meses de agosto, septiembre y octubre las dinámicas de violencia policial en contra de manifestaciones pacíficas se han mantenido. De igual manera, el Estado mantuvo la criminalización y judicialización de liderazgos sociales y comunitarios, la estigmatización de la labor de defensa de derechos humanos y las agresiones desproporcionadas por parte del ESMAD.</span></p>
<p style="text-align: justify;"><span style="font-weight: 400;">Como la CIDH, otras misiones internacionales independientes han verificado que la situación en Colombia continúa siendo de extrema gravedad, la violación a los derechos humanos es sistemática y se siguen presentando serias obstrucciones para el acceso de la ciudadanía a la justicia. Ante esto, consideramos necesaria la puesta en marcha del Mecanismo de Seguimiento propuesto por la CIDH para que el Estado colombiano cumpla con las obligaciones internacionales establecidas en los instrumentos interamericanos para la protección de los derechos humanos.  </span></p>
<p style="text-align: justify;"><span style="font-weight: 400;">Desafortunadamente, durante la audiencia, Carlos Arturo Morales, representante del Estado, dijo que “</span><i><span style="font-weight: 400;">un mecanismo de seguimiento no resulta un método pertinente para el Estado colombiano”,</span></i><span style="font-weight: 400;"> desconociendo los datos presentados por la sociedad civil sobre violaciones a los derechos humanos en contextos de protesta y aduciendo que estos no coinciden con las cifras oficiales. Si bien esta postura no es nueva, a pesar de que la CIDH anunció la creación del mecanismo en el párrafo 187 del informe presentado en julio de este año, resulta contradictorio que el Estado afirme estar comprometido con el cumplimiento de sus obligaciones en la garantía de derechos humanos de acuerdo con el Sistema Interamericano, pero no permita la asistencia técnica que la CIDH puede darle.</span></p>
<p style="text-align: justify;"><span style="font-weight: 400;">Tras las presentaciones de los diversos representantes estatales, las organizaciones de la sociedad civil señalaron que el Estado no presentó respuesta a las recomendaciones de la CIDH y que desconoció nuevamente los hallazgos de esta y otras misiones internacionales.  Por ejemplo, sobre la recomendación #16 acerca del uso excesivo de la fuerza, en la que la CIDH aconseja crear un registro y publicar los datos sobre violaciones a derechos humanos en el marco de la protesta y los estándares para su tratamiento, el Estado dijo en julio que iba a presentar información, pero no lo ha hecho.  </span></p>
<p style="text-align: justify;"><span style="font-weight: 400;">Teniendo en cuenta que en esta audiencia el Estado ha dejado en evidencia que no tiene interés en reconocer las graves vulneraciones que ocurrieron durante el paro nacional, y que  su falta de debida diligencia afecta de manera especial a las poblaciones históricamente discriminadas como las mujeres y las niñas, las personas LGBTI, la población indígena y afrocolombiana, hacemos un llamado a la implementación del Mecanismo de Seguimiento de manera urgente, ya que, como lo señala el Estado, las lecturas de la realidad no coinciden, y se necesita urgentemente mayor claridad sobre cifras de violencia y el avance de las investigaciones penales y disciplinarias. El Estado en su exposición hizo referencia a una política pública para las personas LGBTI que no ha comenzado a implementar, a pesar de una orden judicial y de la existencia de una Mesa de Casos Urgentes para prevenir la violencia por prejuicio, que está inactiva.</span></p>
<p style="text-align: justify;"><span style="font-weight: 400;">Las cifras de violaciones a los derechos humanos identificadas por la propia CIDH, misiones internacionales y sociedad civil dan cuenta de que sí han existido intervenciones desproporcionadas, con diferentes abusos y métodos de victimización. Por ejemplo, la Fiscalía General de la Nación ha sido vehemente en investigar a manifestantes o particulares y no ha actuado con igual rigor en casos que involucran a funcionarios de la fuerza pública que cometieron delitos en las protestas.</span></p>
<p style="text-align: justify;"><span style="font-weight: 400;">Con preocupación observamos que las entidades de Estado no mencionaron la aplicación de enfoques diferenciales étnico, de género y curso vital; esto está alineado con lo que expresó la Comisionada Flavia Piovesan, quien preguntó si el Estado está generando datos desagregados sobre la violencia ocurrida en el marco de las protestas contra mujeres, indígenas, personas afro y población LGBTI, y si ha adoptado una respuesta para combatir esos patrones discriminatorios.</span></p>
<p style="text-align: justify;"><span style="font-weight: 400;">Entre tanto, el Comisionado Joél Hernández preguntó a la representación del Estado </span><i><span style="font-weight: 400;">¿Cuáles son las medidas que desde el más alto nivel del Estado se están dando para atender a las demandas históricas que se visibilizaron en las protestas?  </span></i></p>
<p style="text-align: justify;"><span style="font-weight: 400;">Finalmente, las organizaciones de la sociedad reiteraron la urgencia de instalar el Mecanismo de Seguimiento y manifestaron su disposición para apoyar a la CIDH en la concreción de dicho mecanismo y lo que se requiera para su garantizar su efectividad.</span></p>
<p><b>Organizaciones peticionarias:</b></p>
<p><span style="font-weight: 400;">Asociación Para la Promoción social Alternativa (MINGA)</span></p>
<p><span style="font-weight: 400;">Asociación Cristiana Menonita para Justicia, Paz y Acción No Violenta (JUSTAPAZ)</span></p>
<p><span style="font-weight: 400;">Caribe Afirmativo</span></p>
<p><span style="font-weight: 400;">Campaña Defender la Libertad: Asunto de Todas (CDLAT)</span></p>
<p><span style="font-weight: 400;">Casa de la Mujer</span></p>
<p><span style="font-weight: 400;">Centro por la Justicia y el Derecho Internacional (CEJIL)</span></p>
<p><span style="font-weight: 400;">Centro de Desarrollo Psicosocial Taller de Vida</span></p>
<p><span style="font-weight: 400;">Coalición contra la vinculación de niños, niñas y jóvenes al conflicto armado en Colombia (COALICO)</span></p>
<p><span style="font-weight: 400;">Colombia Diversa</span></p>
<p><span style="font-weight: 400;">Colectivo de Abogados José Alvear Restrepo (CAJAR)</span></p>
<p><span style="font-weight: 400;">Comisión Colombiana de Juristas (CCJ)</span></p>
<p><span style="font-weight: 400;">Comisión Intereclesial de Justicia y Paz (CIJP)</span></p>
<p><span style="font-weight: 400;">Consultoría para los Derechos Humanos y el Desplazamiento (CODHES)</span></p>
<p><span style="font-weight: 400;">Coordinación Colombia Europa Estados Unidos (CCEEU)</span></p>
<p><span style="font-weight: 400;">Corporación Humanas</span></p>
<p><span style="font-weight: 400;">Corporación ILEX Acción Jurídica</span></p>
<p><span style="font-weight: 400;">Corporación Instituto Internacional Raza, Igualdad y Derechos Humanos &#8211; Raza e Igualdad</span></p>
<p><span style="font-weight: 400;">Corporación Reiniciar</span></p>
<p><span style="font-weight: 400;">Corporación SISMA Mujer</span></p>
<p><span style="font-weight: 400;">Corporación Jurídica Yira Castro (CJYC)</span></p>
<p><span style="font-weight: 400;">Comité de Solidaridad con los Presos Políticos (CSPP)</span></p>
<p><span style="font-weight: 400;">Colombia Human Rights Committee</span></p>
<p><span style="font-weight: 400;">Fundación Creciendo Unidos</span></p>
<p><span style="font-weight: 400;">Fundación Grupo de Acción y Apoyo a personas Trans (GAAT)</span></p>
<p><span style="font-weight: 400;">Fundación Karisma</span></p>
<p><span style="font-weight: 400;">Fundación Nydia Erika Bautista</span></p>
<p><span style="font-weight: 400;">Grupo Interdisciplinario por los Derechos Humanos (GIDH)</span></p>
<p><span style="font-weight: 400;">Ruta Pacífica de las Mujeres</span></p>
<p><span style="font-weight: 400;">Women’s Link Worldwide</span></p>

<p>Washington &#8211; Bogotá D.C., 26 de octubre de 2021. En la audiencia convocada por la Comisión Interamericana de Derechos Humanos (CIDH) para dar seguimiento a la visita de trabajo a Colombia [&hellip;]</p>
