{"id":13947,"date":"2021-11-25T17:08:40","date_gmt":"2021-11-25T17:08:40","guid":{"rendered":"http:\/\/race01.wp\/resources\/masacre-de-salgueiro-la-poblacion-negra-brasilena-pide-ayuda-raza-e-igualdad-condena-el-genocidio-en-curso-y-hace-un-llamado-para-garantizar-la-vida-de-los-afros\/"},"modified":"2023-05-10T11:52:56","modified_gmt":"2023-05-10T11:52:56","slug":"masacre-de-salgueiro-la-poblacion-negra-brasilena-pide-ayuda-raza-e-igualdad-condena-el-genocidio-en-curso-y-hace-un-llamado-para-garantizar-la-vida-de-los-afros","status":"publish","type":"resources","link":"https:\/\/raceandequality.org\/es\/resources\/masacre-de-salgueiro-la-poblacion-negra-brasilena-pide-ayuda-raza-e-igualdad-condena-el-genocidio-en-curso-y-hace-un-llamado-para-garantizar-la-vida-de-los-afros\/","title":{"rendered":"Masacre de Salgueiro &#8211; \u00a1La poblaci\u00f3n negra brasile\u00f1a pide ayuda!: Raza e Igualdad condena el genocidio en curso y hace un llamado para garantizar la vida de los afros"},"content":{"rendered":"<p style=\"text-align: justify;\"><strong>Brasil, 25 de noviembre de 2021 &#8211; <\/strong>Con base en la Declaraci\u00f3n Internacional de Derechos Humanos, seg\u00fan la cual la vida es un derecho inalienable, Raza e Igualdad insta a la comunidad internacional a prestar atenci\u00f3n a la violencia policial que ocurre en Brasil, denunciando una masacre m\u00e1s que se produce dentro del per\u00edodo pand\u00e9mico, en la ciudad de S\u00e3o Gon\u00e7alo, en R\u00edo de Janeiro. Es importante mencionar que el movimiento afro entiende que la violencia resultante del racismo estructural que ocurre en Brasil, debe ser vista como un crimen de genocidio contra la poblaci\u00f3n afro. De hecho, la Comisi\u00f3n Interamericana de Derechos Humanos (CIDH), al analizar la situaci\u00f3n de la poblaci\u00f3n afro brasile\u00f1a en su informe sobre el pa\u00eds, menciona que parece haber un proceso de \u00ablimpieza social, dirigido a exterminar a los sectores considerados \u2018indeseable\u2019\u201d, lo que ocurre con el apoyo estatal. [1]<\/p>\n<p style=\"text-align: justify;\">En 2020, en v\u00edsperas del D\u00eda de la Conciencia Negra, Jo\u00e3o Alberto fue brutalmente asesinado por agentes de seguridad de la propiedad privada (Supermercado Carrefour) [2]; y en 2021 vemos c\u00f3mo el escenario de violencia contra cuerpos afros y pobres se repite un d\u00eda despu\u00e9s de la misma fecha, cuyo objetivo es llamar a la sociedad a tomar conciencia sobre la lucha negra y la libertad. Si el propio Estado ignora la agenda antirracista hecha a favor de su pueblo, \u00bfc\u00f3mo construir una memoria negra que no permee el dolor, el sufrimiento y la violencia? El resultado de esta pol\u00edtica de miedo y terror es otra matanza sangrienta: <strong>la<\/strong> <strong>Masacre de Salgueiro. <\/strong><\/p>\n<p style=\"text-align: justify;\">El lunes 22 de noviembre, los habitantes del complejo de favelas ubicado en S\u00e3o Gon\u00e7alo, regi\u00f3n metropolitana de R\u00edo de Janeiro, se despertaron recogiendo los cuerpos de hombres y mujeres en los manglares de la comunidad. Hasta el momento se han encontrado nueve cad\u00e1veres (los residentes dicen 20) [3], entre hombres y mujeres, e incluso una anciana recibi\u00f3 un disparo en el brazo. Adem\u00e1s, los residentes denuncian que muchas v\u00edctimas inocentes pagaron con su vida la acci\u00f3n que se llev\u00f3 a cabo en represalia por la muerte de un polic\u00eda y los reportes de esta masacre son de madres que tuvieron que sacar los cuerpos de sus hijos hundidos en el pantano. No se encontraron armas entre los cuerpos [4]. Familias en luto por otra tragedia que podr\u00eda haberse evitado si la Polic\u00eda Militar de R\u00edo de Janeiro no hubiera actuado por venganza. As\u00ed, le preguntamos al gobernador Cl\u00e1udio Castro: \u00bfQui\u00e9n autoriz\u00f3 el operativo policial?<\/p>\n<p style=\"text-align: justify;\">Seguimos denunciando que, incluso con las restricciones a las operaciones policiales en las favelas de R\u00edo de Janeiro durante la pandemia por parte de la Suprema Corte, conocido como el &#8216;ADPF das Favelas&#8217;, el gobierno estatal a lo largo de 2021 ignor\u00f3 las restricciones. El racismo institucional y la brutalidad policial son el intercambio diario de vida y muerte del Estado hacia la poblaci\u00f3n afro. Las tragedias se enumeran en cuerpos negros; <strong>21 muertos en la matanza de Jacarezinho (mayo); 14 cad\u00e1veres en la masacre de Salgueiro (noviembre)<\/strong>. Las balas se consideran perdidas y luego se encuentran en mujeres embarazadas, como<strong> Katheleen Romeo (junio)<\/strong>.<\/p>\n<p style=\"text-align: justify;\"><strong>\u00a0<\/strong>Adem\u00e1s, los datos de la Red de Observatorios de Seguridad confirman la letalidad policial en R\u00edo de Janeiro: el <strong>71% de los asesinatos fueron cometidos por agentes estatales con un r\u00e9cord de 128 muertes.<\/strong> Una encuesta del Instituto de Seguridad P\u00fablica (ISP) corrobora: de enero a julio, <strong>811 personas murieron en acciones policiales<\/strong>, siendo estas responsables del 38% de los homicidios, un <strong>aumento del 88,2% respecto al mismo per\u00edodo del a\u00f1o pasado<\/strong>. El porcentaje m\u00e1s alto de los \u00faltimos 15 a\u00f1os. [4].<\/p>\n<p style=\"text-align: justify;\">Ante los hechos, Raza e Igualdad se refiere a la Convenci\u00f3n Interamericana contra el Racismo y Formas Conexas de Intolerancia y llama la atenci\u00f3n de todos los mecanismos de protecci\u00f3n del derecho internacional que se han comprometido a cooperar para prevenir y sancionar los actos de exterminio de poblaciones vulnerables en el mundo. Instamos a que los tratados de derecho internacional se cumplan frente a la pol\u00edtica de exterminio de la Polic\u00eda Militar y el consentimiento de la violencia de los gobernantes brasile\u00f1os. La poblaci\u00f3n afro brasile\u00f1a pide ayuda, porque, para pedir la paz, primero es necesario tener derecho a la vida.<\/p>\n<p style=\"text-align: justify;\">Finalmente, instamos al Estado brasile\u00f1o a realizar las siguientes acciones:<\/p>\n<p style=\"text-align: justify;\">1- Llamar al gobierno del estado de R\u00edo de Janeiro a que los responsables de la Masacre de Salgueiro no queden impunes.<\/p>\n<p style=\"text-align: justify;\">2 &#8211; Crear leyes y mecanismos con sesgo interseccional y antirracista para frenar y sancionar las acciones policiales violentas en las favelas;<\/p>\n<p style=\"text-align: justify;\">3 &#8211; El veto del proyecto de ley antiterrorista, ya aprobado por la C\u00e1mara y que va a ser aprobado por el Senado, cuya propuesta aprueba la exclusi\u00f3n de ilegalidad de los polic\u00edas durante sus operaciones y crea una polic\u00eda secreta para el Presidente;<\/p>\n<p style=\"text-align: justify;\">4 &#8211; Construcci\u00f3n de una agenda educativa antirracista para la Polic\u00eda Militar y todos los agentes de seguridad p\u00fablica nacional.<\/p>\n<p>&nbsp;<\/p>\n<p><strong>\u00a0<\/strong><\/p>\n<p>[1] <a href=\"https:\/\/raceandequality.org\/605\">http:\/\/www.oas.org\/en\/cidh\/relatorios\/pdfs\/Brasil2021-en.pdf<\/a><\/p>\n<p>[2] <a href=\"https:\/\/raceandequality.org\/606\">https:\/\/www.poder360.com.br\/brasil\/saiba-quem-era-joao-alberto-espancado-ate-a-morte-no-supermercado-carrefour\/<\/a><\/p>\n<p>[3] A\u00fan no se han publicado los datos oficiales.<\/p>\n<p>[4]<a href=\"https:\/\/raceandequality.org\/1298\">https:\/\/extra.globo.com\/casos-de-policia\/resgatamos-os-corpos-nao-achamos-nenhuma-arma-fizeram-uma-chacina-diz-morador-do-complexo-do-salgueiro-25286728. html<\/a><\/p>\n<p>[5]<a href=\"https:\/\/raceandequality.org\/608\">https:\/\/g1.globo.com\/rj\/rio-de-janeiro\/noticia\/2021\/09\/03\/no-rj-38percent-dos-homicidios-foram-cometidos-por-policiais-em-7-meses- e-proporcao-bate-recorde.ghtml<\/a><\/p>\n","protected":false},"excerpt":{"rendered":"<p>Brasil, 25 de noviembre de 2021 &#8211; Con base en la Declaraci\u00f3n Internacional de Derechos Humanos, seg\u00fan la cual la vida es un derecho inalienable, Raza e Igualdad insta a [&hellip;]<\/p>\n","protected":false},"author":15,"featured_media":13948,"parent":0,"menu_order":0,"template":"","format":"standard","categories":[1165,1154,1163],"resources_country":[],"resources_language":[],"resources_audience":[],"resources_format":[],"resources_topic":[1109],"resources_year":[],"class_list":["post-13947","resources","type-resources","status-publish","format-standard","has-post-thumbnail","hentry","category-blog-es","category-espanol","category-regional","resources_topic-raza-e-igualdad"],"acf":[],"aioseo_notices":[],"_links":{"self":[{"href":"https:\/\/raceandequality.org\/es\/wp-json\/wp\/v2\/resources\/13947","targetHints":{"allow":["GET"]}}],"collection":[{"href":"https:\/\/raceandequality.org\/es\/wp-json\/wp\/v2\/resources"}],"about":[{"href":"https:\/\/raceandequality.org\/es\/wp-json\/wp\/v2\/types\/resources"}],"author":[{"embeddable":true,"href":"https:\/\/raceandequality.org\/es\/wp-json\/wp\/v2\/users\/15"}],"wp:featuredmedia":[{"embeddable":true,"href":"https:\/\/raceandequality.org\/es\/wp-json\/wp\/v2\/media\/13948"}],"wp:attachment":[{"href":"https:\/\/raceandequality.org\/es\/wp-json\/wp\/v2\/media?parent=13947"}],"wp:term":[{"taxonomy":"category","embeddable":true,"href":"https:\/\/raceandequality.org\/es\/wp-json\/wp\/v2\/categories?post=13947"},{"taxonomy":"resources_country","embeddable":true,"href":"https:\/\/raceandequality.org\/es\/wp-json\/wp\/v2\/resources_country?post=13947"},{"taxonomy":"resources_language","embeddable":true,"href":"https:\/\/raceandequality.org\/es\/wp-json\/wp\/v2\/resources_language?post=13947"},{"taxonomy":"resources_audience","embeddable":true,"href":"https:\/\/raceandequality.org\/es\/wp-json\/wp\/v2\/resources_audience?post=13947"},{"taxonomy":"resources_format","embeddable":true,"href":"https:\/\/raceandequality.org\/es\/wp-json\/wp\/v2\/resources_format?post=13947"},{"taxonomy":"resources_topic","embeddable":true,"href":"https:\/\/raceandequality.org\/es\/wp-json\/wp\/v2\/resources_topic?post=13947"},{"taxonomy":"resources_year","embeddable":true,"href":"https:\/\/raceandequality.org\/es\/wp-json\/wp\/v2\/resources_year?post=13947"}],"curies":[{"name":"wp","href":"https:\/\/api.w.org\/{rel}","templated":true}]}}

Masacre de Salgueiro &#8211; ¡La población negra brasileña pide ayuda!: Raza e Igualdad condena el genocidio en curso y hace un llamado para garantizar la vida de los afros

<p style="text-align: justify;"><strong>Brasil, 25 de noviembre de 2021 &#8211; </strong>Con base en la Declaración Internacional de Derechos Humanos, según la cual la vida es un derecho inalienable, Raza e Igualdad insta a la comunidad internacional a prestar atención a la violencia policial que ocurre en Brasil, denunciando una masacre más que se produce dentro del período pandémico, en la ciudad de São Gonçalo, en Río de Janeiro. Es importante mencionar que el movimiento afro entiende que la violencia resultante del racismo estructural que ocurre en Brasil, debe ser vista como un crimen de genocidio contra la población afro. De hecho, la Comisión Interamericana de Derechos Humanos (CIDH), al analizar la situación de la población afro brasileña en su informe sobre el país, menciona que parece haber un proceso de «limpieza social, dirigido a exterminar a los sectores considerados ‘indeseable’”, lo que ocurre con el apoyo estatal. [1]</p>
<p style="text-align: justify;">En 2020, en vísperas del Día de la Conciencia Negra, João Alberto fue brutalmente asesinado por agentes de seguridad de la propiedad privada (Supermercado Carrefour) [2]; y en 2021 vemos cómo el escenario de violencia contra cuerpos afros y pobres se repite un día después de la misma fecha, cuyo objetivo es llamar a la sociedad a tomar conciencia sobre la lucha negra y la libertad. Si el propio Estado ignora la agenda antirracista hecha a favor de su pueblo, ¿cómo construir una memoria negra que no permee el dolor, el sufrimiento y la violencia? El resultado de esta política de miedo y terror es otra matanza sangrienta: <strong>la</strong> <strong>Masacre de Salgueiro. </strong></p>
<p style="text-align: justify;">El lunes 22 de noviembre, los habitantes del complejo de favelas ubicado en São Gonçalo, región metropolitana de Río de Janeiro, se despertaron recogiendo los cuerpos de hombres y mujeres en los manglares de la comunidad. Hasta el momento se han encontrado nueve cadáveres (los residentes dicen 20) [3], entre hombres y mujeres, e incluso una anciana recibió un disparo en el brazo. Además, los residentes denuncian que muchas víctimas inocentes pagaron con su vida la acción que se llevó a cabo en represalia por la muerte de un policía y los reportes de esta masacre son de madres que tuvieron que sacar los cuerpos de sus hijos hundidos en el pantano. No se encontraron armas entre los cuerpos [4]. Familias en luto por otra tragedia que podría haberse evitado si la Policía Militar de Río de Janeiro no hubiera actuado por venganza. Así, le preguntamos al gobernador Cláudio Castro: ¿Quién autorizó el operativo policial?</p>
<p style="text-align: justify;">Seguimos denunciando que, incluso con las restricciones a las operaciones policiales en las favelas de Río de Janeiro durante la pandemia por parte de la Suprema Corte, conocido como el &#8216;ADPF das Favelas&#8217;, el gobierno estatal a lo largo de 2021 ignoró las restricciones. El racismo institucional y la brutalidad policial son el intercambio diario de vida y muerte del Estado hacia la población afro. Las tragedias se enumeran en cuerpos negros; <strong>21 muertos en la matanza de Jacarezinho (mayo); 14 cadáveres en la masacre de Salgueiro (noviembre)</strong>. Las balas se consideran perdidas y luego se encuentran en mujeres embarazadas, como<strong> Katheleen Romeo (junio)</strong>.</p>
<p style="text-align: justify;"><strong> </strong>Además, los datos de la Red de Observatorios de Seguridad confirman la letalidad policial en Río de Janeiro: el <strong>71% de los asesinatos fueron cometidos por agentes estatales con un récord de 128 muertes.</strong> Una encuesta del Instituto de Seguridad Pública (ISP) corrobora: de enero a julio, <strong>811 personas murieron en acciones policiales</strong>, siendo estas responsables del 38% de los homicidios, un <strong>aumento del 88,2% respecto al mismo período del año pasado</strong>. El porcentaje más alto de los últimos 15 años. [4].</p>
<p style="text-align: justify;">Ante los hechos, Raza e Igualdad se refiere a la Convención Interamericana contra el Racismo y Formas Conexas de Intolerancia y llama la atención de todos los mecanismos de protección del derecho internacional que se han comprometido a cooperar para prevenir y sancionar los actos de exterminio de poblaciones vulnerables en el mundo. Instamos a que los tratados de derecho internacional se cumplan frente a la política de exterminio de la Policía Militar y el consentimiento de la violencia de los gobernantes brasileños. La población afro brasileña pide ayuda, porque, para pedir la paz, primero es necesario tener derecho a la vida.</p>
<p style="text-align: justify;">Finalmente, instamos al Estado brasileño a realizar las siguientes acciones:</p>
<p style="text-align: justify;">1- Llamar al gobierno del estado de Río de Janeiro a que los responsables de la Masacre de Salgueiro no queden impunes.</p>
<p style="text-align: justify;">2 &#8211; Crear leyes y mecanismos con sesgo interseccional y antirracista para frenar y sancionar las acciones policiales violentas en las favelas;</p>
<p style="text-align: justify;">3 &#8211; El veto del proyecto de ley antiterrorista, ya aprobado por la Cámara y que va a ser aprobado por el Senado, cuya propuesta aprueba la exclusión de ilegalidad de los policías durante sus operaciones y crea una policía secreta para el Presidente;</p>
<p style="text-align: justify;">4 &#8211; Construcción de una agenda educativa antirracista para la Policía Militar y todos los agentes de seguridad pública nacional.</p>
<p>&nbsp;</p>
<p><strong> </strong></p>
<p>[1] <a href="https://raceandequality.org/605">http://www.oas.org/en/cidh/relatorios/pdfs/Brasil2021-en.pdf</a></p>
<p>[2] <a href="https://raceandequality.org/606">https://www.poder360.com.br/brasil/saiba-quem-era-joao-alberto-espancado-ate-a-morte-no-supermercado-carrefour/</a></p>
<p>[3] Aún no se han publicado los datos oficiales.</p>
<p>[4]<a href="https://raceandequality.org/1298">https://extra.globo.com/casos-de-policia/resgatamos-os-corpos-nao-achamos-nenhuma-arma-fizeram-uma-chacina-diz-morador-do-complexo-do-salgueiro-25286728. html</a></p>
<p>[5]<a href="https://raceandequality.org/608">https://g1.globo.com/rj/rio-de-janeiro/noticia/2021/09/03/no-rj-38percent-dos-homicidios-foram-cometidos-por-policiais-em-7-meses- e-proporcao-bate-recorde.ghtml</a></p>

<p>Brasil, 25 de noviembre de 2021 &#8211; Con base en la Declaración Internacional de Derechos Humanos, según la cual la vida es un derecho inalienable, Raza e Igualdad insta a [&hellip;]</p>
