{"id":13959,"date":"2021-12-03T18:16:05","date_gmt":"2021-12-03T18:16:05","guid":{"rendered":"http:\/\/race01.wp\/resources\/cuba-la-cidh-otorga-medidas-cautelares-al-periodista-independiente-hector-valdes-cocho-y-al-defensor-de-derechos-humanos-raul-soblett-lopez\/"},"modified":"2023-05-10T11:23:19","modified_gmt":"2023-05-10T11:23:19","slug":"cuba-la-cidh-otorga-medidas-cautelares-al-periodista-independiente-hector-valdes-cocho-y-al-defensor-de-derechos-humanos-raul-soblett-lopez","status":"publish","type":"resources","link":"https:\/\/raceandequality.org\/es\/resources\/cuba-la-cidh-otorga-medidas-cautelares-al-periodista-independiente-hector-valdes-cocho-y-al-defensor-de-derechos-humanos-raul-soblett-lopez\/","title":{"rendered":"Cuba: La CIDH otorga medidas cautelares al periodista independiente H\u00e9ctor Vald\u00e9s Cocho y al defensor de derechos humanos Ra\u00fal Soblett L\u00f3pez"},"content":{"rendered":"<p style=\"text-align: justify;\"><strong>Washington D.C., 3 de diciembre de 2021.<\/strong>&#8211; Respondiendo a una solicitud del Instituto sobre Raza, Igualdad y Derechos Humanos (Raza e Igualdad), la Comisi\u00f3n Interamericana de Derechos Humanos (CIDH) decidi\u00f3 otorgar medidas cautelares al periodista independiente <strong>H\u00e9ctor Vald\u00e9s Cocho<\/strong>, y a su pareja <strong>Ra\u00fal Soblett L\u00f3pez<\/strong>, defensor de derechos humanos y derechos LGBTI+. Ante la documentaci\u00f3n presentada por Raza e Igualdad, la Comisi\u00f3n determin\u00f3 que ambos se encuentran en una situaci\u00f3n de gravedad y urgencia de riesgo de da\u00f1o irreparable a sus derechos en Cuba.<\/p>\n<p style=\"text-align: justify;\">Por medio de la <a href=\"https:\/\/raceandequality.org\/613\"><strong>Resoluci\u00f3n 100\/2021<\/strong><\/a>, la CIDH solicita al Gobierno de Cuba que adopte las medidas necesarias para proteger los derechos a la vida e integridad personal de los beneficiarios, y puedan desarrollar sus actividades sin ser objeto de actos de violencia, intimidaci\u00f3n, y hostigamientos. Adem\u00e1s, que concierte las medidas a adoptarse con los beneficiarios y sus representantes, e informe\u2014dentro de un plazo de 15 d\u00edas\u2014sobre las acciones adoptadas a fin de investigar los presuntos hechos que dieron lugar a la adopci\u00f3n de las medidas cautelares y as\u00ed evitar su repetici\u00f3n.<\/p>\n<p style=\"text-align: justify;\"><strong>Hechos alegados<\/strong><\/p>\n<p style=\"text-align: justify;\">La documentaci\u00f3n presentada por Raza e Igualdad a la CIDH da cuenta de las <strong>constantes violaciones de derechos humanos<\/strong> que han enfrentado los beneficiarios en los \u00faltimos a\u00f1os, las cuales incluyen asedio policial, interrogatorios, amenazas y detenciones en el marco del ejercicio de sus actividades como periodista y defensor de derechos humanos, respectivamente. En ambos casos, las violaciones provienen tanto de autoridades como de personas an\u00f3nimas a trav\u00e9s de las redes sociales.<\/p>\n<p style=\"text-align: justify;\">Respecto a <strong>Vald\u00e9s Cocho<\/strong>, se refiere que, <strong>hasta octubre pasado, hab\u00eda sido detenido en ocho ocasiones<\/strong>, siendo una de ellas la detenci\u00f3n que sufri\u00f3 el 30 de octubre, cuando regresaba a su casa y fue interceptado por agentes de la Seguridad del Estado que lo trasladaron a Villa Marista, donde fue obligado a desnudarse bajo el argumento de realizar una revisi\u00f3n. Ah\u00ed permaneci\u00f3 una noche y fue interrogado dos veces. Luego, el 12 de noviembre, fue objeto de un acto de repudio y el 15 de noviembre\u2014d\u00eda en que la sociedad civil hab\u00eda convocado a la Marcha C\u00edvica por el Cambio\u2014su casa estuvo sitiada por agentes de la Seguridad del Estado que le impidieron salir tanto a \u00e9l como a su pareja.<\/p>\n<p style=\"text-align: justify;\">En el caso de <strong>Soublett L\u00f3pez<\/strong>, en tanto, la informaci\u00f3n indica que <strong>es v\u00edctima de acosos por parte de la Seguridad del Estado desde el a\u00f1o 2018<\/strong>, cuando agentes comenzaron a acerc\u00e1rsele para advertirle que ten\u00edan conocimiento de su activismo y amenazarlo con que ello podr\u00eda afectar su trabajo y sus estudios, e incluso llegar a ser procesado penalmente. A ra\u00edz del inicio de su relaci\u00f3n con Vald\u00e9s Cocho, en octubre de 2020, el acoso se ha intensificado y durante el presente a\u00f1o ha sido llamado a interrogatorios en varias ocasiones. Uno de los interrogatorios ocurri\u00f3 el 18 de junio en la Direcci\u00f3n Municipal de Educaci\u00f3n, donde fue amedrentado por su activismo antirracista, en defensa de las personas LGBTI+ y contra la violencia de g\u00e9nero, as\u00ed como amenazado con ser despedido y procesado.<\/p>\n<p style=\"text-align: justify;\">\u201cEs muy importante para nosotros que la CIDH, a petici\u00f3n de Raza e Igualdad, nos haya otorgado las medidas cautelares, ya que <strong>es una protecci\u00f3n frente al hostigamiento, el acoso, toda la violencia ejercida por el Estado<\/strong> contra nosotros, por nuestras actividades en promover y defender los derechos humanos y profesiones\u201d, expresaron los beneficiarios.<\/p>\n<p style=\"text-align: justify;\"><strong>Censura y discriminaci\u00f3n<\/strong><\/p>\n<p style=\"text-align: justify;\">En su an\u00e1lisis sobre los <strong>elementos de gravedad, urgencia e irreparabilidad<\/strong>, la CIDH hace alusi\u00f3n al contexto de censura y hostigamiento que enfrenta el periodismo independiente en la Isla, en lo cual enumera varias formas de represi\u00f3n contra periodistas como la exigencia de contar con afiliaci\u00f3n para ejercer el periodismo, amenazas, citaciones e interrogatorios con fines intimidatorios; detenciones arbitrarias; allanamientos y decomiso de equipos period\u00edsticos u otros bienes; despidos y p\u00e9rdida de autorizaciones para ejercer profesi\u00f3n o actividades econ\u00f3micas; presiones y amenazas a familiares, entorno social y pr\u00e1cticas difamatorias; e impedimentos de salida y otras restricciones arbitrarias a la libertad de circulaci\u00f3n.<\/p>\n<p style=\"text-align: justify;\">La Comisi\u00f3n tambi\u00e9n se\u00f1ala de forma particular la violencia, discriminaci\u00f3n y restricciones a sus derechos de reuni\u00f3n, asociaci\u00f3n y libertad de expresi\u00f3n que sufren las <strong>personas LGBTI+<\/strong> y las personas defensoras de derechos humanos que trabajan temas de orientaci\u00f3n sexual e identidad de g\u00e9nero. \u201cEn particular, la Comisi\u00f3n observa que la intersecci\u00f3n entre la discriminaci\u00f3n por razones del origen \u00e9tnico-racial, orientaci\u00f3n sexual diversa e identidad de g\u00e9nero afectar\u00eda de manera desproporcionada a la poblaci\u00f3n LGBTI afrocubana\u201d, indica.<\/p>\n<p style=\"text-align: justify;\">Raza e Igualdad exhorta al Estado cubano a adoptar las medidas cautelares otorgadas por la CIDH a favor de H\u00e9ctor Vald\u00e9s Cocho y Ra\u00fal Soublett L\u00f3pez, y a permitir que tanto ellos como todas las y los periodistas independientes y personas defensoras de derechos humanos puedan ejercer sus labores sin ser objeto de discriminaci\u00f3n, violencia y detenciones, <strong>conforme a sus obligaciones internacionales<\/strong> en materia de derechos humanos.<\/p>\n","protected":false},"excerpt":{"rendered":"<p>Washington D.C., 3 de diciembre de 2021.&#8211; Respondiendo a una solicitud del Instituto sobre Raza, Igualdad y Derechos Humanos (Raza e Igualdad), la Comisi\u00f3n Interamericana de Derechos Humanos (CIDH) decidi\u00f3 [&hellip;]<\/p>\n","protected":false},"author":15,"featured_media":13960,"parent":0,"menu_order":0,"template":"","format":"standard","categories":[1162,1123,1154],"resources_country":[1193],"resources_language":[],"resources_audience":[],"resources_format":[],"resources_topic":[1100,1109],"resources_year":[],"class_list":["post-13959","resources","type-resources","status-publish","format-standard","has-post-thumbnail","hentry","category-cidh","category-cuba","category-espanol","resources_country-cuba-es","resources_topic-cidh","resources_topic-raza-e-igualdad"],"acf":[],"aioseo_notices":[],"_links":{"self":[{"href":"https:\/\/raceandequality.org\/es\/wp-json\/wp\/v2\/resources\/13959","targetHints":{"allow":["GET"]}}],"collection":[{"href":"https:\/\/raceandequality.org\/es\/wp-json\/wp\/v2\/resources"}],"about":[{"href":"https:\/\/raceandequality.org\/es\/wp-json\/wp\/v2\/types\/resources"}],"author":[{"embeddable":true,"href":"https:\/\/raceandequality.org\/es\/wp-json\/wp\/v2\/users\/15"}],"wp:featuredmedia":[{"embeddable":true,"href":"https:\/\/raceandequality.org\/es\/wp-json\/wp\/v2\/media\/13960"}],"wp:attachment":[{"href":"https:\/\/raceandequality.org\/es\/wp-json\/wp\/v2\/media?parent=13959"}],"wp:term":[{"taxonomy":"category","embeddable":true,"href":"https:\/\/raceandequality.org\/es\/wp-json\/wp\/v2\/categories?post=13959"},{"taxonomy":"resources_country","embeddable":true,"href":"https:\/\/raceandequality.org\/es\/wp-json\/wp\/v2\/resources_country?post=13959"},{"taxonomy":"resources_language","embeddable":true,"href":"https:\/\/raceandequality.org\/es\/wp-json\/wp\/v2\/resources_language?post=13959"},{"taxonomy":"resources_audience","embeddable":true,"href":"https:\/\/raceandequality.org\/es\/wp-json\/wp\/v2\/resources_audience?post=13959"},{"taxonomy":"resources_format","embeddable":true,"href":"https:\/\/raceandequality.org\/es\/wp-json\/wp\/v2\/resources_format?post=13959"},{"taxonomy":"resources_topic","embeddable":true,"href":"https:\/\/raceandequality.org\/es\/wp-json\/wp\/v2\/resources_topic?post=13959"},{"taxonomy":"resources_year","embeddable":true,"href":"https:\/\/raceandequality.org\/es\/wp-json\/wp\/v2\/resources_year?post=13959"}],"curies":[{"name":"wp","href":"https:\/\/api.w.org\/{rel}","templated":true}]}}

Cuba: La CIDH otorga medidas cautelares al periodista independiente Héctor Valdés Cocho y al defensor de derechos humanos Raúl Soblett López

<p style="text-align: justify;"><strong>Washington D.C., 3 de diciembre de 2021.</strong>&#8211; Respondiendo a una solicitud del Instituto sobre Raza, Igualdad y Derechos Humanos (Raza e Igualdad), la Comisión Interamericana de Derechos Humanos (CIDH) decidió otorgar medidas cautelares al periodista independiente <strong>Héctor Valdés Cocho</strong>, y a su pareja <strong>Raúl Soblett López</strong>, defensor de derechos humanos y derechos LGBTI+. Ante la documentación presentada por Raza e Igualdad, la Comisión determinó que ambos se encuentran en una situación de gravedad y urgencia de riesgo de daño irreparable a sus derechos en Cuba.</p>
<p style="text-align: justify;">Por medio de la <a href="https://raceandequality.org/613"><strong>Resolución 100/2021</strong></a>, la CIDH solicita al Gobierno de Cuba que adopte las medidas necesarias para proteger los derechos a la vida e integridad personal de los beneficiarios, y puedan desarrollar sus actividades sin ser objeto de actos de violencia, intimidación, y hostigamientos. Además, que concierte las medidas a adoptarse con los beneficiarios y sus representantes, e informe—dentro de un plazo de 15 días—sobre las acciones adoptadas a fin de investigar los presuntos hechos que dieron lugar a la adopción de las medidas cautelares y así evitar su repetición.</p>
<p style="text-align: justify;"><strong>Hechos alegados</strong></p>
<p style="text-align: justify;">La documentación presentada por Raza e Igualdad a la CIDH da cuenta de las <strong>constantes violaciones de derechos humanos</strong> que han enfrentado los beneficiarios en los últimos años, las cuales incluyen asedio policial, interrogatorios, amenazas y detenciones en el marco del ejercicio de sus actividades como periodista y defensor de derechos humanos, respectivamente. En ambos casos, las violaciones provienen tanto de autoridades como de personas anónimas a través de las redes sociales.</p>
<p style="text-align: justify;">Respecto a <strong>Valdés Cocho</strong>, se refiere que, <strong>hasta octubre pasado, había sido detenido en ocho ocasiones</strong>, siendo una de ellas la detención que sufrió el 30 de octubre, cuando regresaba a su casa y fue interceptado por agentes de la Seguridad del Estado que lo trasladaron a Villa Marista, donde fue obligado a desnudarse bajo el argumento de realizar una revisión. Ahí permaneció una noche y fue interrogado dos veces. Luego, el 12 de noviembre, fue objeto de un acto de repudio y el 15 de noviembre—día en que la sociedad civil había convocado a la Marcha Cívica por el Cambio—su casa estuvo sitiada por agentes de la Seguridad del Estado que le impidieron salir tanto a él como a su pareja.</p>
<p style="text-align: justify;">En el caso de <strong>Soublett López</strong>, en tanto, la información indica que <strong>es víctima de acosos por parte de la Seguridad del Estado desde el año 2018</strong>, cuando agentes comenzaron a acercársele para advertirle que tenían conocimiento de su activismo y amenazarlo con que ello podría afectar su trabajo y sus estudios, e incluso llegar a ser procesado penalmente. A raíz del inicio de su relación con Valdés Cocho, en octubre de 2020, el acoso se ha intensificado y durante el presente año ha sido llamado a interrogatorios en varias ocasiones. Uno de los interrogatorios ocurrió el 18 de junio en la Dirección Municipal de Educación, donde fue amedrentado por su activismo antirracista, en defensa de las personas LGBTI+ y contra la violencia de género, así como amenazado con ser despedido y procesado.</p>
<p style="text-align: justify;">“Es muy importante para nosotros que la CIDH, a petición de Raza e Igualdad, nos haya otorgado las medidas cautelares, ya que <strong>es una protección frente al hostigamiento, el acoso, toda la violencia ejercida por el Estado</strong> contra nosotros, por nuestras actividades en promover y defender los derechos humanos y profesiones”, expresaron los beneficiarios.</p>
<p style="text-align: justify;"><strong>Censura y discriminación</strong></p>
<p style="text-align: justify;">En su análisis sobre los <strong>elementos de gravedad, urgencia e irreparabilidad</strong>, la CIDH hace alusión al contexto de censura y hostigamiento que enfrenta el periodismo independiente en la Isla, en lo cual enumera varias formas de represión contra periodistas como la exigencia de contar con afiliación para ejercer el periodismo, amenazas, citaciones e interrogatorios con fines intimidatorios; detenciones arbitrarias; allanamientos y decomiso de equipos periodísticos u otros bienes; despidos y pérdida de autorizaciones para ejercer profesión o actividades económicas; presiones y amenazas a familiares, entorno social y prácticas difamatorias; e impedimentos de salida y otras restricciones arbitrarias a la libertad de circulación.</p>
<p style="text-align: justify;">La Comisión también señala de forma particular la violencia, discriminación y restricciones a sus derechos de reunión, asociación y libertad de expresión que sufren las <strong>personas LGBTI+</strong> y las personas defensoras de derechos humanos que trabajan temas de orientación sexual e identidad de género. “En particular, la Comisión observa que la intersección entre la discriminación por razones del origen étnico-racial, orientación sexual diversa e identidad de género afectaría de manera desproporcionada a la población LGBTI afrocubana”, indica.</p>
<p style="text-align: justify;">Raza e Igualdad exhorta al Estado cubano a adoptar las medidas cautelares otorgadas por la CIDH a favor de Héctor Valdés Cocho y Raúl Soublett López, y a permitir que tanto ellos como todas las y los periodistas independientes y personas defensoras de derechos humanos puedan ejercer sus labores sin ser objeto de discriminación, violencia y detenciones, <strong>conforme a sus obligaciones internacionales</strong> en materia de derechos humanos.</p>

<p>Washington D.C., 3 de diciembre de 2021.&#8211; Respondiendo a una solicitud del Instituto sobre Raza, Igualdad y Derechos Humanos (Raza e Igualdad), la Comisión Interamericana de Derechos Humanos (CIDH) decidió [&hellip;]</p>
