{"id":14036,"date":"2022-01-21T14:59:13","date_gmt":"2022-01-21T14:59:13","guid":{"rendered":"http:\/\/race01.wp\/resources\/colombia-raza-e-igualdad-alerta-sobre-el-recrudecimiento-de-la-violencia-contra-personas-defensoras-de-derechos-humanos-al-iniciar-el-2022\/"},"modified":"2023-05-15T04:24:12","modified_gmt":"2023-05-15T04:24:12","slug":"colombia-raza-e-igualdad-alerta-sobre-el-recrudecimiento-de-la-violencia-contra-personas-defensoras-de-derechos-humanos-al-iniciar-el-2022","status":"publish","type":"resources","link":"https:\/\/raceandequality.org\/es\/resources\/colombia-raza-e-igualdad-alerta-sobre-el-recrudecimiento-de-la-violencia-contra-personas-defensoras-de-derechos-humanos-al-iniciar-el-2022\/","title":{"rendered":"Colombia: Raza e Igualdad alerta sobre el recrudecimiento de la violencia contra personas defensoras de derechos humanos al iniciar el 2022"},"content":{"rendered":"<p style=\"text-align: justify;\"><em><strong>Colombia, 21 de enero de 2022<\/strong>. El Instituto Internacional sobre Raza, Igualdad y Derechos Humanos (Raza e Igualdad) rechaza los asesinatos contra personas defensoras de derechos humanos y liderazgos sociales, as\u00ed como el aumento de la violencia armada en los territorios de comunidades \u00e9tnicas. Esta situaci\u00f3n se ha visto exacerbada en las primeras semanas del 2022 y\u00a0 le ha costado la vida a seis l\u00edderes sociales, incluido un ni\u00f1o ind\u00edgena defensor del medio ambiente.<a href=\"#_ftn1\" name=\"_ftnref1\"><strong>[1]<\/strong><\/a> <\/em><\/p>\n<p style=\"text-align: justify;\">Hasta este 19 de enero, organizaciones que monitorean y registran la situaci\u00f3n en los territorios hab\u00edan registrado graves violaciones a los derechos humanos en diferentes partes del pa\u00eds.<a href=\"#_ftn2\" name=\"_ftnref2\">[2]<\/a> La violencia a manos de grupos armados se ha incrementado, dejando un impacto desproporcionado en las personas defensoras de derechos humanos y liderazgos sociales, especialmente en territorios con gran presencia de comunidades afrocolombianas e ind\u00edgenas. Por ejemplo, en Arauca\u2014al Este del pa\u00eds\u2014se est\u00e1n presentando fuertes enfrentamientos entre diferentes grupos armados<a href=\"#_ftn3\" name=\"_ftnref3\">[3]<\/a>, con un saldo preliminar de 27 personas asesinadas, 57 familias v\u00edctimas de desplazamiento, 50 personas desaparecidas y 2,000 personas en riesgo.<a href=\"#_ftn4\" name=\"_ftnref4\">[4]<\/a> Adem\u00e1s, durante el 2022 ya se han registrado 10 masacres en acciones de control territorial y \u201climpieza social\u201d.<a href=\"#_ftn5\" name=\"_ftnref5\">[5]<\/a><\/p>\n<p style=\"text-align: justify;\">En este contexto, la violencia contra personas defensoras de derechos humanos y liderazgos sociales en Colombia se sigue exacerbando. Para la fecha, se reportan 9 asesinatos contra personas defensoras de derechos humanos y liderazgos sociales en el pa\u00eds. El 10 de enero fue asesinado Nilson Antonio Velasquez Gil, l\u00edder social, en Medio San Juan, Choc\u00f3,<a href=\"#_ftn6\" name=\"_ftnref6\">[6]<\/a> el 14 de enero de 2022 fueron asesinados Guillermo Chicana<a href=\"#_ftn7\" name=\"_ftnref7\">[7]<\/a> y Breiner David Cucu\u00f1ame L\u00f3pez,<a href=\"#_ftn8\" name=\"_ftnref8\">[8]<\/a> lideres ind\u00edgena y ambientalistas, en el municipio de Buenos Aires, Cauca. Por otra parte, el 17 de enero de 2022 fueron asesinados 4 l\u00edderes sociales: Miguel Carrillo, l\u00edder social, cultor y artesano, en Arauquita, Arauca,<a href=\"#_ftn9\" name=\"_ftnref9\">[9]<\/a>Luz Marina Arteaga Henao lideresa campesina, m\u00e9dica y reclamante de tierras, en Orocu\u00e9, Casanare,<a href=\"#_ftn10\" name=\"_ftnref10\">[10]<\/a>\u00a0 Mario Jonathan Palomino Salcedo, profesor y l\u00edder social en El Carmen de Viboral, Antioquia<a href=\"#_ftn11\" name=\"_ftnref11\">[11]<\/a>,\u00a0 y Wilson Costez Molano l\u00edder de Puerto Guzm\u00e1n, Putumayo.<a href=\"#_ftn12\" name=\"_ftnref12\">[12]<\/a> El 19 de enero del presente a\u00f1o fue asesinado Jos\u00e9 Avelino P\u00e9rez Ortiz, l\u00edder social en Arauca, Arauca; por \u00faltimo 20 de enero fue asesinado Libardo Castillo Ortiz, l\u00edder del consejo comunitario en la vereda San Miguel de \u00d1ambi del municipio de Barbacoas, Nari\u00f1o;<a href=\"#_ftn13\" name=\"_ftnref13\">[13]<\/a> completando un total de 9 l\u00edderes y lideresas sociales asesinados en los primeros 20 d\u00edas del 2022.<a href=\"#_ftn14\" name=\"_ftnref14\">[14]<\/a><\/p>\n<p style=\"text-align: justify;\">Cabe resaltar que, seg\u00fan las cifras del Observatorio de Derechos Humanos y Conflictividades de Indepaz, el 2021 cerr\u00f3 con 168 l\u00edderes y lideresas sociales asesinados,<a href=\"#_ftn15\" name=\"_ftnref15\">[15]<\/a> entre ellos el joven afrocolombiano Esnaider Javier Castillo Ort\u00edz, quien era integrante de la Fundaci\u00f3n Arco\u00edris. Esnaider fue asesinado el 27 de diciembre de 2021 en Barbacoas, Nari\u00f1o, y era un reconocido l\u00edder cultural de la zona.<a href=\"#_ftn16\" name=\"_ftnref16\">[16]<\/a><\/p>\n<p style=\"text-align: justify;\">En este 2022 vemos c\u00f3mo se contin\u00faan agudizando los patrones de violencia sistem\u00e1tica contra personas defensoras y liderazgos sociales, que impactan de manera desproporcionada a las personas ind\u00edgenas y afrocolombianas.<\/p>\n<p style=\"text-align: justify;\">Raza e Igualdad expresa su preocupaci\u00f3n por la situaci\u00f3n escalonada de violencia y rechaza los asesinados de personas defensoras y liderazgos sociales. Ante este aumento de las violaciones de derechos humanos, resulta necesario adoptar medidas urgentes para garantizar la protecci\u00f3n y seguridad en los territorios afectados por el conflicto armado. Desde el Instituto, llamamos la atenci\u00f3n sobre el trabajo que realiza la Unidad Nacional de Protecci\u00f3n, reiterando la necesidad de adoptar medidas de protecci\u00f3n adecuadas, integrales, efectivas y con enfoques diferenciales que permitan responder a las situaciones de riesgo que enfrentan las personas defensoras en los territorios del pa\u00eds.<\/p>\n<p style=\"text-align: justify;\">En este sentido, el Estado colombiano debe responder a las necesidades de protecci\u00f3n garantizando tr\u00e1mites \u00e1giles y sin demoras injustificadas, con evaluaciones de riesgo que no sean revictimizantes y que respondan a la realidad de los territorios desde los enfoques diferenciales. Por consiguiente, instamos al Gobierno colombiano a que adopte medidas integrales para abordar la situaci\u00f3n de riesgo de personas defensoras de derechos humanos y liderazgos sociales, y hacemos un llamado a las organizaciones internacionales para que realicen seguimiento y emitan recomendaciones para la verdadera garant\u00eda de los derechos humanos en Colombia.<\/p>\n<p>&nbsp;<\/p>\n<p>&nbsp;<\/p>\n<p style=\"text-align: justify;\"><a href=\"#_ftnref1\" name=\"_ftn1\">[1]<\/a> DIARIO VEA\u00a0\u00a0\u00a0\u00a0 <a href=\"https:\/\/raceandequality.org\/1323\">http:\/\/diariovea.com.ve\/horroroso-ya-son-6-los-lideres-sociales-asesinados-en-colombia-en-2022\/<\/a><\/p>\n<p style=\"text-align: justify;\"><a href=\"#_ftnref2\" name=\"_ftn2\">[2]<\/a> El Espectador (2022 20 de enero) <a href=\"https:\/\/raceandequality.org\/1324\">https:\/\/www.elespectador.com\/colombia\/mas-regiones\/en-apenas-55-horas-asesinan-a-dos-lideres-sociales-en-arauca\/<\/a><\/p>\n<p style=\"text-align: justify;\"><a href=\"#_ftnref3\" name=\"_ftn3\">[3]<\/a> Mesa, Jes\u00fas (2022, 14 de enero). El Espectador le explica: la situaci\u00f3n de orden p\u00fablico que se vive en Arauca. <a href=\"https:\/\/raceandequality.org\/1325\"><em>El Espectador<\/em><\/a><em>.<\/em><\/p>\n<p style=\"text-align: justify;\"><a href=\"#_ftnref4\" name=\"_ftn4\">[4]<\/a> INDEPAZ (2022, 8 de enero). La violencia en Arauca es mucho m\u00e1s que choques entre grupos armados. <a href=\"https:\/\/raceandequality.org\/1326\">Indepaz.org.co<\/a>.<\/p>\n<p style=\"text-align: justify;\"><a href=\"#_ftnref5\" name=\"_ftn5\">[5]<\/a> INDEPAZ. <a href=\"https:\/\/raceandequality.org\/1327\">Masacres ocurridas en Colombia en 2022<\/a>. Cfr. Observatorio de DDHH, Conflictividades y Paz. <a href=\"https:\/\/raceandequality.org\/1328\">Masacres en Colombia durante el 2020, 2021 y 2022<\/a>.<\/p>\n<p style=\"text-align: justify;\"><a href=\"#_ftnref6\" name=\"_ftn6\">[6]<\/a> INFOBAE (2022, 18 de enero)\u00a0 <a href=\"https:\/\/raceandequality.org\/1329\">https:\/\/www.infobae.com\/america\/colombia\/2022\/01\/18\/alerta-en-choco-conflicto-entre-eln-y-clan-del-golfo-ha-desplazado-a-mas-de-1500-personas\/<\/a><\/p>\n<p style=\"text-align: justify;\"><a href=\"#_ftnref7\" name=\"_ftn7\">[7]<\/a> El Colombiano (2022, 14 de enero). <a href=\"https:\/\/raceandequality.org\/1330\">Denuncian el asesinato de l\u00edder ind\u00edgena en Buenos Aires, Cauca<\/a>.<\/p>\n<p style=\"text-align: justify;\"><a href=\"#_ftnref8\" name=\"_ftn8\">[8]<\/a> El Colombiano (2022, 15 de enero). <a href=\"https:\/\/raceandequality.org\/1331\">Disidentes asesinan a Breiner David, joven de la guardia ind\u00edgena en Cauca<\/a>.<\/p>\n<p style=\"text-align: justify;\"><a href=\"#_ftnref9\" name=\"_ftn9\">[9]<\/a> INDEPAZ (2022, 17 de enero). <a href=\"https:\/\/raceandequality.org\/1327\">Con Miguel Carrillo ser\u00eda 03 los l\u00edderes y defensores de DDHH asesinados en 2022 y 1289 desde la firma del Acuerdo de Paz<\/a>.<\/p>\n<p style=\"text-align: justify;\"><a href=\"#_ftnref10\" name=\"_ftn10\">[10]<\/a>El Tiempo (2022, 18 enero) <a href=\"https:\/\/raceandequality.org\/1332\">https:\/\/www.eltiempo.com\/colombia\/otras-ciudades\/hallan-cuerpo-de-luz-marina-arteaga-lider-social-asesinada-en-casanare-645615<\/a><\/p>\n<p style=\"text-align: justify;\"><a href=\"#_ftnref11\" name=\"_ftn11\">[11]<\/a> Caracol Radio \/2022, 19 de enero) <a href=\"https:\/\/raceandequality.org\/1333\">https:\/\/caracol.com.co\/emisora\/2022\/01\/19\/medellin\/1642563158_680218.html<\/a><\/p>\n<p style=\"text-align: justify;\"><a href=\"#_ftnref12\" name=\"_ftn12\">[12]<\/a>Tele sur (2022 20 de enero) <a href=\"https:\/\/raceandequality.org\/1334\">https:\/\/www.telesurtv.net\/news\/colombia-putumayo-septimo-lider-social-asesinado-20220120-0002.html<\/a><\/p>\n<p style=\"text-align: justify;\"><a href=\"#_ftnref13\" name=\"_ftn13\">[13]<\/a> Indepaz <a href=\"https:\/\/raceandequality.org\/1335\">https:\/\/twitter.com\/Indepaz\/status\/1484319294825533442<\/a><\/p>\n<p style=\"text-align: justify;\"><a href=\"#_ftnref14\" name=\"_ftn14\">[14]<\/a>Indepaz \u00a0\u00a0<a href=\"https:\/\/raceandequality.org\/1336\">https:\/\/twitter.com\/Indepaz\/status\/1484141878920552452<\/a><\/p>\n<p style=\"text-align: justify;\"><a href=\"#_ftnref15\" name=\"_ftn15\">[15]<\/a> INDEPAZ OBSERVATORIO DE DERECHOS HUMANOS Y CONFLICTIVIDADES<\/p>\n<p style=\"text-align: justify;\">\u00a0<a href=\"https:\/\/raceandequality.org\/1337\">https:\/\/indepaz.org.co\/observatorio-de-derechos-humanos-y-conflictividades\/<\/a><\/p>\n<p style=\"text-align: justify;\"><a href=\"#_ftnref16\" name=\"_ftn16\">[16]<\/a> El Tiempo (29 de diciembre 2021) <a href=\"https:\/\/raceandequality.org\/1338\">https:\/\/www.eltiempo.com\/colombia\/otras-ciudades\/esnaider-javier-castillo-luto-en-el-pacifico-por-su-asesinato-641740<\/a><\/p>\n","protected":false},"excerpt":{"rendered":"<p>Colombia, 21 de enero de 2022. El Instituto Internacional sobre Raza, Igualdad y Derechos Humanos (Raza e Igualdad) rechaza los asesinatos contra personas defensoras de derechos humanos y liderazgos sociales, [&hellip;]<\/p>\n","protected":false},"author":15,"featured_media":14037,"parent":0,"menu_order":0,"template":"","format":"standard","categories":[1162,1122,1154,1159],"resources_country":[1191],"resources_language":[],"resources_audience":[],"resources_format":[],"resources_topic":[1100,1117],"resources_year":[],"class_list":["post-14036","resources","type-resources","status-publish","format-standard","has-post-thumbnail","hentry","category-cidh","category-colombia","category-espanol","category-onu","resources_country-colombia-es","resources_topic-cidh","resources_topic-onu"],"acf":[],"aioseo_notices":[],"_links":{"self":[{"href":"https:\/\/raceandequality.org\/es\/wp-json\/wp\/v2\/resources\/14036","targetHints":{"allow":["GET"]}}],"collection":[{"href":"https:\/\/raceandequality.org\/es\/wp-json\/wp\/v2\/resources"}],"about":[{"href":"https:\/\/raceandequality.org\/es\/wp-json\/wp\/v2\/types\/resources"}],"author":[{"embeddable":true,"href":"https:\/\/raceandequality.org\/es\/wp-json\/wp\/v2\/users\/15"}],"wp:featuredmedia":[{"embeddable":true,"href":"https:\/\/raceandequality.org\/es\/wp-json\/wp\/v2\/media\/14037"}],"wp:attachment":[{"href":"https:\/\/raceandequality.org\/es\/wp-json\/wp\/v2\/media?parent=14036"}],"wp:term":[{"taxonomy":"category","embeddable":true,"href":"https:\/\/raceandequality.org\/es\/wp-json\/wp\/v2\/categories?post=14036"},{"taxonomy":"resources_country","embeddable":true,"href":"https:\/\/raceandequality.org\/es\/wp-json\/wp\/v2\/resources_country?post=14036"},{"taxonomy":"resources_language","embeddable":true,"href":"https:\/\/raceandequality.org\/es\/wp-json\/wp\/v2\/resources_language?post=14036"},{"taxonomy":"resources_audience","embeddable":true,"href":"https:\/\/raceandequality.org\/es\/wp-json\/wp\/v2\/resources_audience?post=14036"},{"taxonomy":"resources_format","embeddable":true,"href":"https:\/\/raceandequality.org\/es\/wp-json\/wp\/v2\/resources_format?post=14036"},{"taxonomy":"resources_topic","embeddable":true,"href":"https:\/\/raceandequality.org\/es\/wp-json\/wp\/v2\/resources_topic?post=14036"},{"taxonomy":"resources_year","embeddable":true,"href":"https:\/\/raceandequality.org\/es\/wp-json\/wp\/v2\/resources_year?post=14036"}],"curies":[{"name":"wp","href":"https:\/\/api.w.org\/{rel}","templated":true}]}}

<p style="text-align: justify;"><em><strong>Colombia, 21 de enero de 2022</strong>. El Instituto Internacional sobre Raza, Igualdad y Derechos Humanos (Raza e Igualdad) rechaza los asesinatos contra personas defensoras de derechos humanos y liderazgos sociales, así como el aumento de la violencia armada en los territorios de comunidades étnicas. Esta situación se ha visto exacerbada en las primeras semanas del 2022 y  le ha costado la vida a seis líderes sociales, incluido un niño indígena defensor del medio ambiente.<a href="#_ftn1" name="_ftnref1"><strong>[1]</strong></a> </em></p>
<p style="text-align: justify;">Hasta este 19 de enero, organizaciones que monitorean y registran la situación en los territorios habían registrado graves violaciones a los derechos humanos en diferentes partes del país.<a href="#_ftn2" name="_ftnref2">[2]</a> La violencia a manos de grupos armados se ha incrementado, dejando un impacto desproporcionado en las personas defensoras de derechos humanos y liderazgos sociales, especialmente en territorios con gran presencia de comunidades afrocolombianas e indígenas. Por ejemplo, en Arauca—al Este del país—se están presentando fuertes enfrentamientos entre diferentes grupos armados<a href="#_ftn3" name="_ftnref3">[3]</a>, con un saldo preliminar de 27 personas asesinadas, 57 familias víctimas de desplazamiento, 50 personas desaparecidas y 2,000 personas en riesgo.<a href="#_ftn4" name="_ftnref4">[4]</a> Además, durante el 2022 ya se han registrado 10 masacres en acciones de control territorial y “limpieza social”.<a href="#_ftn5" name="_ftnref5">[5]</a></p>
<p style="text-align: justify;">En este contexto, la violencia contra personas defensoras de derechos humanos y liderazgos sociales en Colombia se sigue exacerbando. Para la fecha, se reportan 9 asesinatos contra personas defensoras de derechos humanos y liderazgos sociales en el país. El 10 de enero fue asesinado Nilson Antonio Velasquez Gil, líder social, en Medio San Juan, Chocó,<a href="#_ftn6" name="_ftnref6">[6]</a> el 14 de enero de 2022 fueron asesinados Guillermo Chicana<a href="#_ftn7" name="_ftnref7">[7]</a> y Breiner David Cucuñame López,<a href="#_ftn8" name="_ftnref8">[8]</a> lideres indígena y ambientalistas, en el municipio de Buenos Aires, Cauca. Por otra parte, el 17 de enero de 2022 fueron asesinados 4 líderes sociales: Miguel Carrillo, líder social, cultor y artesano, en Arauquita, Arauca,<a href="#_ftn9" name="_ftnref9">[9]</a>Luz Marina Arteaga Henao lideresa campesina, médica y reclamante de tierras, en Orocué, Casanare,<a href="#_ftn10" name="_ftnref10">[10]</a>  Mario Jonathan Palomino Salcedo, profesor y líder social en El Carmen de Viboral, Antioquia<a href="#_ftn11" name="_ftnref11">[11]</a>,  y Wilson Costez Molano líder de Puerto Guzmán, Putumayo.<a href="#_ftn12" name="_ftnref12">[12]</a> El 19 de enero del presente año fue asesinado José Avelino Pérez Ortiz, líder social en Arauca, Arauca; por último 20 de enero fue asesinado Libardo Castillo Ortiz, líder del consejo comunitario en la vereda San Miguel de Ñambi del municipio de Barbacoas, Nariño;<a href="#_ftn13" name="_ftnref13">[13]</a> completando un total de 9 líderes y lideresas sociales asesinados en los primeros 20 días del 2022.<a href="#_ftn14" name="_ftnref14">[14]</a></p>
<p style="text-align: justify;">Cabe resaltar que, según las cifras del Observatorio de Derechos Humanos y Conflictividades de Indepaz, el 2021 cerró con 168 líderes y lideresas sociales asesinados,<a href="#_ftn15" name="_ftnref15">[15]</a> entre ellos el joven afrocolombiano Esnaider Javier Castillo Ortíz, quien era integrante de la Fundación Arcoíris. Esnaider fue asesinado el 27 de diciembre de 2021 en Barbacoas, Nariño, y era un reconocido líder cultural de la zona.<a href="#_ftn16" name="_ftnref16">[16]</a></p>
<p style="text-align: justify;">En este 2022 vemos cómo se continúan agudizando los patrones de violencia sistemática contra personas defensoras y liderazgos sociales, que impactan de manera desproporcionada a las personas indígenas y afrocolombianas.</p>
<p style="text-align: justify;">Raza e Igualdad expresa su preocupación por la situación escalonada de violencia y rechaza los asesinados de personas defensoras y liderazgos sociales. Ante este aumento de las violaciones de derechos humanos, resulta necesario adoptar medidas urgentes para garantizar la protección y seguridad en los territorios afectados por el conflicto armado. Desde el Instituto, llamamos la atención sobre el trabajo que realiza la Unidad Nacional de Protección, reiterando la necesidad de adoptar medidas de protección adecuadas, integrales, efectivas y con enfoques diferenciales que permitan responder a las situaciones de riesgo que enfrentan las personas defensoras en los territorios del país.</p>
<p style="text-align: justify;">En este sentido, el Estado colombiano debe responder a las necesidades de protección garantizando trámites ágiles y sin demoras injustificadas, con evaluaciones de riesgo que no sean revictimizantes y que respondan a la realidad de los territorios desde los enfoques diferenciales. Por consiguiente, instamos al Gobierno colombiano a que adopte medidas integrales para abordar la situación de riesgo de personas defensoras de derechos humanos y liderazgos sociales, y hacemos un llamado a las organizaciones internacionales para que realicen seguimiento y emitan recomendaciones para la verdadera garantía de los derechos humanos en Colombia.</p>
<p>&nbsp;</p>
<p>&nbsp;</p>
<p style="text-align: justify;"><a href="#_ftnref1" name="_ftn1">[1]</a> DIARIO VEA     <a href="https://raceandequality.org/1323">http://diariovea.com.ve/horroroso-ya-son-6-los-lideres-sociales-asesinados-en-colombia-en-2022/</a></p>
<p style="text-align: justify;"><a href="#_ftnref2" name="_ftn2">[2]</a> El Espectador (2022 20 de enero) <a href="https://raceandequality.org/1324">https://www.elespectador.com/colombia/mas-regiones/en-apenas-55-horas-asesinan-a-dos-lideres-sociales-en-arauca/</a></p>
<p style="text-align: justify;"><a href="#_ftnref3" name="_ftn3">[3]</a> Mesa, Jesús (2022, 14 de enero). El Espectador le explica: la situación de orden público que se vive en Arauca. <a href="https://raceandequality.org/1325"><em>El Espectador</em></a><em>.</em></p>
<p style="text-align: justify;"><a href="#_ftnref4" name="_ftn4">[4]</a> INDEPAZ (2022, 8 de enero). La violencia en Arauca es mucho más que choques entre grupos armados. <a href="https://raceandequality.org/1326">Indepaz.org.co</a>.</p>
<p style="text-align: justify;"><a href="#_ftnref5" name="_ftn5">[5]</a> INDEPAZ. <a href="https://raceandequality.org/1327">Masacres ocurridas en Colombia en 2022</a>. Cfr. Observatorio de DDHH, Conflictividades y Paz. <a href="https://raceandequality.org/1328">Masacres en Colombia durante el 2020, 2021 y 2022</a>.</p>
<p style="text-align: justify;"><a href="#_ftnref6" name="_ftn6">[6]</a> INFOBAE (2022, 18 de enero)  <a href="https://raceandequality.org/1329">https://www.infobae.com/america/colombia/2022/01/18/alerta-en-choco-conflicto-entre-eln-y-clan-del-golfo-ha-desplazado-a-mas-de-1500-personas/</a></p>
<p style="text-align: justify;"><a href="#_ftnref7" name="_ftn7">[7]</a> El Colombiano (2022, 14 de enero). <a href="https://raceandequality.org/1330">Denuncian el asesinato de líder indígena en Buenos Aires, Cauca</a>.</p>
<p style="text-align: justify;"><a href="#_ftnref8" name="_ftn8">[8]</a> El Colombiano (2022, 15 de enero). <a href="https://raceandequality.org/1331">Disidentes asesinan a Breiner David, joven de la guardia indígena en Cauca</a>.</p>
<p style="text-align: justify;"><a href="#_ftnref9" name="_ftn9">[9]</a> INDEPAZ (2022, 17 de enero). <a href="https://raceandequality.org/1327">Con Miguel Carrillo sería 03 los líderes y defensores de DDHH asesinados en 2022 y 1289 desde la firma del Acuerdo de Paz</a>.</p>
<p style="text-align: justify;"><a href="#_ftnref10" name="_ftn10">[10]</a>El Tiempo (2022, 18 enero) <a href="https://raceandequality.org/1332">https://www.eltiempo.com/colombia/otras-ciudades/hallan-cuerpo-de-luz-marina-arteaga-lider-social-asesinada-en-casanare-645615</a></p>
<p style="text-align: justify;"><a href="#_ftnref11" name="_ftn11">[11]</a> Caracol Radio /2022, 19 de enero) <a href="https://raceandequality.org/1333">https://caracol.com.co/emisora/2022/01/19/medellin/1642563158_680218.html</a></p>
<p style="text-align: justify;"><a href="#_ftnref12" name="_ftn12">[12]</a>Tele sur (2022 20 de enero) <a href="https://raceandequality.org/1334">https://www.telesurtv.net/news/colombia-putumayo-septimo-lider-social-asesinado-20220120-0002.html</a></p>
<p style="text-align: justify;"><a href="#_ftnref13" name="_ftn13">[13]</a> Indepaz <a href="https://raceandequality.org/1335">https://twitter.com/Indepaz/status/1484319294825533442</a></p>
<p style="text-align: justify;"><a href="#_ftnref14" name="_ftn14">[14]</a>Indepaz   <a href="https://raceandequality.org/1336">https://twitter.com/Indepaz/status/1484141878920552452</a></p>
<p style="text-align: justify;"><a href="#_ftnref15" name="_ftn15">[15]</a> INDEPAZ OBSERVATORIO DE DERECHOS HUMANOS Y CONFLICTIVIDADES</p>
<p style="text-align: justify;"> <a href="https://raceandequality.org/1337">https://indepaz.org.co/observatorio-de-derechos-humanos-y-conflictividades/</a></p>
<p style="text-align: justify;"><a href="#_ftnref16" name="_ftn16">[16]</a> El Tiempo (29 de diciembre 2021) <a href="https://raceandequality.org/1338">https://www.eltiempo.com/colombia/otras-ciudades/esnaider-javier-castillo-luto-en-el-pacifico-por-su-asesinato-641740</a></p>
