{"id":14240,"date":"2022-05-17T00:00:00","date_gmt":"2022-05-17T00:00:00","guid":{"rendered":"http:\/\/race01.wp\/resources\/17m-la-tarea-es-eliminar-la-lgbtifobia-estructural\/"},"modified":"2023-05-15T05:03:25","modified_gmt":"2023-05-15T05:03:25","slug":"17m-la-tarea-es-eliminar-la-lgbtifobia-estructural","status":"publish","type":"resources","link":"https:\/\/raceandequality.org\/es\/resources\/17m-la-tarea-es-eliminar-la-lgbtifobia-estructural\/","title":{"rendered":"17M: La tarea es eliminar la LGBTIfobia estructural"},"content":{"rendered":"<p style=\"text-align: justify;\"><strong>Washington D.C., 17 de mayo de 2022.<\/strong>&#8211; Las personas lesbianas, gays, bisexuales, trans, intersexuales y de identidades diversas a lo largo de la historia universal han sido perseguidas por su identidad de g\u00e9nero y su orientaci\u00f3n sexual. Aunque hay avances normativos en materia de derechos humanos a\u00fan en algunas sociedades patologizan y criminalizan a las personas LGBTI+.<\/p>\n<p style=\"text-align: justify;\">Incluso, hasta el 17 de mayo de 1990, Organizaci\u00f3n Mundial de la Salud (OMS) consideraba a la homosexualidad como una patolog\u00eda mental, as\u00ed lo registr\u00f3 en la primera versi\u00f3n de su <strong><a href=\"https:\/\/raceandequality.org\/655\">Manual de Clasificaci\u00f3n Internacional de Enfermedades (CIE)<\/a><\/strong> de 1948. Asimismo, desde 1975 definieron a la transexualidad como un trastorno mental. Reci\u00e9n en el 2018, <strong><a href=\"https:\/\/raceandequality.org\/656\">con la versi\u00f3n CIE-11<\/a><\/strong>, la sac\u00f3 de la lista.<\/p>\n<p style=\"text-align: justify;\">Por ello, cada 17 de mayo, D\u00eda Internacional contra la Homofobia, Transfobia y Bifobia se conmemora la hist\u00f3rica decisi\u00f3n de la\u00a0OMS que contribuy\u00f3 a la despatologizaci\u00f3n y al reconocimiento de la homosexualidad como un aspecto natural de la vida y de la sexualidad. Sin embargo, a\u00fan en muchos lugares del mundo, la diversidad sexual es condenada por la religi\u00f3n, las leyes y la sociedad, incluso con pena de muerte.<\/p>\n<p style=\"text-align: justify;\">El da\u00f1o hist\u00f3rico es irreversible y lo mejor que queda por hacer es saldar esa deuda hist\u00f3rica que ha colocado a la comunidad LGBTI+ en un contexto de particular vulnerabilidad.<\/p>\n<p style=\"text-align: justify;\"><strong>Cuerpos como territorios de violencia<\/strong><\/p>\n<p style=\"text-align: justify;\">\u201cNuestros cuerpos, nuestras vidas, nuestros derechos\u201d es la consiga de este a\u00f1o elegida por la organizaci\u00f3n 17 de Mayo para conmemorar esta fecha. \u201cUn tema que nos recuerda que muchos de nosotros en todo el mundo vivimos la LGBTQI-fobia en carne propia todos los d\u00edas y que nuestros cuerpos est\u00e1n siendo abusados, arruinando nuestras vidas.\u201d, describe su <a href=\"https:\/\/raceandequality.org\/657\"><strong>portal web<\/strong><\/a>.<\/p>\n<p style=\"text-align: justify;\">En Latinoam\u00e9rica y el Caribe, se registraron al menos 370 asesinatos de personas LGBTI+ en el 2020, y la tendencia desde 2014 es que el n\u00famero de homicidios aumente anualmente, tal y como se\u00f1ala el <strong><a href=\"https:\/\/raceandequality.org\/658\">\u00faltimo informe<\/a> <\/strong>la red de organizaciones de la sociedad civil Sin Violencia LGBTI. A diario, se practican muchas\u00a0violencias\u00a0sobre los cuerpos que no cumplen con las expectativas de g\u00e9nero binario cisnormativo heterosexual, siendo la muerte la forma m\u00e1s violenta de atentar contra las vidas de las personas de la diversidad sexual.<\/p>\n<p style=\"text-align: justify;\"><strong>Lucha LGBTI+<\/strong><\/p>\n<p style=\"text-align: justify;\">Gracias a los liderazgos LGBTI+ y a la suma de contribuciones de organizaciones de derechos humanos, hoy hay m\u00e1s personas visibles y no visibles uni\u00e9ndose a la lucha LGBTI+ contra la desigualdad, violencia y la discriminaci\u00f3n estructural.<\/p>\n<p style=\"text-align: justify;\">Sin embargo, es compromiso de todes construir y defender una sociedad plural, donde se respeten las diversas formas de expresar, pensar, actuar, amar y ser. Esta es una lucha de todes, para todes y que todes debemos hacer nuestra. Como menciona Dhananjayan Sriskandarajah, director de Oxfam, en una <strong><a href=\"https:\/\/raceandequality.org\/659\">columna de opini\u00f3n<\/a> <\/strong>de Equal Times, la defensa de la dignidad, la libertad, la identidad y la vida son derechos ligados intr\u00ednsecamente a los derechos de cada une.<\/p>\n<p style=\"text-align: justify;\">En la campa\u00f1a global a favor de la igualdad, justicia social y no discriminaci\u00f3n por razones de orientaci\u00f3n sexual e identidad de g\u00e9nero todes debemos ser parte.<\/p>\n<p style=\"text-align: justify;\"><strong>Acciones contra el odio y la violencia<\/strong><\/p>\n<p style=\"text-align: justify;\">Este 17 de mayo, desde Raza e Igualdad conmemoramos el derecho a vivir libres de violencia y con dignidad. Si bien existen cambios normativos y reconocimientos legales en muchos pa\u00edses, creemos que no es suficiente. Tenemos el firme convencimiento de que la verdadera transformaci\u00f3n social llegar\u00e1 cuando, desde diferentes sectores, empecemos un verdadero trabajo para deconstruir los pensamientos y actitudes de las sociedades que no permite que todas las personas en sus diversidades puedan vivir plenas y seguras.<\/p>\n<p style=\"text-align: justify;\">Por ello, conminamos a los Estados a combatir el estigma, la discriminaci\u00f3n y la violencia estatal que precariza las existencias LGBTI+ residentes y en movilidad humana, que permite el abuso policial, la impunidad en cr\u00edmenes de odio, la discriminaci\u00f3n, la violencia en espacios educativos y sanitarios, la tortura, la violencia sexual y reproductiva, los malos tratos, los tr\u00e1mites injustificados y un largo etc\u00e9tera de acciones que disfrazan y justifican la violencia para seguir manteni\u00e9ndoles en la marginalizaci\u00f3n.<\/p>\n<p style=\"text-align: justify;\">Todo ello, tiene efectos reales, graves y adversos en la seguridad integral de la poblaci\u00f3n LGBTI+, en el acceso al trabajo, en sus desarrollos, en la educaci\u00f3n y en la salud f\u00edsica y mental que no se pueden tolerar m\u00e1s. Se necesitan los esfuerzos de todos los Estados y sociedades para eliminar el entorno LGBTIf\u00f3bico y garantizar los derechos humanos de la poblaci\u00f3n LGBTI+. Esto no se lograr\u00e1 sin la voluntad pol\u00edtica de escuchar activamente, comprender y abordar con altura las necesidades espec\u00edficas de lesbianas, gays, bisexuales, trans, intersexuales y dem\u00e1s identidades diversas.<\/p>\n","protected":false},"excerpt":{"rendered":"<p>Washington D.C., 17 de mayo de 2022.&#8211; Las personas lesbianas, gays, bisexuales, trans, intersexuales y de identidades diversas a lo largo de la historia universal han sido perseguidas por su [&hellip;]<\/p>\n","protected":false},"author":15,"featured_media":14241,"parent":0,"menu_order":0,"template":"","format":"standard","categories":[1123,1154,1172,1166,1169,1168,1124,1163],"resources_country":[1193,1197,1199,1205,1201],"resources_language":[],"resources_audience":[],"resources_format":[],"resources_topic":[1111,1104,1109],"resources_year":[],"class_list":["post-14240","resources","type-resources","status-publish","format-standard","has-post-thumbnail","hentry","category-cuba","category-espanol","category-lgbti","category-mexico","category-nicaragua","category-panama","category-peru","category-regional","resources_country-cuba-es","resources_country-mexico-es","resources_country-nicaragua-es","resources_country-panama-es","resources_country-peru-es","resources_topic-discriminacion-racial","resources_topic-lgbti-es","resources_topic-raza-e-igualdad"],"acf":[],"aioseo_notices":[],"_links":{"self":[{"href":"https:\/\/raceandequality.org\/es\/wp-json\/wp\/v2\/resources\/14240","targetHints":{"allow":["GET"]}}],"collection":[{"href":"https:\/\/raceandequality.org\/es\/wp-json\/wp\/v2\/resources"}],"about":[{"href":"https:\/\/raceandequality.org\/es\/wp-json\/wp\/v2\/types\/resources"}],"author":[{"embeddable":true,"href":"https:\/\/raceandequality.org\/es\/wp-json\/wp\/v2\/users\/15"}],"wp:featuredmedia":[{"embeddable":true,"href":"https:\/\/raceandequality.org\/es\/wp-json\/wp\/v2\/media\/14241"}],"wp:attachment":[{"href":"https:\/\/raceandequality.org\/es\/wp-json\/wp\/v2\/media?parent=14240"}],"wp:term":[{"taxonomy":"category","embeddable":true,"href":"https:\/\/raceandequality.org\/es\/wp-json\/wp\/v2\/categories?post=14240"},{"taxonomy":"resources_country","embeddable":true,"href":"https:\/\/raceandequality.org\/es\/wp-json\/wp\/v2\/resources_country?post=14240"},{"taxonomy":"resources_language","embeddable":true,"href":"https:\/\/raceandequality.org\/es\/wp-json\/wp\/v2\/resources_language?post=14240"},{"taxonomy":"resources_audience","embeddable":true,"href":"https:\/\/raceandequality.org\/es\/wp-json\/wp\/v2\/resources_audience?post=14240"},{"taxonomy":"resources_format","embeddable":true,"href":"https:\/\/raceandequality.org\/es\/wp-json\/wp\/v2\/resources_format?post=14240"},{"taxonomy":"resources_topic","embeddable":true,"href":"https:\/\/raceandequality.org\/es\/wp-json\/wp\/v2\/resources_topic?post=14240"},{"taxonomy":"resources_year","embeddable":true,"href":"https:\/\/raceandequality.org\/es\/wp-json\/wp\/v2\/resources_year?post=14240"}],"curies":[{"name":"wp","href":"https:\/\/api.w.org\/{rel}","templated":true}]}}

<p style="text-align: justify;"><strong>Washington D.C., 17 de mayo de 2022.</strong>&#8211; Las personas lesbianas, gays, bisexuales, trans, intersexuales y de identidades diversas a lo largo de la historia universal han sido perseguidas por su identidad de género y su orientación sexual. Aunque hay avances normativos en materia de derechos humanos aún en algunas sociedades patologizan y criminalizan a las personas LGBTI+.</p>
<p style="text-align: justify;">Incluso, hasta el 17 de mayo de 1990, Organización Mundial de la Salud (OMS) consideraba a la homosexualidad como una patología mental, así lo registró en la primera versión de su <strong><a href="https://raceandequality.org/655">Manual de Clasificación Internacional de Enfermedades (CIE)</a></strong> de 1948. Asimismo, desde 1975 definieron a la transexualidad como un trastorno mental. Recién en el 2018, <strong><a href="https://raceandequality.org/656">con la versión CIE-11</a></strong>, la sacó de la lista.</p>
<p style="text-align: justify;">Por ello, cada 17 de mayo, Día Internacional contra la Homofobia, Transfobia y Bifobia se conmemora la histórica decisión de la OMS que contribuyó a la despatologización y al reconocimiento de la homosexualidad como un aspecto natural de la vida y de la sexualidad. Sin embargo, aún en muchos lugares del mundo, la diversidad sexual es condenada por la religión, las leyes y la sociedad, incluso con pena de muerte.</p>
<p style="text-align: justify;">El daño histórico es irreversible y lo mejor que queda por hacer es saldar esa deuda histórica que ha colocado a la comunidad LGBTI+ en un contexto de particular vulnerabilidad.</p>
<p style="text-align: justify;"><strong>Cuerpos como territorios de violencia</strong></p>
<p style="text-align: justify;">“Nuestros cuerpos, nuestras vidas, nuestros derechos” es la consiga de este año elegida por la organización 17 de Mayo para conmemorar esta fecha. “Un tema que nos recuerda que muchos de nosotros en todo el mundo vivimos la LGBTQI-fobia en carne propia todos los días y que nuestros cuerpos están siendo abusados, arruinando nuestras vidas.”, describe su <a href="https://raceandequality.org/657"><strong>portal web</strong></a>.</p>
<p style="text-align: justify;">En Latinoamérica y el Caribe, se registraron al menos 370 asesinatos de personas LGBTI+ en el 2020, y la tendencia desde 2014 es que el número de homicidios aumente anualmente, tal y como señala el <strong><a href="https://raceandequality.org/658">último informe</a> </strong>la red de organizaciones de la sociedad civil Sin Violencia LGBTI. A diario, se practican muchas violencias sobre los cuerpos que no cumplen con las expectativas de género binario cisnormativo heterosexual, siendo la muerte la forma más violenta de atentar contra las vidas de las personas de la diversidad sexual.</p>
<p style="text-align: justify;"><strong>Lucha LGBTI+</strong></p>
<p style="text-align: justify;">Gracias a los liderazgos LGBTI+ y a la suma de contribuciones de organizaciones de derechos humanos, hoy hay más personas visibles y no visibles uniéndose a la lucha LGBTI+ contra la desigualdad, violencia y la discriminación estructural.</p>
<p style="text-align: justify;">Sin embargo, es compromiso de todes construir y defender una sociedad plural, donde se respeten las diversas formas de expresar, pensar, actuar, amar y ser. Esta es una lucha de todes, para todes y que todes debemos hacer nuestra. Como menciona Dhananjayan Sriskandarajah, director de Oxfam, en una <strong><a href="https://raceandequality.org/659">columna de opinión</a> </strong>de Equal Times, la defensa de la dignidad, la libertad, la identidad y la vida son derechos ligados intrínsecamente a los derechos de cada une.</p>
<p style="text-align: justify;">En la campaña global a favor de la igualdad, justicia social y no discriminación por razones de orientación sexual e identidad de género todes debemos ser parte.</p>
<p style="text-align: justify;"><strong>Acciones contra el odio y la violencia</strong></p>
<p style="text-align: justify;">Este 17 de mayo, desde Raza e Igualdad conmemoramos el derecho a vivir libres de violencia y con dignidad. Si bien existen cambios normativos y reconocimientos legales en muchos países, creemos que no es suficiente. Tenemos el firme convencimiento de que la verdadera transformación social llegará cuando, desde diferentes sectores, empecemos un verdadero trabajo para deconstruir los pensamientos y actitudes de las sociedades que no permite que todas las personas en sus diversidades puedan vivir plenas y seguras.</p>
<p style="text-align: justify;">Por ello, conminamos a los Estados a combatir el estigma, la discriminación y la violencia estatal que precariza las existencias LGBTI+ residentes y en movilidad humana, que permite el abuso policial, la impunidad en crímenes de odio, la discriminación, la violencia en espacios educativos y sanitarios, la tortura, la violencia sexual y reproductiva, los malos tratos, los trámites injustificados y un largo etcétera de acciones que disfrazan y justifican la violencia para seguir manteniéndoles en la marginalización.</p>
<p style="text-align: justify;">Todo ello, tiene efectos reales, graves y adversos en la seguridad integral de la población LGBTI+, en el acceso al trabajo, en sus desarrollos, en la educación y en la salud física y mental que no se pueden tolerar más. Se necesitan los esfuerzos de todos los Estados y sociedades para eliminar el entorno LGBTIfóbico y garantizar los derechos humanos de la población LGBTI+. Esto no se logrará sin la voluntad política de escuchar activamente, comprender y abordar con altura las necesidades específicas de lesbianas, gays, bisexuales, trans, intersexuales y demás identidades diversas.</p>
