{"id":14253,"date":"2022-05-20T18:37:19","date_gmt":"2022-05-20T18:37:19","guid":{"rendered":"http:\/\/race01.wp\/resources\/la-comadre-20-anos-de-lucha-por-la-reparacion-integral-de-las-mujeres-afrodescendientes-victimas-del-conflicto-armado-en-colombia\/"},"modified":"2023-05-15T04:31:48","modified_gmt":"2023-05-15T04:31:48","slug":"la-comadre-20-anos-de-lucha-por-la-reparacion-integral-de-las-mujeres-afrodescendientes-victimas-del-conflicto-armado-en-colombia","status":"publish","type":"resources","link":"https:\/\/raceandequality.org\/es\/resources\/la-comadre-20-anos-de-lucha-por-la-reparacion-integral-de-las-mujeres-afrodescendientes-victimas-del-conflicto-armado-en-colombia\/","title":{"rendered":"LA COMADRE: 20 a\u00f1os de lucha por la reparaci\u00f3n integral de las mujeres afrodescendientes v\u00edctimas del conflicto armado en Colombia"},"content":{"rendered":"<p style=\"text-align: justify;\">Colombia, 20 de mayo del 2022.-La Coordinaci\u00f3n de Mujeres Afrocolombianas Desplazadas en Resistencia (La COMADRE), vinculada a la Asociaci\u00f3n Nacional de Afrocolombianos Desplazados (AFRODES), ha documentado desde el a\u00f1o 2007 m\u00faltiples casos de violencia sexual, reclutamientos forzados, asesinatos, desplazamientos, exilios, amenazas y torturas, as\u00ed como ataques a las casas y sedes de las lideresas, entre otras vulneraciones que afectan de forma diferencial a las mujeres negras en el pa\u00eds.<\/p>\n<p style=\"text-align: justify;\">\u201cConmemoramos m\u00e1s de veinte a\u00f1os de lucha y resistencia en la visibilizaci\u00f3n de todas las problem\u00e1ticas que hemos enfrentado como mujeres negras en el marco del conflicto armado y en una guerra que no es nuestra y hemos tenido que afrontar\u201d, afirma Luz Marina Becerra Panesso, coordinadora de La COMADRE y ganadora del Premio Nacional a la Defensa de los Derechos Humanos, en la categor\u00eda defensora del a\u00f1o (2021).<\/p>\n<p style=\"text-align: justify;\">La historia de Luz Marina y de las otras siete mil mujeres agrupadas bajo el abrigo de La COMADRE se hilvana en una secuencia admirable de esfuerzos por ser reconocidas como sujetas de reparaci\u00f3n colectiva \u00e9tnica por parte de la Unidad de Atenci\u00f3n y Reparaci\u00f3n Integral a las V\u00edctimas (UARIV), lo que les garantizar\u00eda el acceso a un proceso urgente de resarcimiento integral, con enfoque \u00e9tnico racial, de g\u00e9nero y cultural; y contribuir\u00eda\u00a0 a saldar parte de la deuda hist\u00f3rica que tiene el Estado con las mujeres negras.<\/p>\n<p style=\"text-align: justify;\">Pero el camino ha estado plagado de obst\u00e1culos. En marzo del 2017, la UARIV reconoci\u00f3 a La COMADRE como sujeta de reparaci\u00f3n colectiva \u00e9tnica, en el marco del Decreto ley 4635 de 2011, que ordena la atenci\u00f3n integral a la poblaci\u00f3n afrocolombiana v\u00edctima del conflicto armado; sin embargo, un a\u00f1o despu\u00e9s, la Entidad expres\u00f3 su intenci\u00f3n de anular esta decisi\u00f3n y continuar el proceso de reparaci\u00f3n como organizaci\u00f3n bajo la ley 1448 de 2011, desconociendo las afectaciones diferenciadas y desproporcionadas del conflicto armado en las mujeres negras de la COMADRE.<\/p>\n<p style=\"text-align: justify;\">Con esta decisi\u00f3n, adem\u00e1s de desconocer la senda jurisprudencia en la cual se conceptualiza de manera amplia el concepto de \u201cSujetos \u00e9tnicos\u201d por parte de la Corte Constitucional, la UARIV revictimiza y pasa por alto las medidas contempladas en el Decreto ley 4635 de 2011, teniendo en cuenta que existe una resoluci\u00f3n de acto administrativo en firme que reconoce la calidad de La COMADRE como sujeto de reparaci\u00f3n colectiva \u00e9tnica.<\/p>\n<p style=\"text-align: justify;\">Desde ILEX Acci\u00f3n Jur\u00eddica, CODHES, AFRODES y el Instituto Raza e Igualdad,\u00a0 organizaciones que realizamos acompa\u00f1amiento jur\u00eddico al proceso de Reparaci\u00f3n Colectiva de la COMADRE, consideramos que esta decisi\u00f3n de la UARIV es perjudicial, primero, porque genera inseguridad jur\u00eddica en relaci\u00f3n con las expectativas de un grupo poblacional que tambi\u00e9n ha sido v\u00edctima del conflicto. Segundo, el cuestionamiento sobre la calidad de sujeto \u00e9tnico resulta contrario a lo desarrollado por la Corte Constitucional, ya\u00a0 que es el mismo sujeto colectivo \u00e9tnico el que puede o no reconocerse de esa forma, de acuerdo con unos elementos objetivos y subjetivos.<\/p>\n<p style=\"text-align: justify;\">Seg\u00fan datos del Registro \u00danico de V\u00edctimas, en el \u00faltimo a\u00f1o m\u00e1s de 23.000 mujeres afrodescendientes han sido v\u00edctimas de desplazamiento forzado y por lo menos 133 han perdido la vida en el marco de un conflicto armado que a\u00fan flagela la cotidianidad de las poblaciones\u00a0 afrodescendientes que residen en los m\u00e1rgenes del Pac\u00edfico y Caribe colombiano.<\/p>\n<p style=\"text-align: justify;\">\u201cLos hijos de las mujeres negras son quienes hoy est\u00e1n engrosando las filas de los grupos armados por la falta de oportunidades, dentro de las cifras de desplazamiento forzado gran parte obedece a mujeres negras; las cifras de violencia sexual son alarmantes en mujeres negras, la desaparici\u00f3n forzada es tenebrosa y escalofriante en familiares de mujeres negras, sus hijos, sus compa\u00f1eros\u201d, advierte Luz Marina.<\/p>\n<p style=\"text-align: justify;\">Este 20 de mayo, en el marco de la conmemoraci\u00f3n de los 20 a\u00f1os del establecimiento del D\u00eda de la Afrocolombianidad, La COMADRE realizar\u00e1 un encuentro en el que participar\u00e1n representantes de la Unidad de V\u00edctimas, la Defensor\u00eda del Pueblo y la Direcci\u00f3n de Asuntos para Comunidades Negras, Afrocolombianas, Raizales y Palenqueras del Ministerio del Interior, con el objetivo de discutir los obst\u00e1culos del proceso de reparaci\u00f3n colectiva \u00e9tnica de la organizaci\u00f3n. Adem\u00e1s, se instalar\u00e1 una mesa de di\u00e1logo interinstitucional que propender\u00e1 por construir colectivamente ideas, estrategias y acciones concretas que permitan materializar una respuesta efectiva en clave de sanaci\u00f3n y reparaci\u00f3n colectiva, restaurativa y transformadora con car\u00e1cter \u00e9tnico.<\/p>\n<p style=\"text-align: justify;\">El espacio es un llamado solidario a sumar esfuerzos, voces, voluntades y agendas en favor de la exigibilidad y garant\u00eda de los derechos que hist\u00f3ricamente han sido vulnerados a las mujeres negras afrocolombianas en el marco del conflicto armado interno en Colombia, violaciones que persisten a\u00fan luego de la firma del Acuerdo Final de Paz.<\/p>\n<p style=\"text-align: justify;\"><strong>Investigaci\u00f3n e incidencia <\/strong><\/p>\n<p style=\"text-align: justify;\">Adem\u00e1s de acompa\u00f1ar a mujeres negras v\u00edctimas de desplazamiento y violencia basada en g\u00e9nero, desde el 2007 la COMADRE ha elaborado varios informes sobre vulneraciones de derechos humanos de la poblaci\u00f3n afro y ha trabajado en la promoci\u00f3n de acciones de incidencia que conduzcan a que el Gobierno dise\u00f1e e implemente pol\u00edticas p\u00fablicas y programas que garanticen la reparaci\u00f3n integral de las mujeres afros v\u00edctimas de la guerra con un enfoque \u00e9tnico y de g\u00e9nero.<\/p>\n<p style=\"text-align: justify;\">Varias de sus investigaciones sobre las afectaciones a los derechos de las mujeres, j\u00f3venes y ni\u00f1os afrocolombianos desplazados han sido presentadas a la Corte Constitucional y han contribuido a la expedici\u00f3n de Autos como el 092 de 2008\u200b\u200b y el 005 de 2009 que han ordenado al gobierno dise\u00f1ar 37 programas de protecci\u00f3n de los derechos de las mujeres negras y estrategias que ayuden a superar las brechas hist\u00f3ricas de discriminaci\u00f3n y de pobreza que las atraviesan.<\/p>\n<p style=\"text-align: justify;\">De igual forma, la COMADRE ha presentado informes sobre la situaci\u00f3n actual de las mujeres negras v\u00edctimas del conflicto armado a entidades del Sistema Integral de Verdad, Justicia, Reparaci\u00f3n y no Repetici\u00f3n (SIVJRNR) y a organismos internacionales como el CERD, CEDAW y la CIDH, los cuales incluyen impactos de la pandemia por el COVID-19 en la vida de los pueblos y comunidades negras.<\/p>\n<p style=\"text-align: justify;\">El pasado 21 de abril, la organizaci\u00f3n entreg\u00f3 a la Unidad de B\u00fasqueda de Personas dadas por Desaparecidas \u2013UBPD- el Informe <em>\u2018Solicitud Colectiva de B\u00fasqueda de <\/em>la COMADRE<em>\u2019<\/em>, el cual documenta 130 solicitudes de b\u00fasqueda de personas negras y afrocolombianas dadas por desaparecidas e incluye descripciones narrativas, an\u00e1lisis de contexto, patrones de desaparici\u00f3n y afectaciones desde las perspectivas de g\u00e9nero y enfoque \u00e9tnico-afrocolombiano.<\/p>\n<p style=\"text-align: justify;\">\u201cTodo lo anterior demuestra la violaci\u00f3n sistem\u00e1tica de nuestros derechos humanos, los aportes que hemos hecho desde la COMADRE buscando soluci\u00f3n y la falta de respuesta del estado y las mujeres cada vez m\u00e1s empobrecidas, amenazadas, violentadas\u201d, concluye Luz Marina. Y agrega: \u201cEs por tal situaci\u00f3n que necesitamos avanzar en la solicitud de medidas cautelares para la garant\u00eda y la protecci\u00f3n de nuestros derechos\u201d.<\/p>\n<p style=\"text-align: justify;\">Son veinte a\u00f1os los que completan las mujeres de la COMADRE en su lucha por la reparaci\u00f3n integral por los da\u00f1os y afectaciones causados en el marco del conflicto. La falta de voluntad pol\u00edtica por parte del Estado, aunanda al racismo institucional y la discriminaci\u00f3n racial que padecen al salir desplazadas de sus territorios, solo profundizan esta vergonzosa secuencia de violencias y vulneraciones sistem\u00e1ticas de derechos humanos de las que han sido v\u00edctimas hist\u00f3ricamente las mujeres afrodescendientes.<\/p>\n","protected":false},"excerpt":{"rendered":"<p>Colombia, 20 de mayo del 2022.-La Coordinaci\u00f3n de Mujeres Afrocolombianas Desplazadas en Resistencia (La COMADRE), vinculada a la Asociaci\u00f3n Nacional de Afrocolombianos Desplazados (AFRODES), ha documentado desde el a\u00f1o 2007 [&hellip;]<\/p>\n","protected":false},"author":15,"featured_media":14254,"parent":0,"menu_order":0,"template":"","format":"standard","categories":[1122,1154],"resources_country":[1191],"resources_language":[],"resources_audience":[],"resources_format":[],"resources_topic":[],"resources_year":[],"class_list":["post-14253","resources","type-resources","status-publish","format-standard","has-post-thumbnail","hentry","category-colombia","category-espanol","resources_country-colombia-es"],"acf":[],"aioseo_notices":[],"_links":{"self":[{"href":"https:\/\/raceandequality.org\/es\/wp-json\/wp\/v2\/resources\/14253","targetHints":{"allow":["GET"]}}],"collection":[{"href":"https:\/\/raceandequality.org\/es\/wp-json\/wp\/v2\/resources"}],"about":[{"href":"https:\/\/raceandequality.org\/es\/wp-json\/wp\/v2\/types\/resources"}],"author":[{"embeddable":true,"href":"https:\/\/raceandequality.org\/es\/wp-json\/wp\/v2\/users\/15"}],"wp:featuredmedia":[{"embeddable":true,"href":"https:\/\/raceandequality.org\/es\/wp-json\/wp\/v2\/media\/14254"}],"wp:attachment":[{"href":"https:\/\/raceandequality.org\/es\/wp-json\/wp\/v2\/media?parent=14253"}],"wp:term":[{"taxonomy":"category","embeddable":true,"href":"https:\/\/raceandequality.org\/es\/wp-json\/wp\/v2\/categories?post=14253"},{"taxonomy":"resources_country","embeddable":true,"href":"https:\/\/raceandequality.org\/es\/wp-json\/wp\/v2\/resources_country?post=14253"},{"taxonomy":"resources_language","embeddable":true,"href":"https:\/\/raceandequality.org\/es\/wp-json\/wp\/v2\/resources_language?post=14253"},{"taxonomy":"resources_audience","embeddable":true,"href":"https:\/\/raceandequality.org\/es\/wp-json\/wp\/v2\/resources_audience?post=14253"},{"taxonomy":"resources_format","embeddable":true,"href":"https:\/\/raceandequality.org\/es\/wp-json\/wp\/v2\/resources_format?post=14253"},{"taxonomy":"resources_topic","embeddable":true,"href":"https:\/\/raceandequality.org\/es\/wp-json\/wp\/v2\/resources_topic?post=14253"},{"taxonomy":"resources_year","embeddable":true,"href":"https:\/\/raceandequality.org\/es\/wp-json\/wp\/v2\/resources_year?post=14253"}],"curies":[{"name":"wp","href":"https:\/\/api.w.org\/{rel}","templated":true}]}}

LA COMADRE: 20 años de lucha por la reparación integral de las mujeres afrodescendientes víctimas del conflicto armado en Colombia

<p style="text-align: justify;">Colombia, 20 de mayo del 2022.-La Coordinación de Mujeres Afrocolombianas Desplazadas en Resistencia (La COMADRE), vinculada a la Asociación Nacional de Afrocolombianos Desplazados (AFRODES), ha documentado desde el año 2007 múltiples casos de violencia sexual, reclutamientos forzados, asesinatos, desplazamientos, exilios, amenazas y torturas, así como ataques a las casas y sedes de las lideresas, entre otras vulneraciones que afectan de forma diferencial a las mujeres negras en el país.</p>
<p style="text-align: justify;">“Conmemoramos más de veinte años de lucha y resistencia en la visibilización de todas las problemáticas que hemos enfrentado como mujeres negras en el marco del conflicto armado y en una guerra que no es nuestra y hemos tenido que afrontar”, afirma Luz Marina Becerra Panesso, coordinadora de La COMADRE y ganadora del Premio Nacional a la Defensa de los Derechos Humanos, en la categoría defensora del año (2021).</p>
<p style="text-align: justify;">La historia de Luz Marina y de las otras siete mil mujeres agrupadas bajo el abrigo de La COMADRE se hilvana en una secuencia admirable de esfuerzos por ser reconocidas como sujetas de reparación colectiva étnica por parte de la Unidad de Atención y Reparación Integral a las Víctimas (UARIV), lo que les garantizaría el acceso a un proceso urgente de resarcimiento integral, con enfoque étnico racial, de género y cultural; y contribuiría  a saldar parte de la deuda histórica que tiene el Estado con las mujeres negras.</p>
<p style="text-align: justify;">Pero el camino ha estado plagado de obstáculos. En marzo del 2017, la UARIV reconoció a La COMADRE como sujeta de reparación colectiva étnica, en el marco del Decreto ley 4635 de 2011, que ordena la atención integral a la población afrocolombiana víctima del conflicto armado; sin embargo, un año después, la Entidad expresó su intención de anular esta decisión y continuar el proceso de reparación como organización bajo la ley 1448 de 2011, desconociendo las afectaciones diferenciadas y desproporcionadas del conflicto armado en las mujeres negras de la COMADRE.</p>
<p style="text-align: justify;">Con esta decisión, además de desconocer la senda jurisprudencia en la cual se conceptualiza de manera amplia el concepto de “Sujetos étnicos” por parte de la Corte Constitucional, la UARIV revictimiza y pasa por alto las medidas contempladas en el Decreto ley 4635 de 2011, teniendo en cuenta que existe una resolución de acto administrativo en firme que reconoce la calidad de La COMADRE como sujeto de reparación colectiva étnica.</p>
<p style="text-align: justify;">Desde ILEX Acción Jurídica, CODHES, AFRODES y el Instituto Raza e Igualdad,  organizaciones que realizamos acompañamiento jurídico al proceso de Reparación Colectiva de la COMADRE, consideramos que esta decisión de la UARIV es perjudicial, primero, porque genera inseguridad jurídica en relación con las expectativas de un grupo poblacional que también ha sido víctima del conflicto. Segundo, el cuestionamiento sobre la calidad de sujeto étnico resulta contrario a lo desarrollado por la Corte Constitucional, ya  que es el mismo sujeto colectivo étnico el que puede o no reconocerse de esa forma, de acuerdo con unos elementos objetivos y subjetivos.</p>
<p style="text-align: justify;">Según datos del Registro Único de Víctimas, en el último año más de 23.000 mujeres afrodescendientes han sido víctimas de desplazamiento forzado y por lo menos 133 han perdido la vida en el marco de un conflicto armado que aún flagela la cotidianidad de las poblaciones  afrodescendientes que residen en los márgenes del Pacífico y Caribe colombiano.</p>
<p style="text-align: justify;">“Los hijos de las mujeres negras son quienes hoy están engrosando las filas de los grupos armados por la falta de oportunidades, dentro de las cifras de desplazamiento forzado gran parte obedece a mujeres negras; las cifras de violencia sexual son alarmantes en mujeres negras, la desaparición forzada es tenebrosa y escalofriante en familiares de mujeres negras, sus hijos, sus compañeros”, advierte Luz Marina.</p>
<p style="text-align: justify;">Este 20 de mayo, en el marco de la conmemoración de los 20 años del establecimiento del Día de la Afrocolombianidad, La COMADRE realizará un encuentro en el que participarán representantes de la Unidad de Víctimas, la Defensoría del Pueblo y la Dirección de Asuntos para Comunidades Negras, Afrocolombianas, Raizales y Palenqueras del Ministerio del Interior, con el objetivo de discutir los obstáculos del proceso de reparación colectiva étnica de la organización. Además, se instalará una mesa de diálogo interinstitucional que propenderá por construir colectivamente ideas, estrategias y acciones concretas que permitan materializar una respuesta efectiva en clave de sanación y reparación colectiva, restaurativa y transformadora con carácter étnico.</p>
<p style="text-align: justify;">El espacio es un llamado solidario a sumar esfuerzos, voces, voluntades y agendas en favor de la exigibilidad y garantía de los derechos que históricamente han sido vulnerados a las mujeres negras afrocolombianas en el marco del conflicto armado interno en Colombia, violaciones que persisten aún luego de la firma del Acuerdo Final de Paz.</p>
<p style="text-align: justify;"><strong>Investigación e incidencia </strong></p>
<p style="text-align: justify;">Además de acompañar a mujeres negras víctimas de desplazamiento y violencia basada en género, desde el 2007 la COMADRE ha elaborado varios informes sobre vulneraciones de derechos humanos de la población afro y ha trabajado en la promoción de acciones de incidencia que conduzcan a que el Gobierno diseñe e implemente políticas públicas y programas que garanticen la reparación integral de las mujeres afros víctimas de la guerra con un enfoque étnico y de género.</p>
<p style="text-align: justify;">Varias de sus investigaciones sobre las afectaciones a los derechos de las mujeres, jóvenes y niños afrocolombianos desplazados han sido presentadas a la Corte Constitucional y han contribuido a la expedición de Autos como el 092 de 2008​​ y el 005 de 2009 que han ordenado al gobierno diseñar 37 programas de protección de los derechos de las mujeres negras y estrategias que ayuden a superar las brechas históricas de discriminación y de pobreza que las atraviesan.</p>
<p style="text-align: justify;">De igual forma, la COMADRE ha presentado informes sobre la situación actual de las mujeres negras víctimas del conflicto armado a entidades del Sistema Integral de Verdad, Justicia, Reparación y no Repetición (SIVJRNR) y a organismos internacionales como el CERD, CEDAW y la CIDH, los cuales incluyen impactos de la pandemia por el COVID-19 en la vida de los pueblos y comunidades negras.</p>
<p style="text-align: justify;">El pasado 21 de abril, la organización entregó a la Unidad de Búsqueda de Personas dadas por Desaparecidas –UBPD- el Informe <em>‘Solicitud Colectiva de Búsqueda de </em>la COMADRE<em>’</em>, el cual documenta 130 solicitudes de búsqueda de personas negras y afrocolombianas dadas por desaparecidas e incluye descripciones narrativas, análisis de contexto, patrones de desaparición y afectaciones desde las perspectivas de género y enfoque étnico-afrocolombiano.</p>
<p style="text-align: justify;">“Todo lo anterior demuestra la violación sistemática de nuestros derechos humanos, los aportes que hemos hecho desde la COMADRE buscando solución y la falta de respuesta del estado y las mujeres cada vez más empobrecidas, amenazadas, violentadas”, concluye Luz Marina. Y agrega: “Es por tal situación que necesitamos avanzar en la solicitud de medidas cautelares para la garantía y la protección de nuestros derechos”.</p>
<p style="text-align: justify;">Son veinte años los que completan las mujeres de la COMADRE en su lucha por la reparación integral por los daños y afectaciones causados en el marco del conflicto. La falta de voluntad política por parte del Estado, aunanda al racismo institucional y la discriminación racial que padecen al salir desplazadas de sus territorios, solo profundizan esta vergonzosa secuencia de violencias y vulneraciones sistemáticas de derechos humanos de las que han sido víctimas históricamente las mujeres afrodescendientes.</p>

<p>Colombia, 20 de mayo del 2022.-La Coordinación de Mujeres Afrocolombianas Desplazadas en Resistencia (La COMADRE), vinculada a la Asociación Nacional de Afrocolombianos Desplazados (AFRODES), ha documentado desde el año 2007 [&hellip;]</p>
