{"id":14321,"date":"2022-06-17T15:40:11","date_gmt":"2022-06-17T15:40:11","guid":{"rendered":"http:\/\/race01.wp\/resources\/cuba-organizaciones-exigen-libertad-inmediata-para-los-artistas-luis-manuel-otero-alcantara-y-maykel-castillo-perez\/"},"modified":"2023-05-15T04:43:41","modified_gmt":"2023-05-15T04:43:41","slug":"cuba-organizaciones-exigen-libertad-inmediata-para-los-artistas-luis-manuel-otero-alcantara-y-maykel-castillo-perez","status":"publish","type":"resources","link":"https:\/\/raceandequality.org\/es\/resources\/cuba-organizaciones-exigen-libertad-inmediata-para-los-artistas-luis-manuel-otero-alcantara-y-maykel-castillo-perez\/","title":{"rendered":"Cuba: Organizaciones exigen libertad inmediata para los artistas Luis  Manuel Otero Alc\u00e1ntara y Maykel Castillo P\u00e9rez"},"content":{"rendered":"<p style=\"text-align: justify;\"><strong>Ciudad de M\u00e9xico, 17 de junio de 2022.<\/strong> &#8211; Los d\u00edas 30 y 31 de mayo de 2022 se llevaron a cabo los juicios orales de los artistas cubanos Luis Manuel Otero Alc\u00e1ntara y Maykel Castillo P\u00e9rez (conocido como Maykel Osorbo). Derivado de ello, el Tribunal Municipal de Marianao, radicado en La Habana, dar\u00e1 a conocer en los pr\u00f3ximos d\u00edas la sentencia condenatoria contra los artistas, tambi\u00e9n integrantes del Movimiento San Isidro.<\/p>\n<p style=\"text-align: justify;\"><strong>Las organizaciones de derechos humanos abajo firmantes condenamos en\u00e9rgicamente los cargos por presunto desacato, difamaci\u00f3n y desorden p\u00fablico presentados contra los artistas<\/strong>, bajo los cuales la Fiscal\u00eda de Cuba pretende sentenciar con la pena de siete a\u00f1os de prisi\u00f3n a Otero Alc\u00e1ntara y diez a Castillo P\u00e9rez. Nos solidarizamos con los artistas y <strong>pedimos al Estado cubano que los libere inmediatamente y que cese su interminable campa\u00f1a de intimidaci\u00f3n y persecuci\u00f3n contra estos dos talentosos y valientes artistas y activistas.<\/strong><\/p>\n<p style=\"text-align: justify;\">Un fallo condenatorio sin pruebas en contra de los artistas constituir\u00eda una clara violaci\u00f3n a su ejercicio de libre expresi\u00f3n y confirmar\u00eda la criminalizaci\u00f3n de sus expresiones art\u00edsticas. Luis Manuel es artista visual y fundador del Movimiento San Isidro; recientemente se le entreg\u00f3 el Premio Oxi Al Coraje, que otorga la Fundaci\u00f3n Oxi Day. Por su parte, Maykel Castillo result\u00f3 ganador de dos Grammys por la canci\u00f3n \u201cPatria y vida\u201d, que se convirti\u00f3 en un himno por la libertad y dignidad del pueblo cubano durante las protestas masivas de julio de 2021. Ambos artistas fueron reconocidos como Presos de Conciencia por Amnist\u00eda Internacional y les fue otorgado el Premio a la Libertad por parte de Freedom House.<\/p>\n<p style=\"text-align: justify;\">La expresi\u00f3n art\u00edstica y el activismo de Castillo P\u00e9rez y Otero Alc\u00e1ntara los convirti\u00f3 en objeto de una intensa y escrupulosa vigilancia, que desemboc\u00f3 en sus respectivas detenciones en Pinar del R\u00edo y en la prisi\u00f3n de m\u00e1xima seguridad de Guanajay, donde ambos se encuentran bajo la medida cautelar de prisi\u00f3n provisional desde mayo y julio de 2021 respectivamente.<\/p>\n<p style=\"text-align: justify;\"><strong>Los cargos presentados contra ambos reflejan el desprecio de las autoridades de Cuba por la libertad de expresi\u00f3n art\u00edstica y una alarmante tendencia a las persecuciones, detenciones arbitrarias y acusaciones contra las voces disidentes.<\/strong> En su 92\u00ba per\u00edodo de sesiones, el Grupo de Trabajo de las Naciones Unidas sobre la Detenci\u00f3n Arbitraria determin\u00f3 que Castillo P\u00e9rez hab\u00eda sido detenido arbitrariamente por motivos relacionados \u00fanicamente con su activismo prodemocr\u00e1tico y pidi\u00f3 al gobierno cubano que lo pusiera en libertad.<\/p>\n<p style=\"text-align: justify;\">En 2018, en su informe sobre la situaci\u00f3n de derechos humanos en Cuba, la Comisi\u00f3n Interamericana de Derechos Humanos (CIDH) se pronunci\u00f3 sobre la situaci\u00f3n de hostigamiento que numerosos artistas y periodistas enfrentaban, en el sentido de que son severamente hostigados a fin de impedirles expresar, a trav\u00e9s del arte y la labor informativa, sus preocupaciones sociales y pol\u00edticas, y recomend\u00f3 \u201cadoptar las medidas que sean necesarias para prevenir y erradicar la criminalizaci\u00f3n de quienes ejercen el derecho de libertad de expresi\u00f3n y de asociaci\u00f3n, incluyendo artistas, disidentes pol\u00edticos, defensores y defensoras de derechos humanos, entre otros\u201d.<\/p>\n<p style=\"text-align: justify;\">Por su parte, la Relatora Especial de las Naciones Unidas sobre los derechos culturales, el derecho a la libertad de expresi\u00f3n y creaci\u00f3n art\u00edsticas, Farida Shaheed, afirm\u00f3 en 2013 que \u201cLa expresi\u00f3n art\u00edstica no es un lujo, es una necesidad, un elemento determinante de nuestra humanidad y un derecho humano fundamental que permite a todos desarrollar y expresar su humanidad\u201d.<\/p>\n<p style=\"text-align: justify;\">Ante ello, el Estado cubano debe cumplir con sus compromisos internacionales en materia de derechos humanos, sobre todo los contra\u00eddos por su papel como integrante del Consejo de Derechos Humanos de Naciones Unidas, retirando todos los cargos contra Maykel Castillo P\u00e9rez y Luis Manuel Otero Alc\u00e1ntara, y poni\u00e9ndolos en libertad.<\/p>\n<p style=\"text-align: justify;\">Asimismo, dado que desde el Estado cubano existe una tendencia estigmatizante hacia Otero y Castillo por su perfil cr\u00edtico, exhortamos a las embajadas con presencia en la isla, a la Uni\u00f3n Europea, a los Procedimientos Especiales de la ONU, a la CIDH, y a toda la comunidad internacional a pronunciarse p\u00fablicamente frente a esta clara violaci\u00f3n a los derechos humanos e impulsar por todos los medios posibles la inmediata liberaci\u00f3n de Maikel Castillo P\u00e9rez y Luis Manuel Otero Alc\u00e1ntara. Sus vidas y su libertad dependen de ello.<\/p>\n<p style=\"text-align: justify;\">Firman:<\/p>\n<p style=\"text-align: justify;\">ARTICLE 19.<\/p>\n<p style=\"text-align: justify;\">Artists at Risk Connection (ARC), PEN America.<\/p>\n<p style=\"text-align: justify;\">Asociaci\u00f3n Pro Libertad de Prensa.<\/p>\n<p style=\"text-align: justify;\">CADAL.<\/p>\n<p style=\"text-align: justify;\">Civil Rights Defenders.<\/p>\n<p style=\"text-align: justify;\">Cubalex.<\/p>\n<p style=\"text-align: justify;\">Cultura Democr\u00e1tica.<\/p>\n<p style=\"text-align: justify;\">DemoAmlat.<\/p>\n<p style=\"text-align: justify;\">Diario de Cuba.<\/p>\n<p style=\"text-align: justify;\">Gobierno y An\u00e1lisis Pol\u00edtico AC.<\/p>\n<p style=\"text-align: justify;\">IFEX-ALC.<\/p>\n<p style=\"text-align: justify;\">Instituto de Artivismo Hannah Arendt (INSTAR).<\/p>\n<p style=\"text-align: justify;\">Instituto Internacional sobre Raza, Igualdad y Derechos Humanos.<\/p>\n<p style=\"text-align: justify;\">PEN Cuba en el Exilio.<\/p>\n<p style=\"text-align: justify;\">PEN International.<\/p>\n<p style=\"text-align: justify;\">PROMEDEHUM.<\/p>\n<p style=\"text-align: justify;\">Red en Defensa de los Derechos Humanos (RDDHCuba).<\/p>\n","protected":false},"excerpt":{"rendered":"<p>Ciudad de M\u00e9xico, 17 de junio de 2022. &#8211; Los d\u00edas 30 y 31 de mayo de 2022 se llevaron a cabo los juicios orales de los artistas cubanos Luis [&hellip;]<\/p>\n","protected":false},"author":15,"featured_media":14322,"parent":0,"menu_order":0,"template":"","format":"standard","categories":[1123],"resources_country":[1193],"resources_language":[],"resources_audience":[],"resources_format":[],"resources_topic":[],"resources_year":[],"class_list":["post-14321","resources","type-resources","status-publish","format-standard","has-post-thumbnail","hentry","category-cuba","resources_country-cuba-es"],"acf":[],"aioseo_notices":[],"_links":{"self":[{"href":"https:\/\/raceandequality.org\/es\/wp-json\/wp\/v2\/resources\/14321","targetHints":{"allow":["GET"]}}],"collection":[{"href":"https:\/\/raceandequality.org\/es\/wp-json\/wp\/v2\/resources"}],"about":[{"href":"https:\/\/raceandequality.org\/es\/wp-json\/wp\/v2\/types\/resources"}],"author":[{"embeddable":true,"href":"https:\/\/raceandequality.org\/es\/wp-json\/wp\/v2\/users\/15"}],"wp:featuredmedia":[{"embeddable":true,"href":"https:\/\/raceandequality.org\/es\/wp-json\/wp\/v2\/media\/14322"}],"wp:attachment":[{"href":"https:\/\/raceandequality.org\/es\/wp-json\/wp\/v2\/media?parent=14321"}],"wp:term":[{"taxonomy":"category","embeddable":true,"href":"https:\/\/raceandequality.org\/es\/wp-json\/wp\/v2\/categories?post=14321"},{"taxonomy":"resources_country","embeddable":true,"href":"https:\/\/raceandequality.org\/es\/wp-json\/wp\/v2\/resources_country?post=14321"},{"taxonomy":"resources_language","embeddable":true,"href":"https:\/\/raceandequality.org\/es\/wp-json\/wp\/v2\/resources_language?post=14321"},{"taxonomy":"resources_audience","embeddable":true,"href":"https:\/\/raceandequality.org\/es\/wp-json\/wp\/v2\/resources_audience?post=14321"},{"taxonomy":"resources_format","embeddable":true,"href":"https:\/\/raceandequality.org\/es\/wp-json\/wp\/v2\/resources_format?post=14321"},{"taxonomy":"resources_topic","embeddable":true,"href":"https:\/\/raceandequality.org\/es\/wp-json\/wp\/v2\/resources_topic?post=14321"},{"taxonomy":"resources_year","embeddable":true,"href":"https:\/\/raceandequality.org\/es\/wp-json\/wp\/v2\/resources_year?post=14321"}],"curies":[{"name":"wp","href":"https:\/\/api.w.org\/{rel}","templated":true}]}}

Cuba: Organizaciones exigen libertad inmediata para los artistas Luis  Manuel Otero Alcántara y Maykel Castillo Pérez

<p style="text-align: justify;"><strong>Ciudad de México, 17 de junio de 2022.</strong> &#8211; Los días 30 y 31 de mayo de 2022 se llevaron a cabo los juicios orales de los artistas cubanos Luis Manuel Otero Alcántara y Maykel Castillo Pérez (conocido como Maykel Osorbo). Derivado de ello, el Tribunal Municipal de Marianao, radicado en La Habana, dará a conocer en los próximos días la sentencia condenatoria contra los artistas, también integrantes del Movimiento San Isidro.</p>
<p style="text-align: justify;"><strong>Las organizaciones de derechos humanos abajo firmantes condenamos enérgicamente los cargos por presunto desacato, difamación y desorden público presentados contra los artistas</strong>, bajo los cuales la Fiscalía de Cuba pretende sentenciar con la pena de siete años de prisión a Otero Alcántara y diez a Castillo Pérez. Nos solidarizamos con los artistas y <strong>pedimos al Estado cubano que los libere inmediatamente y que cese su interminable campaña de intimidación y persecución contra estos dos talentosos y valientes artistas y activistas.</strong></p>
<p style="text-align: justify;">Un fallo condenatorio sin pruebas en contra de los artistas constituiría una clara violación a su ejercicio de libre expresión y confirmaría la criminalización de sus expresiones artísticas. Luis Manuel es artista visual y fundador del Movimiento San Isidro; recientemente se le entregó el Premio Oxi Al Coraje, que otorga la Fundación Oxi Day. Por su parte, Maykel Castillo resultó ganador de dos Grammys por la canción “Patria y vida”, que se convirtió en un himno por la libertad y dignidad del pueblo cubano durante las protestas masivas de julio de 2021. Ambos artistas fueron reconocidos como Presos de Conciencia por Amnistía Internacional y les fue otorgado el Premio a la Libertad por parte de Freedom House.</p>
<p style="text-align: justify;">La expresión artística y el activismo de Castillo Pérez y Otero Alcántara los convirtió en objeto de una intensa y escrupulosa vigilancia, que desembocó en sus respectivas detenciones en Pinar del Río y en la prisión de máxima seguridad de Guanajay, donde ambos se encuentran bajo la medida cautelar de prisión provisional desde mayo y julio de 2021 respectivamente.</p>
<p style="text-align: justify;"><strong>Los cargos presentados contra ambos reflejan el desprecio de las autoridades de Cuba por la libertad de expresión artística y una alarmante tendencia a las persecuciones, detenciones arbitrarias y acusaciones contra las voces disidentes.</strong> En su 92º período de sesiones, el Grupo de Trabajo de las Naciones Unidas sobre la Detención Arbitraria determinó que Castillo Pérez había sido detenido arbitrariamente por motivos relacionados únicamente con su activismo prodemocrático y pidió al gobierno cubano que lo pusiera en libertad.</p>
<p style="text-align: justify;">En 2018, en su informe sobre la situación de derechos humanos en Cuba, la Comisión Interamericana de Derechos Humanos (CIDH) se pronunció sobre la situación de hostigamiento que numerosos artistas y periodistas enfrentaban, en el sentido de que son severamente hostigados a fin de impedirles expresar, a través del arte y la labor informativa, sus preocupaciones sociales y políticas, y recomendó “adoptar las medidas que sean necesarias para prevenir y erradicar la criminalización de quienes ejercen el derecho de libertad de expresión y de asociación, incluyendo artistas, disidentes políticos, defensores y defensoras de derechos humanos, entre otros”.</p>
<p style="text-align: justify;">Por su parte, la Relatora Especial de las Naciones Unidas sobre los derechos culturales, el derecho a la libertad de expresión y creación artísticas, Farida Shaheed, afirmó en 2013 que “La expresión artística no es un lujo, es una necesidad, un elemento determinante de nuestra humanidad y un derecho humano fundamental que permite a todos desarrollar y expresar su humanidad”.</p>
<p style="text-align: justify;">Ante ello, el Estado cubano debe cumplir con sus compromisos internacionales en materia de derechos humanos, sobre todo los contraídos por su papel como integrante del Consejo de Derechos Humanos de Naciones Unidas, retirando todos los cargos contra Maykel Castillo Pérez y Luis Manuel Otero Alcántara, y poniéndolos en libertad.</p>
<p style="text-align: justify;">Asimismo, dado que desde el Estado cubano existe una tendencia estigmatizante hacia Otero y Castillo por su perfil crítico, exhortamos a las embajadas con presencia en la isla, a la Unión Europea, a los Procedimientos Especiales de la ONU, a la CIDH, y a toda la comunidad internacional a pronunciarse públicamente frente a esta clara violación a los derechos humanos e impulsar por todos los medios posibles la inmediata liberación de Maikel Castillo Pérez y Luis Manuel Otero Alcántara. Sus vidas y su libertad dependen de ello.</p>
<p style="text-align: justify;">Firman:</p>
<p style="text-align: justify;">ARTICLE 19.</p>
<p style="text-align: justify;">Artists at Risk Connection (ARC), PEN America.</p>
<p style="text-align: justify;">Asociación Pro Libertad de Prensa.</p>
<p style="text-align: justify;">CADAL.</p>
<p style="text-align: justify;">Civil Rights Defenders.</p>
<p style="text-align: justify;">Cubalex.</p>
<p style="text-align: justify;">Cultura Democrática.</p>
<p style="text-align: justify;">DemoAmlat.</p>
<p style="text-align: justify;">Diario de Cuba.</p>
<p style="text-align: justify;">Gobierno y Análisis Político AC.</p>
<p style="text-align: justify;">IFEX-ALC.</p>
<p style="text-align: justify;">Instituto de Artivismo Hannah Arendt (INSTAR).</p>
<p style="text-align: justify;">Instituto Internacional sobre Raza, Igualdad y Derechos Humanos.</p>
<p style="text-align: justify;">PEN Cuba en el Exilio.</p>
<p style="text-align: justify;">PEN International.</p>
<p style="text-align: justify;">PROMEDEHUM.</p>
<p style="text-align: justify;">Red en Defensa de los Derechos Humanos (RDDHCuba).</p>

<p>Ciudad de México, 17 de junio de 2022. &#8211; Los días 30 y 31 de mayo de 2022 se llevaron a cabo los juicios orales de los artistas cubanos Luis [&hellip;]</p>
